{"id":26,"date":"2014-09-18T12:24:32","date_gmt":"2014-09-18T11:24:32","guid":{"rendered":"http:\/\/agora.xtec.cat\/ceip-terranostra\/?page_id=26"},"modified":"2025-09-26T13:06:20","modified_gmt":"2025-09-26T11:06:20","slug":"historia","status":"publish","type":"page","link":"https:\/\/agora.xtec.cat\/ceip-terranostra\/lescola\/historia\/","title":{"rendered":"La nostra escola"},"content":{"rendered":"<h4 class=\"entry-title\">La nostra escola<\/h4>\n<div class=\"entry-content\">\n<p>L\u2019Escola Terra Nostra \u00e9s una escola p\u00fablica depenent del Departament d\u2019Ensenyament on es pot cursar els nivells d\u2019Educaci\u00f3 Infantil i Prim\u00e0ria.<\/p>\n<p>\u00c9s una escola c\u00edclica, \u00e9s a dir,\u00a0 a la majoria d\u2019aules hi conviuen dos cursos. Val a dir que,\u00a0 l\u2019organitzaci\u00f3 de l\u00b4escola, permet que es treballin determinades \u00e0rees en agrupaments redu\u00efts d\u2019alumnes.<\/p>\n<p>L\u2019edifici escolar es va inaugurar l\u00b4any 2008 i disposa d\u00b4amplis espais:<\/p>\n<p>Aules per les diferents especialitats, \u00e0mplies zones d\u00b4esbarjo, sala polivalent, biblioteca, hort, cuina i menjador.<\/p>\n<p>L\u2019escola disposa d\u00b4una plantilla de mestres for\u00e7a estable que inclou les diferents especialitats.<\/p>\n<p><a href=\"https:\/\/agora.xtec.cat\/ceip-terranostra\/wp-content\/uploads\/usu1202\/2025\/09\/img5.jpg\"><img loading=\"lazy\" decoding=\"async\" class=\"size-full wp-image-25750 aligncenter\" src=\"https:\/\/agora.xtec.cat\/ceip-terranostra\/wp-content\/uploads\/usu1202\/2025\/09\/img5.jpg\" alt=\"\" width=\"160\" height=\"113\" \/><\/a><\/p>\n<table style=\"width: 12px; height: 59px;\">\n<tbody>\n<tr style=\"height: 33px;\">\n<td style=\"width: 19.5px; height: 33px;\"><\/td>\n<\/tr>\n<tr style=\"height: 26px;\">\n<td style=\"font-family: arial, sans-serif; font-size: 11px; text-align: right; width: 19.5px; height: 26px;\"><\/td>\n<\/tr>\n<\/tbody>\n<\/table>\n<\/div>\n","protected":false},"excerpt":{"rendered":"<p>La nostra escola L\u2019Escola Terra Nostra \u00e9s una escola p\u00fablica depenent del Departament d\u2019Ensenyament on es pot cursar els nivells d\u2019Educaci\u00f3 Infantil i Prim\u00e0ria. \u00c9s una escola c\u00edclica, \u00e9s a dir,\u00a0 a la majoria d\u2019aules hi conviuen dos cursos. Val a dir que,\u00a0 l\u2019organitzaci\u00f3 de l\u00b4escola, permet que es treballin determinades \u00e0rees en agrupaments redu\u00efts [&hellip;]<\/p>\n","protected":false},"author":1,"featured_media":0,"parent":22,"menu_order":2,"comment_status":"closed","ping_status":"closed","template":"","meta":{"_bbp_topic_count":0,"_bbp_reply_count":0,"_bbp_total_topic_count":0,"_bbp_total_reply_count":0,"_bbp_voice_count":0,"_bbp_anonymous_reply_count":0,"_bbp_topic_count_hidden":0,"_bbp_reply_count_hidden":0,"_bbp_forum_subforum_count":0,"site-sidebar-layout":"default","site-content-layout":"","ast-site-content-layout":"default","site-content-style":"default","site-sidebar-style":"default","ast-global-header-display":"","ast-banner-title-visibility":"","ast-main-header-display":"","ast-hfb-above-header-display":"","ast-hfb-below-header-display":"","ast-hfb-mobile-header-display":"","site-post-title":"","ast-breadcrumbs-content":"","ast-featured-img":"","footer-sml-layout":"","theme-transparent-header-meta":"default","adv-header-id-meta":"","stick-header-meta":"","header-above-stick-meta":"","header-main-stick-meta":"","header-below-stick-meta":"","astra-migrate-meta-layouts":"set","ast-page-background-enabled":"default","ast-page-background-meta":{"desktop":{"background-color":"var(--ast-global-color-4)","background-image":"","background-repeat":"repeat","background-position":"center center","background-size":"auto","background-attachment":"scroll","background-type":"","background-media":"","overlay-type":"","overlay-color":"","overlay-opacity":"","overlay-gradient":""},"tablet":{"background-color":"","background-image":"","background-repeat":"repeat","background-position":"center center","background-size":"auto","background-attachment":"scroll","background-type":"","background-media":"","overlay-type":"","overlay-color":"","overlay-opacity":"","overlay-gradient":""},"mobile":{"background-color":"","background-image":"","background-repeat":"repeat","background-position":"center center","background-size":"auto","background-attachment":"scroll","background-type":"","background-media":"","overlay-type":"","overlay-color":"","overlay-opacity":"","overlay-gradient":""}},"ast-content-background-meta":{"desktop":{"background-color":"var(--ast-global-color-5)","background-image":"","background-repeat":"repeat","background-position":"center center","background-size":"auto","background-attachment":"scroll","background-type":"","background-media":"","overlay-type":"","overlay-color":"","overlay-opacity":"","overlay-gradient":""},"tablet":{"background-color":"var(--ast-global-color-5)","background-image":"","background-repeat":"repeat","background-position":"center center","background-size":"auto","background-attachment":"scroll","background-type":"","background-media":"","overlay-type":"","overlay-color":"","overlay-opacity":"","overlay-gradient":""},"mobile":{"background-color":"var(--ast-global-color-5)","background-image":"","background-repeat":"repeat","background-position":"center center","background-size":"auto","background-attachment":"scroll","background-type":"","background-media":"","overlay-type":"","overlay-color":"","overlay-opacity":"","overlay-gradient":""}},"footnotes":""},"class_list":["post-26","page","type-page","status-publish","hentry"],"post_mailing_queue_ids":[],"_links":{"self":[{"href":"https:\/\/agora.xtec.cat\/ceip-terranostra\/wp-json\/wp\/v2\/pages\/26","targetHints":{"allow":["GET"]}}],"collection":[{"href":"https:\/\/agora.xtec.cat\/ceip-terranostra\/wp-json\/wp\/v2\/pages"}],"about":[{"href":"https:\/\/agora.xtec.cat\/ceip-terranostra\/wp-json\/wp\/v2\/types\/page"}],"author":[{"embeddable":true,"href":"https:\/\/agora.xtec.cat\/ceip-terranostra\/wp-json\/wp\/v2\/users\/1"}],"replies":[{"embeddable":true,"href":"https:\/\/agora.xtec.cat\/ceip-terranostra\/wp-json\/wp\/v2\/comments?post=26"}],"version-history":[{"count":5,"href":"https:\/\/agora.xtec.cat\/ceip-terranostra\/wp-json\/wp\/v2\/pages\/26\/revisions"}],"predecessor-version":[{"id":25754,"href":"https:\/\/agora.xtec.cat\/ceip-terranostra\/wp-json\/wp\/v2\/pages\/26\/revisions\/25754"}],"up":[{"embeddable":true,"href":"https:\/\/agora.xtec.cat\/ceip-terranostra\/wp-json\/wp\/v2\/pages\/22"}],"wp:attachment":[{"href":"https:\/\/agora.xtec.cat\/ceip-terranostra\/wp-json\/wp\/v2\/media?parent=26"}],"curies":[{"name":"wp","href":"https:\/\/api.w.org\/{rel}","templated":true}]}}