{"id":961,"date":"2017-03-09T19:51:48","date_gmt":"2017-03-09T18:51:48","guid":{"rendered":"http:\/\/agora.xtec.cat\/ceip-taquigraf-garriga\/?page_id=961"},"modified":"2026-04-08T09:30:43","modified_gmt":"2026-04-08T07:30:43","slug":"menjador","status":"publish","type":"page","link":"https:\/\/agora.xtec.cat\/ceip-taquigraf-garriga\/serveis\/menjador\/","title":{"rendered":"Menjador"},"content":{"rendered":"\n<div class=\"wp-block-columns is-layout-flex wp-container-core-columns-is-layout-1 wp-block-columns-is-layout-flex\">\n<div class=\"wp-block-column is-layout-flow wp-block-column-is-layout-flow\">\n<p>*<strong>El centre est\u00e0 en disposici\u00f3 d&#8217;oferir men\u00fas especials per malalties cr\u00f2niques del sistema digestiu, endocr\u00ed o metab\u00f2lic.<\/strong><\/p>\n\n\n\n<ul class=\"wp-block-list\">\n<li>Men\u00fa basal.<\/li>\n\n\n\n<li>Men\u00fa cel\u00edac.<\/li>\n\n\n\n<li>Men\u00fa intoler\u00e0ncia a la lactosa.<\/li>\n\n\n\n<li>Men\u00fa PLV.<\/li>\n\n\n\n<li>Men\u00fa sense carn.<\/li>\n\n\n\n<li>Men\u00fa sense ou.<\/li>\n\n\n\n<li>Men\u00fa sense porc.<\/li>\n\n\n\n<li>Men\u00fa sense fruits secs.<\/li>\n\n\n\n<li>Propostes de sopars.<\/li>\n<\/ul>\n\n\n\n<p>El servei de menjador de l&#8217;escola \u00e9s gestionat pel mateix centre. Actualment, l&#8217;empresa que ofereix el servei, fins a finals de 2025, \u00e9s <b>CAMPOS ESTELA<\/b>.<\/p>\n\n\n\n<h4 class=\"wp-block-heading\">Caracter\u00edstiques del servei<\/h4>\n\n\n\n<ul class=\"wp-block-list\">\n<li>Horari: de 12.25 h a 14.55 h.<\/li>\n\n\n\n<li>\u00c0rees d&#8217;actuaci\u00f3:\n<ul class=\"wp-block-list\">\n<li>\u00c0rea de diet\u00e8tica i nutrici\u00f3.<\/li>\n\n\n\n<li>\u00c0rea de socialitzaci\u00f3.<\/li>\n\n\n\n<li>\u00c0rea de lleure i oci.<\/li>\n<\/ul>\n<\/li>\n\n\n\n<li>Cuina pr\u00f2pia amb men\u00fas molt variats. Men\u00fas supervisats per nutricionistes.<\/li>\n\n\n\n<li>Preu fix: 6,85 \u20ac.<\/li>\n\n\n\n<li>Preu espor\u00e0dic: 7,55 \u20ac.<\/li>\n<\/ul>\n<\/div>\n\n\n\n<div class=\"wp-block-column is-layout-flow wp-block-column-is-layout-flow\">\n<p><iframe loading=\"lazy\" src=\"https:\/\/drive.google.com\/file\/d\/1zioRquJWRF_Jc8hatpWeQE4vffFBAtqQ\/preview\" width=\"1024\" height=\"768\"><\/iframe><\/p>\n<\/div>\n<\/div>\n","protected":false},"excerpt":{"rendered":"<p>*El centre est\u00e0 en disposici\u00f3 d&#8217;oferir men\u00fas especials per malalties cr\u00f2niques del sistema digestiu, endocr\u00ed o metab\u00f2lic. El servei de menjador de l&#8217;escola \u00e9s gestionat pel mateix centre. Actualment, l&#8217;empresa que ofereix el servei, fins a finals de 2025, \u00e9s CAMPOS ESTELA. Caracter\u00edstiques del servei<\/p>\n","protected":false},"author":4,"featured_media":16597,"parent":66,"menu_order":2,"comment_status":"closed","ping_status":"closed","template":"","meta":{"_bbp_topic_count":0,"_bbp_reply_count":0,"_bbp_total_topic_count":0,"_bbp_total_reply_count":0,"_bbp_voice_count":0,"_bbp_anonymous_reply_count":0,"_bbp_topic_count_hidden":0,"_bbp_reply_count_hidden":0,"_bbp_forum_subforum_count":0,"site-sidebar-layout":"default","site-content-layout":"","ast-site-content-layout":"default","site-content-style":"default","site-sidebar-style":"default","ast-global-header-display":"","ast-banner-title-visibility":"","ast-main-header-display":"","ast-hfb-above-header-display":"","ast-hfb-below-header-display":"","ast-hfb-mobile-header-display":"","site-post-title":"","ast-breadcrumbs-content":"","ast-featured-img":"","footer-sml-layout":"","theme-transparent-header-meta":"","adv-header-id-meta":"","stick-header-meta":"","header-above-stick-meta":"","header-main-stick-meta":"","header-below-stick-meta":"","astra-migrate-meta-layouts":"set","ast-page-background-enabled":"default","ast-page-background-meta":{"desktop":{"background-color":"var(--ast-global-color-4)","background-image":"","background-repeat":"repeat","background-position":"center center","background-size":"auto","background-attachment":"scroll","background-type":"","background-media":"","overlay-type":"","overlay-color":"","overlay-opacity":"","overlay-gradient":""},"tablet":{"background-color":"","background-image":"","background-repeat":"repeat","background-position":"center center","background-size":"auto","background-attachment":"scroll","background-type":"","background-media":"","overlay-type":"","overlay-color":"","overlay-opacity":"","overlay-gradient":""},"mobile":{"background-color":"","background-image":"","background-repeat":"repeat","background-position":"center center","background-size":"auto","background-attachment":"scroll","background-type":"","background-media":"","overlay-type":"","overlay-color":"","overlay-opacity":"","overlay-gradient":""}},"ast-content-background-meta":{"desktop":{"background-color":"var(--ast-global-color-5)","background-image":"","background-repeat":"repeat","background-position":"center center","background-size":"auto","background-attachment":"scroll","background-type":"","background-media":"","overlay-type":"","overlay-color":"","overlay-opacity":"","overlay-gradient":""},"tablet":{"background-color":"var(--ast-global-color-5)","background-image":"","background-repeat":"repeat","background-position":"center center","background-size":"auto","background-attachment":"scroll","background-type":"","background-media":"","overlay-type":"","overlay-color":"","overlay-opacity":"","overlay-gradient":""},"mobile":{"background-color":"var(--ast-global-color-5)","background-image":"","background-repeat":"repeat","background-position":"center center","background-size":"auto","background-attachment":"scroll","background-type":"","background-media":"","overlay-type":"","overlay-color":"","overlay-opacity":"","overlay-gradient":""}},"footnotes":""},"class_list":["post-961","page","type-page","status-publish","has-post-thumbnail","hentry"],"post_mailing_queue_ids":[],"_links":{"self":[{"href":"https:\/\/agora.xtec.cat\/ceip-taquigraf-garriga\/wp-json\/wp\/v2\/pages\/961","targetHints":{"allow":["GET"]}}],"collection":[{"href":"https:\/\/agora.xtec.cat\/ceip-taquigraf-garriga\/wp-json\/wp\/v2\/pages"}],"about":[{"href":"https:\/\/agora.xtec.cat\/ceip-taquigraf-garriga\/wp-json\/wp\/v2\/types\/page"}],"author":[{"embeddable":true,"href":"https:\/\/agora.xtec.cat\/ceip-taquigraf-garriga\/wp-json\/wp\/v2\/users\/4"}],"replies":[{"embeddable":true,"href":"https:\/\/agora.xtec.cat\/ceip-taquigraf-garriga\/wp-json\/wp\/v2\/comments?post=961"}],"version-history":[{"count":6,"href":"https:\/\/agora.xtec.cat\/ceip-taquigraf-garriga\/wp-json\/wp\/v2\/pages\/961\/revisions"}],"predecessor-version":[{"id":16676,"href":"https:\/\/agora.xtec.cat\/ceip-taquigraf-garriga\/wp-json\/wp\/v2\/pages\/961\/revisions\/16676"}],"up":[{"embeddable":true,"href":"https:\/\/agora.xtec.cat\/ceip-taquigraf-garriga\/wp-json\/wp\/v2\/pages\/66"}],"wp:featuredmedia":[{"embeddable":true,"href":"https:\/\/agora.xtec.cat\/ceip-taquigraf-garriga\/wp-json\/wp\/v2\/media\/16597"}],"wp:attachment":[{"href":"https:\/\/agora.xtec.cat\/ceip-taquigraf-garriga\/wp-json\/wp\/v2\/media?parent=961"}],"curies":[{"name":"wp","href":"https:\/\/api.w.org\/{rel}","templated":true}]}}