{"id":208,"date":"2016-08-30T16:17:22","date_gmt":"2016-08-30T15:17:22","guid":{"rendered":"http:\/\/agora.xtec.cat\/ceip-taquigraf-garriga\/?page_id=208"},"modified":"2025-08-01T08:44:32","modified_gmt":"2025-08-01T06:44:32","slug":"tarda-en-familia","status":"publish","type":"page","link":"https:\/\/agora.xtec.cat\/ceip-taquigraf-garriga\/projecte-educatiu\/tarda-en-familia\/","title":{"rendered":"Tarda en Fam\u00edlia"},"content":{"rendered":"<p>Aquest projecte de Tardes en fam\u00edlia es porta a terme a l&#8217;Educaci\u00f3 Infantil des del curs 2011-2012, el qual es va comen\u00e7ar a introduir a I3.<\/p>\n<p>En aquestes sessions les fam\u00edlies estan convidades a preparar una activitat que hauran de portar a l&#8217;aula amb l&#8217;ajuda dels seus fills i filles:<\/p>\n<p><a href=\"http:\/\/agora.xtec.cat\/ceip-taquigraf-garriga\/wp-content\/uploads\/usu853\/2016\/08\/IMG_20161214_155521.jpg\"><img loading=\"lazy\" decoding=\"async\" class=\"size-medium wp-image-973 alignleft\" src=\"http:\/\/agora.xtec.cat\/ceip-taquigraf-garriga\/wp-content\/uploads\/usu853\/2016\/08\/IMG_20161214_155521-300x225.jpg\" alt=\"img_20161214_155521\" width=\"300\" height=\"225\" srcset=\"https:\/\/agora.xtec.cat\/ceip-taquigraf-garriga\/wp-content\/uploads\/usu853\/2016\/08\/IMG_20161214_155521-300x225.jpg 300w, https:\/\/agora.xtec.cat\/ceip-taquigraf-garriga\/wp-content\/uploads\/usu853\/2016\/08\/IMG_20161214_155521-768x576.jpg 768w, https:\/\/agora.xtec.cat\/ceip-taquigraf-garriga\/wp-content\/uploads\/usu853\/2016\/08\/IMG_20161214_155521-1024x768.jpg 1024w, https:\/\/agora.xtec.cat\/ceip-taquigraf-garriga\/wp-content\/uploads\/usu853\/2016\/08\/IMG_20161214_155521-200x150.jpg 200w\" sizes=\"auto, (max-width: 300px) 100vw, 300px\" \/><\/a><\/p>\n<ul>\n<li>A I3 les fam\u00edlies es preparen una activitat, generalment de pl\u00e0stica, la qual porten a l&#8217;aula perqu\u00e8 la facin tots els infants.<\/li>\n<li>A I4: la fam\u00edlia assisteix a la classe per explicar la seva ocupaci\u00f3 o feina.<\/li>\n<li>A I5 les fam\u00edlies es preparen un conte que explicaran a la classe amb l&#8217;ajuda del seu fill o filla.<\/li>\n<\/ul>\n<p>&nbsp;<\/p>\n","protected":false},"excerpt":{"rendered":"<p>Aquest projecte de Tardes en fam\u00edlia es porta a terme a l&#8217;Educaci\u00f3 Infantil des del curs 2011-2012, el qual es va comen\u00e7ar a introduir a I3. En aquestes sessions les fam\u00edlies estan convidades a preparar una activitat que hauran de portar a l&#8217;aula amb l&#8217;ajuda dels seus fills i filles: A I3 les fam\u00edlies es [&hellip;]<\/p>\n","protected":false},"author":3,"featured_media":0,"parent":64,"menu_order":70,"comment_status":"closed","ping_status":"closed","template":"","meta":{"_bbp_topic_count":0,"_bbp_reply_count":0,"_bbp_total_topic_count":0,"_bbp_total_reply_count":0,"_bbp_voice_count":0,"_bbp_anonymous_reply_count":0,"_bbp_topic_count_hidden":0,"_bbp_reply_count_hidden":0,"_bbp_forum_subforum_count":0,"site-sidebar-layout":"default","site-content-layout":"","ast-site-content-layout":"","site-content-style":"default","site-sidebar-style":"default","ast-global-header-display":"","ast-banner-title-visibility":"","ast-main-header-display":"","ast-hfb-above-header-display":"","ast-hfb-below-header-display":"","ast-hfb-mobile-header-display":"","site-post-title":"","ast-breadcrumbs-content":"","ast-featured-img":"","footer-sml-layout":"","theme-transparent-header-meta":"","adv-header-id-meta":"","stick-header-meta":"","header-above-stick-meta":"","header-main-stick-meta":"","header-below-stick-meta":"","astra-migrate-meta-layouts":"default","ast-page-background-enabled":"default","ast-page-background-meta":{"desktop":{"background-color":"var(--ast-global-color-4)","background-image":"","background-repeat":"repeat","background-position":"center center","background-size":"auto","background-attachment":"scroll","background-type":"","background-media":"","overlay-type":"","overlay-color":"","overlay-opacity":"","overlay-gradient":""},"tablet":{"background-color":"","background-image":"","background-repeat":"repeat","background-position":"center center","background-size":"auto","background-attachment":"scroll","background-type":"","background-media":"","overlay-type":"","overlay-color":"","overlay-opacity":"","overlay-gradient":""},"mobile":{"background-color":"","background-image":"","background-repeat":"repeat","background-position":"center center","background-size":"auto","background-attachment":"scroll","background-type":"","background-media":"","overlay-type":"","overlay-color":"","overlay-opacity":"","overlay-gradient":""}},"ast-content-background-meta":{"desktop":{"background-color":"var(--ast-global-color-5)","background-image":"","background-repeat":"repeat","background-position":"center center","background-size":"auto","background-attachment":"scroll","background-type":"","background-media":"","overlay-type":"","overlay-color":"","overlay-opacity":"","overlay-gradient":""},"tablet":{"background-color":"var(--ast-global-color-5)","background-image":"","background-repeat":"repeat","background-position":"center center","background-size":"auto","background-attachment":"scroll","background-type":"","background-media":"","overlay-type":"","overlay-color":"","overlay-opacity":"","overlay-gradient":""},"mobile":{"background-color":"var(--ast-global-color-5)","background-image":"","background-repeat":"repeat","background-position":"center center","background-size":"auto","background-attachment":"scroll","background-type":"","background-media":"","overlay-type":"","overlay-color":"","overlay-opacity":"","overlay-gradient":""}},"footnotes":""},"class_list":["post-208","page","type-page","status-publish","hentry"],"post_mailing_queue_ids":[],"_links":{"self":[{"href":"https:\/\/agora.xtec.cat\/ceip-taquigraf-garriga\/wp-json\/wp\/v2\/pages\/208","targetHints":{"allow":["GET"]}}],"collection":[{"href":"https:\/\/agora.xtec.cat\/ceip-taquigraf-garriga\/wp-json\/wp\/v2\/pages"}],"about":[{"href":"https:\/\/agora.xtec.cat\/ceip-taquigraf-garriga\/wp-json\/wp\/v2\/types\/page"}],"author":[{"embeddable":true,"href":"https:\/\/agora.xtec.cat\/ceip-taquigraf-garriga\/wp-json\/wp\/v2\/users\/3"}],"replies":[{"embeddable":true,"href":"https:\/\/agora.xtec.cat\/ceip-taquigraf-garriga\/wp-json\/wp\/v2\/comments?post=208"}],"version-history":[{"count":5,"href":"https:\/\/agora.xtec.cat\/ceip-taquigraf-garriga\/wp-json\/wp\/v2\/pages\/208\/revisions"}],"predecessor-version":[{"id":15499,"href":"https:\/\/agora.xtec.cat\/ceip-taquigraf-garriga\/wp-json\/wp\/v2\/pages\/208\/revisions\/15499"}],"up":[{"embeddable":true,"href":"https:\/\/agora.xtec.cat\/ceip-taquigraf-garriga\/wp-json\/wp\/v2\/pages\/64"}],"wp:attachment":[{"href":"https:\/\/agora.xtec.cat\/ceip-taquigraf-garriga\/wp-json\/wp\/v2\/media?parent=208"}],"curies":[{"name":"wp","href":"https:\/\/api.w.org\/{rel}","templated":true}]}}

Tarda en Família

<p>Aquest projecte de Tardes en família es porta a terme a l&#8217;Educació Infantil des del curs 2011-2012, el qual es va començar a introduir a I3.</p>
<p>En aquestes sessions les famílies estan convidades a preparar una activitat que hauran de portar a l&#8217;aula amb l&#8217;ajuda dels seus fills i filles:</p>
<p><a href="http://agora.xtec.cat/ceip-taquigraf-garriga/wp-content/uploads/usu853/2016/08/IMG_20161214_155521.jpg"><img loading="lazy" decoding="async" class="size-medium wp-image-973 alignleft" src="http://agora.xtec.cat/ceip-taquigraf-garriga/wp-content/uploads/usu853/2016/08/IMG_20161214_155521-300x225.jpg" alt="img_20161214_155521" width="300" height="225" srcset="https://agora.xtec.cat/ceip-taquigraf-garriga/wp-content/uploads/usu853/2016/08/IMG_20161214_155521-300x225.jpg 300w, https://agora.xtec.cat/ceip-taquigraf-garriga/wp-content/uploads/usu853/2016/08/IMG_20161214_155521-768x576.jpg 768w, https://agora.xtec.cat/ceip-taquigraf-garriga/wp-content/uploads/usu853/2016/08/IMG_20161214_155521-1024x768.jpg 1024w, https://agora.xtec.cat/ceip-taquigraf-garriga/wp-content/uploads/usu853/2016/08/IMG_20161214_155521-200x150.jpg 200w" sizes="auto, (max-width: 300px) 100vw, 300px" /></a></p>
<ul>
<li>A I3 les famílies es preparen una activitat, generalment de plàstica, la qual porten a l&#8217;aula perquè la facin tots els infants.</li>
<li>A I4: la família assisteix a la classe per explicar la seva ocupació o feina.</li>
<li>A I5 les famílies es preparen un conte que explicaran a la classe amb l&#8217;ajuda del seu fill o filla.</li>
</ul>
<p>&nbsp;</p>

<p>Aquest projecte de Tardes en família es porta a terme a l&#8217;Educació Infantil des del curs 2011-2012, el qual es va començar a introduir a I3. En aquestes sessions les famílies estan convidades a preparar una activitat que hauran de portar a l&#8217;aula amb l&#8217;ajuda dels seus fills i filles: A I3 les famílies es [&hellip;]</p>
