{"id":14880,"date":"2022-09-09T07:25:06","date_gmt":"2022-09-09T05:25:06","guid":{"rendered":"https:\/\/agora.xtec.cat\/ceip-taquigraf-garriga\/?page_id=14880"},"modified":"2025-08-01T08:47:03","modified_gmt":"2025-08-01T06:47:03","slug":"proa","status":"publish","type":"page","link":"https:\/\/agora.xtec.cat\/ceip-taquigraf-garriga\/projecte-educatiu\/proa\/","title":{"rendered":"PROA +"},"content":{"rendered":"<p>El <a href=\"https:\/\/www.educacionyfp.gob.es\/mc\/sgctie\/cooperacion-territorial\/programas-cooperacion\/proa.html\" target=\"_blank\" rel=\"noopener\">Pla PROA<\/a> (Plan de Refuerzo, Orientaci\u00f3n y Apoyo) est\u00e0 destinat als centres d\u2019Educaci\u00f3 Prim\u00e0ria i Secund\u00e0ria, est\u00e0 ent\u00e8s com un Programa de Cooperaci\u00f3 Territorial entre el Ministerio de Educaci\u00f3n y Formaci\u00f3n Profesional y les Comunitats Aut\u00f2nomes.<\/p>\n<p>La nostra escola ha entrat en aquest programa per al per\u00edode 2021-2024.<\/p>\n<p>La seva finalitat \u00e9s recolzar als centres educatius que atenen a un n\u00famero elevat d\u2019alumnat en situaci\u00f3 de desavantatge socioeducativa, aquest suport ha de permetre millorar la qualitat educativa i els resultats escolars gr\u00e0cies a programes i actuacions a realitzar en les escoles i instituts que estan acollits a aquest pla. Aquests programes i actuacions es podran dur a terme amb l\u2019ajut econ\u00f2mic que l\u2019escola rep del <a href=\"https:\/\/www.educacionyfp.gob.es\/mc\/sgctie\/cooperacion-territorial\/programas-cooperacion\/proa.html\" target=\"_blank\" rel=\"noopener\">programa PROA+<\/a>.<\/p>\n<p><a href=\"https:\/\/agora.xtec.cat\/ceip-taquigraf-garriga\/wp-content\/uploads\/usu853\/2022\/09\/Proa-.jpg\"><img loading=\"lazy\" decoding=\"async\" class=\"alignnone size-full wp-image-14885\" src=\"https:\/\/agora.xtec.cat\/ceip-taquigraf-garriga\/wp-content\/uploads\/usu853\/2022\/09\/Proa-.jpg\" alt=\"\" width=\"782\" height=\"519\" srcset=\"https:\/\/agora.xtec.cat\/ceip-taquigraf-garriga\/wp-content\/uploads\/usu853\/2022\/09\/Proa-.jpg 782w, https:\/\/agora.xtec.cat\/ceip-taquigraf-garriga\/wp-content\/uploads\/usu853\/2022\/09\/Proa--300x199.jpg 300w, https:\/\/agora.xtec.cat\/ceip-taquigraf-garriga\/wp-content\/uploads\/usu853\/2022\/09\/Proa--768x510.jpg 768w\" sizes=\"auto, (max-width: 782px) 100vw, 782px\" \/><\/a><\/p>\n","protected":false},"excerpt":{"rendered":"<p>El Pla PROA (Plan de Refuerzo, Orientaci\u00f3n y Apoyo) est\u00e0 destinat als centres d\u2019Educaci\u00f3 Prim\u00e0ria i Secund\u00e0ria, est\u00e0 ent\u00e8s com un Programa de Cooperaci\u00f3 Territorial entre el Ministerio de Educaci\u00f3n y Formaci\u00f3n Profesional y les Comunitats Aut\u00f2nomes. La nostra escola ha entrat en aquest programa per al per\u00edode 2021-2024. La seva finalitat \u00e9s recolzar als [&hellip;]<\/p>\n","protected":false},"author":3,"featured_media":0,"parent":64,"menu_order":50,"comment_status":"closed","ping_status":"closed","template":"","meta":{"_bbp_topic_count":0,"_bbp_reply_count":0,"_bbp_total_topic_count":0,"_bbp_total_reply_count":0,"_bbp_voice_count":0,"_bbp_anonymous_reply_count":0,"_bbp_topic_count_hidden":0,"_bbp_reply_count_hidden":0,"_bbp_forum_subforum_count":0,"site-sidebar-layout":"default","site-content-layout":"","ast-site-content-layout":"","site-content-style":"default","site-sidebar-style":"default","ast-global-header-display":"","ast-banner-title-visibility":"","ast-main-header-display":"","ast-hfb-above-header-display":"","ast-hfb-below-header-display":"","ast-hfb-mobile-header-display":"","site-post-title":"","ast-breadcrumbs-content":"","ast-featured-img":"","footer-sml-layout":"","theme-transparent-header-meta":"","adv-header-id-meta":"","stick-header-meta":"","header-above-stick-meta":"","header-main-stick-meta":"","header-below-stick-meta":"","astra-migrate-meta-layouts":"default","ast-page-background-enabled":"default","ast-page-background-meta":{"desktop":{"background-color":"var(--ast-global-color-4)","background-image":"","background-repeat":"repeat","background-position":"center center","background-size":"auto","background-attachment":"scroll","background-type":"","background-media":"","overlay-type":"","overlay-color":"","overlay-opacity":"","overlay-gradient":""},"tablet":{"background-color":"","background-image":"","background-repeat":"repeat","background-position":"center center","background-size":"auto","background-attachment":"scroll","background-type":"","background-media":"","overlay-type":"","overlay-color":"","overlay-opacity":"","overlay-gradient":""},"mobile":{"background-color":"","background-image":"","background-repeat":"repeat","background-position":"center center","background-size":"auto","background-attachment":"scroll","background-type":"","background-media":"","overlay-type":"","overlay-color":"","overlay-opacity":"","overlay-gradient":""}},"ast-content-background-meta":{"desktop":{"background-color":"var(--ast-global-color-5)","background-image":"","background-repeat":"repeat","background-position":"center center","background-size":"auto","background-attachment":"scroll","background-type":"","background-media":"","overlay-type":"","overlay-color":"","overlay-opacity":"","overlay-gradient":""},"tablet":{"background-color":"var(--ast-global-color-5)","background-image":"","background-repeat":"repeat","background-position":"center center","background-size":"auto","background-attachment":"scroll","background-type":"","background-media":"","overlay-type":"","overlay-color":"","overlay-opacity":"","overlay-gradient":""},"mobile":{"background-color":"var(--ast-global-color-5)","background-image":"","background-repeat":"repeat","background-position":"center center","background-size":"auto","background-attachment":"scroll","background-type":"","background-media":"","overlay-type":"","overlay-color":"","overlay-opacity":"","overlay-gradient":""}},"footnotes":""},"class_list":["post-14880","page","type-page","status-publish","hentry"],"post_mailing_queue_ids":[],"_links":{"self":[{"href":"https:\/\/agora.xtec.cat\/ceip-taquigraf-garriga\/wp-json\/wp\/v2\/pages\/14880","targetHints":{"allow":["GET"]}}],"collection":[{"href":"https:\/\/agora.xtec.cat\/ceip-taquigraf-garriga\/wp-json\/wp\/v2\/pages"}],"about":[{"href":"https:\/\/agora.xtec.cat\/ceip-taquigraf-garriga\/wp-json\/wp\/v2\/types\/page"}],"author":[{"embeddable":true,"href":"https:\/\/agora.xtec.cat\/ceip-taquigraf-garriga\/wp-json\/wp\/v2\/users\/3"}],"replies":[{"embeddable":true,"href":"https:\/\/agora.xtec.cat\/ceip-taquigraf-garriga\/wp-json\/wp\/v2\/comments?post=14880"}],"version-history":[{"count":2,"href":"https:\/\/agora.xtec.cat\/ceip-taquigraf-garriga\/wp-json\/wp\/v2\/pages\/14880\/revisions"}],"predecessor-version":[{"id":14886,"href":"https:\/\/agora.xtec.cat\/ceip-taquigraf-garriga\/wp-json\/wp\/v2\/pages\/14880\/revisions\/14886"}],"up":[{"embeddable":true,"href":"https:\/\/agora.xtec.cat\/ceip-taquigraf-garriga\/wp-json\/wp\/v2\/pages\/64"}],"wp:attachment":[{"href":"https:\/\/agora.xtec.cat\/ceip-taquigraf-garriga\/wp-json\/wp\/v2\/media?parent=14880"}],"curies":[{"name":"wp","href":"https:\/\/api.w.org\/{rel}","templated":true}]}}

<p>El <a href="https://www.educacionyfp.gob.es/mc/sgctie/cooperacion-territorial/programas-cooperacion/proa.html" target="_blank" rel="noopener">Pla PROA</a> (Plan de Refuerzo, Orientación y Apoyo) està destinat als centres d’Educació Primària i Secundària, està entès com un Programa de Cooperació Territorial entre el Ministerio de Educación y Formación Profesional y les Comunitats Autònomes.</p>
<p>La nostra escola ha entrat en aquest programa per al període 2021-2024.</p>
<p>La seva finalitat és recolzar als centres educatius que atenen a un número elevat d’alumnat en situació de desavantatge socioeducativa, aquest suport ha de permetre millorar la qualitat educativa i els resultats escolars gràcies a programes i actuacions a realitzar en les escoles i instituts que estan acollits a aquest pla. Aquests programes i actuacions es podran dur a terme amb l’ajut econòmic que l’escola rep del <a href="https://www.educacionyfp.gob.es/mc/sgctie/cooperacion-territorial/programas-cooperacion/proa.html" target="_blank" rel="noopener">programa PROA+</a>.</p>
<p><a href="https://agora.xtec.cat/ceip-taquigraf-garriga/wp-content/uploads/usu853/2022/09/Proa-.jpg"><img loading="lazy" decoding="async" class="alignnone size-full wp-image-14885" src="https://agora.xtec.cat/ceip-taquigraf-garriga/wp-content/uploads/usu853/2022/09/Proa-.jpg" alt="" width="782" height="519" srcset="https://agora.xtec.cat/ceip-taquigraf-garriga/wp-content/uploads/usu853/2022/09/Proa-.jpg 782w, https://agora.xtec.cat/ceip-taquigraf-garriga/wp-content/uploads/usu853/2022/09/Proa--300x199.jpg 300w, https://agora.xtec.cat/ceip-taquigraf-garriga/wp-content/uploads/usu853/2022/09/Proa--768x510.jpg 768w" sizes="auto, (max-width: 782px) 100vw, 782px" /></a></p>

<p>El Pla PROA (Plan de Refuerzo, Orientación y Apoyo) està destinat als centres d’Educació Primària i Secundària, està entès com un Programa de Cooperació Territorial entre el Ministerio de Educación y Formación Profesional y les Comunitats Autònomes. La nostra escola ha entrat en aquest programa per al període 2021-2024. La seva finalitat és recolzar als [&hellip;]</p>
