{"id":1011,"date":"2017-03-14T21:42:39","date_gmt":"2017-03-14T20:42:39","guid":{"rendered":"http:\/\/agora.xtec.cat\/ceip-taquigraf-garriga\/?page_id=1011"},"modified":"2026-02-07T16:35:44","modified_gmt":"2026-02-07T15:35:44","slug":"apadrinaments","status":"publish","type":"page","link":"https:\/\/agora.xtec.cat\/ceip-taquigraf-garriga\/projecte-educatiu\/apadrinaments\/","title":{"rendered":"Grups d&#8217;amigues i d&#8217;amics"},"content":{"rendered":"\n<p>A la nostra escola, entenem que l\u2019aprenentatge va molt m\u00e9s enll\u00e0 de les parets de l\u2019aula i els continguts curriculars; es construeix, sobretot, a trav\u00e9s de les relacions humanes. Els <strong>Grups d\u2019Amigues i Amics<\/strong> s\u00f3n el cor de la nostra conviv\u00e8ncia, una iniciativa de cohesi\u00f3 que uneix alumnes des d\u2019I3 fins a 6\u00e8 de prim\u00e0ria en un projecte com\u00fa. Ens trobem per celebrar les fites que marquen el calendari escolar, com la Castanyada, la Setmana Cultural o la Mona, transformant l&#8217;escola en un espai de celebraci\u00f3 compartida a trav\u00e9s d&#8217;activitats l\u00fadiques, tallers creatius i din\u00e0miques festives que trenquen les barreres dels cursos tradicionals.<\/p>\n\n\n\n<figure class=\"wp-block-image size-large\"><a href=\"https:\/\/agora.xtec.cat\/ceip-taquigraf-garriga\/wp-content\/uploads\/usu853\/2026\/02\/IMG_7587.jpg\"><img loading=\"lazy\" decoding=\"async\" width=\"1024\" height=\"768\" src=\"https:\/\/agora.xtec.cat\/ceip-taquigraf-garriga\/wp-content\/uploads\/usu853\/2026\/02\/IMG_7587-1024x768.jpg\" alt=\"\" class=\"wp-image-16550\" srcset=\"https:\/\/agora.xtec.cat\/ceip-taquigraf-garriga\/wp-content\/uploads\/usu853\/2026\/02\/IMG_7587-1024x768.jpg 1024w, https:\/\/agora.xtec.cat\/ceip-taquigraf-garriga\/wp-content\/uploads\/usu853\/2026\/02\/IMG_7587-300x225.jpg 300w, https:\/\/agora.xtec.cat\/ceip-taquigraf-garriga\/wp-content\/uploads\/usu853\/2026\/02\/IMG_7587-768x576.jpg 768w, https:\/\/agora.xtec.cat\/ceip-taquigraf-garriga\/wp-content\/uploads\/usu853\/2026\/02\/IMG_7587.jpg 1262w\" sizes=\"auto, (max-width: 1024px) 100vw, 1024px\" \/><\/a><\/figure>\n\n\n\n<p>L\u2019organitzaci\u00f3 d\u2019aquests grups est\u00e0 pensada per fomentar la interacci\u00f3 real i el suport mutu. Cada grup est\u00e0 format per <strong>5 o 6 alumnes de diferents edats<\/strong>, creant petites comunitats on els infants es retroben durant tota la seva etapa escolar. Aquestes agrupacions es divideixen de la seg\u00fcent manera per tal d&#8217;assegurar un equilibri entre els cicles:<\/p>\n\n\n\n<ul class=\"wp-block-list\">\n<li><strong>Grup A:<\/strong> Alumnat d&#8217;I3, 1r i 4t de prim\u00e0ria.<\/li>\n\n\n\n<li><strong>Grup B:<\/strong> Alumnat d&#8217;I4, 2n i 5\u00e8 de prim\u00e0ria.<\/li>\n\n\n\n<li><strong>Grup C:<\/strong> Alumnat d&#8217;I5, 3r i 6\u00e8 de prim\u00e0ria.<\/li>\n<\/ul>\n\n\n\n<figure class=\"wp-block-gallery has-nested-images columns-default is-cropped wp-block-gallery-1 is-layout-flex wp-block-gallery-is-layout-flex\">\n<figure class=\"wp-block-image size-large\"><a href=\"https:\/\/agora.xtec.cat\/ceip-taquigraf-garriga\/wp-content\/uploads\/usu853\/2026\/02\/20250124_105511.jpg\"><img loading=\"lazy\" decoding=\"async\" width=\"1024\" height=\"576\" data-id=\"16552\" src=\"https:\/\/agora.xtec.cat\/ceip-taquigraf-garriga\/wp-content\/uploads\/usu853\/2026\/02\/20250124_105511-1024x576.jpg\" alt=\"\" class=\"wp-image-16552\" srcset=\"https:\/\/agora.xtec.cat\/ceip-taquigraf-garriga\/wp-content\/uploads\/usu853\/2026\/02\/20250124_105511-1024x576.jpg 1024w, https:\/\/agora.xtec.cat\/ceip-taquigraf-garriga\/wp-content\/uploads\/usu853\/2026\/02\/20250124_105511-300x169.jpg 300w, https:\/\/agora.xtec.cat\/ceip-taquigraf-garriga\/wp-content\/uploads\/usu853\/2026\/02\/20250124_105511-768x432.jpg 768w, https:\/\/agora.xtec.cat\/ceip-taquigraf-garriga\/wp-content\/uploads\/usu853\/2026\/02\/20250124_105511-1536x864.jpg 1536w, https:\/\/agora.xtec.cat\/ceip-taquigraf-garriga\/wp-content\/uploads\/usu853\/2026\/02\/20250124_105511.jpg 1683w\" sizes=\"auto, (max-width: 1024px) 100vw, 1024px\" \/><\/a><\/figure>\n\n\n\n<figure class=\"wp-block-image size-large\"><a href=\"https:\/\/agora.xtec.cat\/ceip-taquigraf-garriga\/wp-content\/uploads\/usu853\/2026\/02\/IMG_4560.jpg\"><img loading=\"lazy\" decoding=\"async\" width=\"1024\" height=\"768\" data-id=\"16551\" src=\"https:\/\/agora.xtec.cat\/ceip-taquigraf-garriga\/wp-content\/uploads\/usu853\/2026\/02\/IMG_4560-1024x768.jpg\" alt=\"\" class=\"wp-image-16551\" srcset=\"https:\/\/agora.xtec.cat\/ceip-taquigraf-garriga\/wp-content\/uploads\/usu853\/2026\/02\/IMG_4560-1024x768.jpg 1024w, https:\/\/agora.xtec.cat\/ceip-taquigraf-garriga\/wp-content\/uploads\/usu853\/2026\/02\/IMG_4560-300x225.jpg 300w, https:\/\/agora.xtec.cat\/ceip-taquigraf-garriga\/wp-content\/uploads\/usu853\/2026\/02\/IMG_4560-768x576.jpg 768w, https:\/\/agora.xtec.cat\/ceip-taquigraf-garriga\/wp-content\/uploads\/usu853\/2026\/02\/IMG_4560.jpg 1262w\" sizes=\"auto, (max-width: 1024px) 100vw, 1024px\" \/><\/a><\/figure>\n<\/figure>\n\n\n\n<p>M\u00e9s enll\u00e0 de la diversi\u00f3, aquesta estructura aporta beneficis educatius de gran valor. L&#8217;<strong>aprenentatge entre iguals<\/strong> \u00e9s el motor principal, per\u00f2 el projecte tamb\u00e9 cultiva l&#8217;empatia, la responsabilitat i el sentit de la cura. Els alumnes m\u00e9s grans assumeixen rols de guiatge i lideratge positiu, mentre que els m\u00e9s petits guanyen seguretat i referents propers. Aquesta interacci\u00f3 vertical millora les habilitats comunicatives, ajuda a la resoluci\u00f3 pac\u00edfica de conflictes i fomenta la paci\u00e8ncia, ja que cada infant ha d&#8217;adaptar el seu ritme i llenguatge al dels seus companys de grup.<\/p>\n\n\n\n<figure class=\"wp-block-image size-large\"><a href=\"https:\/\/agora.xtec.cat\/ceip-taquigraf-garriga\/wp-content\/uploads\/usu853\/2026\/02\/IMG_5081.jpeg\"><img loading=\"lazy\" decoding=\"async\" width=\"1024\" height=\"768\" src=\"https:\/\/agora.xtec.cat\/ceip-taquigraf-garriga\/wp-content\/uploads\/usu853\/2026\/02\/IMG_5081-1024x768.jpeg\" alt=\"\" class=\"wp-image-16553\" srcset=\"https:\/\/agora.xtec.cat\/ceip-taquigraf-garriga\/wp-content\/uploads\/usu853\/2026\/02\/IMG_5081-1024x768.jpeg 1024w, https:\/\/agora.xtec.cat\/ceip-taquigraf-garriga\/wp-content\/uploads\/usu853\/2026\/02\/IMG_5081-300x225.jpeg 300w, https:\/\/agora.xtec.cat\/ceip-taquigraf-garriga\/wp-content\/uploads\/usu853\/2026\/02\/IMG_5081-768x576.jpeg 768w, https:\/\/agora.xtec.cat\/ceip-taquigraf-garriga\/wp-content\/uploads\/usu853\/2026\/02\/IMG_5081.jpeg 1262w\" sizes=\"auto, (max-width: 1024px) 100vw, 1024px\" \/><\/a><\/figure>\n\n\n\n<p>En definitiva, els Grups d\u2019Amics i Amigues s\u00f3n la millor eina per enfortir el <strong>sentiment de pertinen\u00e7a<\/strong> a la comunitat educativa. En desdibuixar les l\u00ednies entre nivells, aconseguim que tots els nens i nenes se sentin reconeguts i estimats per tota l&#8217;escola, no nom\u00e9s pels seus companys de classe. El resultat \u00e9s un clima escolar m\u00e9s amable i segur, on la diversitat d\u2019edats esdev\u00e9 una riquesa que ens ajuda a cr\u00e9ixer com a persones i com a col\u00b7lectiu, fent que cada festa i cada esdeveniment especial deixi una empremta inesborrable en el seu record.<\/p>\n\n\n\n<figure class=\"wp-block-image size-large\"><a href=\"https:\/\/agora.xtec.cat\/ceip-taquigraf-garriga\/wp-content\/uploads\/usu853\/2026\/02\/IMG_20240322_101625.jpg\"><img loading=\"lazy\" decoding=\"async\" width=\"1024\" height=\"576\" src=\"https:\/\/agora.xtec.cat\/ceip-taquigraf-garriga\/wp-content\/uploads\/usu853\/2026\/02\/IMG_20240322_101625-1024x576.jpg\" alt=\"\" class=\"wp-image-16557\" srcset=\"https:\/\/agora.xtec.cat\/ceip-taquigraf-garriga\/wp-content\/uploads\/usu853\/2026\/02\/IMG_20240322_101625-1024x576.jpg 1024w, https:\/\/agora.xtec.cat\/ceip-taquigraf-garriga\/wp-content\/uploads\/usu853\/2026\/02\/IMG_20240322_101625-300x169.jpg 300w, https:\/\/agora.xtec.cat\/ceip-taquigraf-garriga\/wp-content\/uploads\/usu853\/2026\/02\/IMG_20240322_101625-768x432.jpg 768w, https:\/\/agora.xtec.cat\/ceip-taquigraf-garriga\/wp-content\/uploads\/usu853\/2026\/02\/IMG_20240322_101625-1536x864.jpg 1536w, https:\/\/agora.xtec.cat\/ceip-taquigraf-garriga\/wp-content\/uploads\/usu853\/2026\/02\/IMG_20240322_101625.jpg 1683w\" sizes=\"auto, (max-width: 1024px) 100vw, 1024px\" \/><\/a><\/figure>\n","protected":false},"excerpt":{"rendered":"<p>A la nostra escola, entenem que l\u2019aprenentatge va molt m\u00e9s enll\u00e0 de les parets de l\u2019aula i els continguts curriculars; es construeix, sobretot, a trav\u00e9s de les relacions humanes. Els Grups d\u2019Amigues i Amics s\u00f3n el cor de la nostra conviv\u00e8ncia, una iniciativa de cohesi\u00f3 que uneix alumnes des d\u2019I3 fins a 6\u00e8 de prim\u00e0ria [&hellip;]<\/p>\n","protected":false},"author":4,"featured_media":0,"parent":64,"menu_order":60,"comment_status":"closed","ping_status":"closed","template":"","meta":{"_bbp_topic_count":0,"_bbp_reply_count":0,"_bbp_total_topic_count":0,"_bbp_total_reply_count":0,"_bbp_voice_count":0,"_bbp_anonymous_reply_count":0,"_bbp_topic_count_hidden":0,"_bbp_reply_count_hidden":0,"_bbp_forum_subforum_count":0,"site-sidebar-layout":"default","site-content-layout":"","ast-site-content-layout":"default","site-content-style":"default","site-sidebar-style":"default","ast-global-header-display":"","ast-banner-title-visibility":"","ast-main-header-display":"","ast-hfb-above-header-display":"","ast-hfb-below-header-display":"","ast-hfb-mobile-header-display":"","site-post-title":"","ast-breadcrumbs-content":"","ast-featured-img":"","footer-sml-layout":"","theme-transparent-header-meta":"","adv-header-id-meta":"","stick-header-meta":"","header-above-stick-meta":"","header-main-stick-meta":"","header-below-stick-meta":"","astra-migrate-meta-layouts":"set","ast-page-background-enabled":"default","ast-page-background-meta":{"desktop":{"background-color":"var(--ast-global-color-4)","background-image":"","background-repeat":"repeat","background-position":"center center","background-size":"auto","background-attachment":"scroll","background-type":"","background-media":"","overlay-type":"","overlay-color":"","overlay-opacity":"","overlay-gradient":""},"tablet":{"background-color":"","background-image":"","background-repeat":"repeat","background-position":"center center","background-size":"auto","background-attachment":"scroll","background-type":"","background-media":"","overlay-type":"","overlay-color":"","overlay-opacity":"","overlay-gradient":""},"mobile":{"background-color":"","background-image":"","background-repeat":"repeat","background-position":"center center","background-size":"auto","background-attachment":"scroll","background-type":"","background-media":"","overlay-type":"","overlay-color":"","overlay-opacity":"","overlay-gradient":""}},"ast-content-background-meta":{"desktop":{"background-color":"var(--ast-global-color-5)","background-image":"","background-repeat":"repeat","background-position":"center center","background-size":"auto","background-attachment":"scroll","background-type":"","background-media":"","overlay-type":"","overlay-color":"","overlay-opacity":"","overlay-gradient":""},"tablet":{"background-color":"var(--ast-global-color-5)","background-image":"","background-repeat":"repeat","background-position":"center center","background-size":"auto","background-attachment":"scroll","background-type":"","background-media":"","overlay-type":"","overlay-color":"","overlay-opacity":"","overlay-gradient":""},"mobile":{"background-color":"var(--ast-global-color-5)","background-image":"","background-repeat":"repeat","background-position":"center center","background-size":"auto","background-attachment":"scroll","background-type":"","background-media":"","overlay-type":"","overlay-color":"","overlay-opacity":"","overlay-gradient":""}},"footnotes":""},"class_list":["post-1011","page","type-page","status-publish","hentry"],"post_mailing_queue_ids":[],"_links":{"self":[{"href":"https:\/\/agora.xtec.cat\/ceip-taquigraf-garriga\/wp-json\/wp\/v2\/pages\/1011","targetHints":{"allow":["GET"]}}],"collection":[{"href":"https:\/\/agora.xtec.cat\/ceip-taquigraf-garriga\/wp-json\/wp\/v2\/pages"}],"about":[{"href":"https:\/\/agora.xtec.cat\/ceip-taquigraf-garriga\/wp-json\/wp\/v2\/types\/page"}],"author":[{"embeddable":true,"href":"https:\/\/agora.xtec.cat\/ceip-taquigraf-garriga\/wp-json\/wp\/v2\/users\/4"}],"replies":[{"embeddable":true,"href":"https:\/\/agora.xtec.cat\/ceip-taquigraf-garriga\/wp-json\/wp\/v2\/comments?post=1011"}],"version-history":[{"count":5,"href":"https:\/\/agora.xtec.cat\/ceip-taquigraf-garriga\/wp-json\/wp\/v2\/pages\/1011\/revisions"}],"predecessor-version":[{"id":16558,"href":"https:\/\/agora.xtec.cat\/ceip-taquigraf-garriga\/wp-json\/wp\/v2\/pages\/1011\/revisions\/16558"}],"up":[{"embeddable":true,"href":"https:\/\/agora.xtec.cat\/ceip-taquigraf-garriga\/wp-json\/wp\/v2\/pages\/64"}],"wp:attachment":[{"href":"https:\/\/agora.xtec.cat\/ceip-taquigraf-garriga\/wp-json\/wp\/v2\/media?parent=1011"}],"curies":[{"name":"wp","href":"https:\/\/api.w.org\/{rel}","templated":true}]}}

<p>A la nostra escola, entenem que l’aprenentatge va molt més enllà de les parets de l’aula i els continguts curriculars; es construeix, sobretot, a través de les relacions humanes. Els <strong>Grups d’Amigues i Amics</strong> són el cor de la nostra convivència, una iniciativa de cohesió que uneix alumnes des d’I3 fins a 6è de primària en un projecte comú. Ens trobem per celebrar les fites que marquen el calendari escolar, com la Castanyada, la Setmana Cultural o la Mona, transformant l&#8217;escola en un espai de celebració compartida a través d&#8217;activitats lúdiques, tallers creatius i dinàmiques festives que trenquen les barreres dels cursos tradicionals.</p>



<figure class="wp-block-image size-large"><a href="https://agora.xtec.cat/ceip-taquigraf-garriga/wp-content/uploads/usu853/2026/02/IMG_7587.jpg"><img loading="lazy" decoding="async" width="1024" height="768" src="https://agora.xtec.cat/ceip-taquigraf-garriga/wp-content/uploads/usu853/2026/02/IMG_7587-1024x768.jpg" alt="" class="wp-image-16550" srcset="https://agora.xtec.cat/ceip-taquigraf-garriga/wp-content/uploads/usu853/2026/02/IMG_7587-1024x768.jpg 1024w, https://agora.xtec.cat/ceip-taquigraf-garriga/wp-content/uploads/usu853/2026/02/IMG_7587-300x225.jpg 300w, https://agora.xtec.cat/ceip-taquigraf-garriga/wp-content/uploads/usu853/2026/02/IMG_7587-768x576.jpg 768w, https://agora.xtec.cat/ceip-taquigraf-garriga/wp-content/uploads/usu853/2026/02/IMG_7587.jpg 1262w" sizes="auto, (max-width: 1024px) 100vw, 1024px" /></a></figure>



<p>L’organització d’aquests grups està pensada per fomentar la interacció real i el suport mutu. Cada grup està format per <strong>5 o 6 alumnes de diferents edats</strong>, creant petites comunitats on els infants es retroben durant tota la seva etapa escolar. Aquestes agrupacions es divideixen de la següent manera per tal d&#8217;assegurar un equilibri entre els cicles:</p>



<ul class="wp-block-list">
<li><strong>Grup A:</strong> Alumnat d&#8217;I3, 1r i 4t de primària.</li>



<li><strong>Grup B:</strong> Alumnat d&#8217;I4, 2n i 5è de primària.</li>



<li><strong>Grup C:</strong> Alumnat d&#8217;I5, 3r i 6è de primària.</li>
</ul>



<figure class="wp-block-gallery has-nested-images columns-default is-cropped wp-block-gallery-1 is-layout-flex wp-block-gallery-is-layout-flex">
<figure class="wp-block-image size-large"><a href="https://agora.xtec.cat/ceip-taquigraf-garriga/wp-content/uploads/usu853/2026/02/20250124_105511.jpg"><img loading="lazy" decoding="async" width="1024" height="576" data-id="16552" src="https://agora.xtec.cat/ceip-taquigraf-garriga/wp-content/uploads/usu853/2026/02/20250124_105511-1024x576.jpg" alt="" class="wp-image-16552" srcset="https://agora.xtec.cat/ceip-taquigraf-garriga/wp-content/uploads/usu853/2026/02/20250124_105511-1024x576.jpg 1024w, https://agora.xtec.cat/ceip-taquigraf-garriga/wp-content/uploads/usu853/2026/02/20250124_105511-300x169.jpg 300w, https://agora.xtec.cat/ceip-taquigraf-garriga/wp-content/uploads/usu853/2026/02/20250124_105511-768x432.jpg 768w, https://agora.xtec.cat/ceip-taquigraf-garriga/wp-content/uploads/usu853/2026/02/20250124_105511-1536x864.jpg 1536w, https://agora.xtec.cat/ceip-taquigraf-garriga/wp-content/uploads/usu853/2026/02/20250124_105511.jpg 1683w" sizes="auto, (max-width: 1024px) 100vw, 1024px" /></a></figure>



<figure class="wp-block-image size-large"><a href="https://agora.xtec.cat/ceip-taquigraf-garriga/wp-content/uploads/usu853/2026/02/IMG_4560.jpg"><img loading="lazy" decoding="async" width="1024" height="768" data-id="16551" src="https://agora.xtec.cat/ceip-taquigraf-garriga/wp-content/uploads/usu853/2026/02/IMG_4560-1024x768.jpg" alt="" class="wp-image-16551" srcset="https://agora.xtec.cat/ceip-taquigraf-garriga/wp-content/uploads/usu853/2026/02/IMG_4560-1024x768.jpg 1024w, https://agora.xtec.cat/ceip-taquigraf-garriga/wp-content/uploads/usu853/2026/02/IMG_4560-300x225.jpg 300w, https://agora.xtec.cat/ceip-taquigraf-garriga/wp-content/uploads/usu853/2026/02/IMG_4560-768x576.jpg 768w, https://agora.xtec.cat/ceip-taquigraf-garriga/wp-content/uploads/usu853/2026/02/IMG_4560.jpg 1262w" sizes="auto, (max-width: 1024px) 100vw, 1024px" /></a></figure>
</figure>



<p>Més enllà de la diversió, aquesta estructura aporta beneficis educatius de gran valor. L&#8217;<strong>aprenentatge entre iguals</strong> és el motor principal, però el projecte també cultiva l&#8217;empatia, la responsabilitat i el sentit de la cura. Els alumnes més grans assumeixen rols de guiatge i lideratge positiu, mentre que els més petits guanyen seguretat i referents propers. Aquesta interacció vertical millora les habilitats comunicatives, ajuda a la resolució pacífica de conflictes i fomenta la paciència, ja que cada infant ha d&#8217;adaptar el seu ritme i llenguatge al dels seus companys de grup.</p>



<figure class="wp-block-image size-large"><a href="https://agora.xtec.cat/ceip-taquigraf-garriga/wp-content/uploads/usu853/2026/02/IMG_5081.jpeg"><img loading="lazy" decoding="async" width="1024" height="768" src="https://agora.xtec.cat/ceip-taquigraf-garriga/wp-content/uploads/usu853/2026/02/IMG_5081-1024x768.jpeg" alt="" class="wp-image-16553" srcset="https://agora.xtec.cat/ceip-taquigraf-garriga/wp-content/uploads/usu853/2026/02/IMG_5081-1024x768.jpeg 1024w, https://agora.xtec.cat/ceip-taquigraf-garriga/wp-content/uploads/usu853/2026/02/IMG_5081-300x225.jpeg 300w, https://agora.xtec.cat/ceip-taquigraf-garriga/wp-content/uploads/usu853/2026/02/IMG_5081-768x576.jpeg 768w, https://agora.xtec.cat/ceip-taquigraf-garriga/wp-content/uploads/usu853/2026/02/IMG_5081.jpeg 1262w" sizes="auto, (max-width: 1024px) 100vw, 1024px" /></a></figure>



<p>En definitiva, els Grups d’Amics i Amigues són la millor eina per enfortir el <strong>sentiment de pertinença</strong> a la comunitat educativa. En desdibuixar les línies entre nivells, aconseguim que tots els nens i nenes se sentin reconeguts i estimats per tota l&#8217;escola, no només pels seus companys de classe. El resultat és un clima escolar més amable i segur, on la diversitat d’edats esdevé una riquesa que ens ajuda a créixer com a persones i com a col·lectiu, fent que cada festa i cada esdeveniment especial deixi una empremta inesborrable en el seu record.</p>



<figure class="wp-block-image size-large"><a href="https://agora.xtec.cat/ceip-taquigraf-garriga/wp-content/uploads/usu853/2026/02/IMG_20240322_101625.jpg"><img loading="lazy" decoding="async" width="1024" height="576" src="https://agora.xtec.cat/ceip-taquigraf-garriga/wp-content/uploads/usu853/2026/02/IMG_20240322_101625-1024x576.jpg" alt="" class="wp-image-16557" srcset="https://agora.xtec.cat/ceip-taquigraf-garriga/wp-content/uploads/usu853/2026/02/IMG_20240322_101625-1024x576.jpg 1024w, https://agora.xtec.cat/ceip-taquigraf-garriga/wp-content/uploads/usu853/2026/02/IMG_20240322_101625-300x169.jpg 300w, https://agora.xtec.cat/ceip-taquigraf-garriga/wp-content/uploads/usu853/2026/02/IMG_20240322_101625-768x432.jpg 768w, https://agora.xtec.cat/ceip-taquigraf-garriga/wp-content/uploads/usu853/2026/02/IMG_20240322_101625-1536x864.jpg 1536w, https://agora.xtec.cat/ceip-taquigraf-garriga/wp-content/uploads/usu853/2026/02/IMG_20240322_101625.jpg 1683w" sizes="auto, (max-width: 1024px) 100vw, 1024px" /></a></figure>

<p>A la nostra escola, entenem que l’aprenentatge va molt més enllà de les parets de l’aula i els continguts curriculars; es construeix, sobretot, a través de les relacions humanes. Els Grups d’Amigues i Amics són el cor de la nostra convivència, una iniciativa de cohesió que uneix alumnes des d’I3 fins a 6è de primària [&hellip;]</p>
