{"id":38,"date":"2014-09-18T12:34:08","date_gmt":"2014-09-18T11:34:08","guid":{"rendered":"http:\/\/agora.xtec.cat\/ceip-sudanell\/?page_id=38"},"modified":"2024-09-08T01:24:05","modified_gmt":"2024-09-07T23:24:05","slug":"salut","status":"publish","type":"page","link":"https:\/\/agora.xtec.cat\/ceip-sudanell\/lescola\/salut\/","title":{"rendered":"Autoritzacions de centre"},"content":{"rendered":"<p>Aquestes s\u00f3n les diferents autoritzacions de centre, les tres primeres les trobareu a l&#8217;App de l&#8217;escola.<\/p>\n<p><a href=\"http:\/\/agora.xtec.cat\/ceip-sudanell\/wp-content\/uploads\/usu1353\/2014\/09\/administracio\u0301-paracetamol.pdf\">Administracio paracetamol<\/a><\/p>\n<p><a href=\"http:\/\/agora.xtec.cat\/ceip-sudanell\/wp-content\/uploads\/usu1353\/2014\/09\/model-recollida-alumnes.pdf\">Model recollida alumnes<\/a><\/p>\n<p><a href=\"http:\/\/agora.xtec.cat\/ceip-sudanell\/wp-content\/uploads\/usu1353\/2014\/09\/model-sortidespoble-Sud.pdf\">Sortides pel poble<\/a><\/p>\n<p>&nbsp;<\/p>\n<p><strong>L&#8217;autoritzaci\u00f3 d&#8217;administraci\u00f3 de medicament \u00e9s l&#8217;\u00fanica que heu de lliurar a &#8216;escola en format paper juntament amb la recepta.<\/strong><\/p>\n<p><a href=\"http:\/\/agora.xtec.cat\/ceip-sudanell\/wp-content\/uploads\/usu1353\/2014\/09\/Administracio\u0301-medicament.pdf\">Administracio medicament<\/a><\/p>\n","protected":false},"excerpt":{"rendered":"<p>Aquestes s\u00f3n les diferents autoritzacions de centre, les tres primeres les trobareu a l&#8217;App de l&#8217;escola.<br \/>\n<a href=\"http:\/\/agora.xtec.cat\/ceip-sudanell\/wp-content\/uploads\/usu1353\/2014\/09\/administracio\u0301-paracetamol.pdf\">Administracio paracetamol<\/a><br \/>\n<a href=\"http:\/\/agora.xtec.cat\/ceip-sudanell\/wp-content\/uploads\/usu1353\/2014\/09\/model-recollida-alumnes.pdf\">Model recollida alumnes<\/a><br \/>\n<a href=\"http:\/\/agora.xtec.cat\/ceip-sudanell\/wp-content\/uploads\/usu1353\/2014\/09\/model-sortidespoble-Sud.pdf\">Sortides pel poble<\/a><br \/>\n&nbsp;<br \/>\nL&#8217;autoritzaci\u00f3 d&#8217;administraci\u00f3 de medicament \u00e9s l&#8217;\u00fanica que heu de lliurar a &#8216;escola en format paper juntament amb la recepta.<br \/>\n<a href=\"http:\/\/agora.xtec.cat\/ceip-sudanell\/wp-content\/uploads\/usu1353\/2014\/09\/Administracio\u0301-medicament.pdf\">Administracio medicament<\/a><\/p>\n","protected":false},"author":1,"featured_media":0,"parent":22,"menu_order":80,"comment_status":"closed","ping_status":"closed","template":"page-templates\/side-menu.php","meta":{"_bbp_topic_count":0,"_bbp_reply_count":0,"_bbp_total_topic_count":0,"_bbp_total_reply_count":0,"_bbp_voice_count":0,"_bbp_anonymous_reply_count":0,"_bbp_topic_count_hidden":0,"_bbp_reply_count_hidden":0,"_bbp_forum_subforum_count":0,"footnotes":""},"class_list":["post-38","page","type-page","status-publish","hentry"],"post_mailing_queue_ids":[],"_links":{"self":[{"href":"https:\/\/agora.xtec.cat\/ceip-sudanell\/wp-json\/wp\/v2\/pages\/38","targetHints":{"allow":["GET"]}}],"collection":[{"href":"https:\/\/agora.xtec.cat\/ceip-sudanell\/wp-json\/wp\/v2\/pages"}],"about":[{"href":"https:\/\/agora.xtec.cat\/ceip-sudanell\/wp-json\/wp\/v2\/types\/page"}],"author":[{"embeddable":true,"href":"https:\/\/agora.xtec.cat\/ceip-sudanell\/wp-json\/wp\/v2\/users\/1"}],"replies":[{"embeddable":true,"href":"https:\/\/agora.xtec.cat\/ceip-sudanell\/wp-json\/wp\/v2\/comments?post=38"}],"version-history":[{"count":4,"href":"https:\/\/agora.xtec.cat\/ceip-sudanell\/wp-json\/wp\/v2\/pages\/38\/revisions"}],"predecessor-version":[{"id":5210,"href":"https:\/\/agora.xtec.cat\/ceip-sudanell\/wp-json\/wp\/v2\/pages\/38\/revisions\/5210"}],"up":[{"embeddable":true,"href":"https:\/\/agora.xtec.cat\/ceip-sudanell\/wp-json\/wp\/v2\/pages\/22"}],"wp:attachment":[{"href":"https:\/\/agora.xtec.cat\/ceip-sudanell\/wp-json\/wp\/v2\/media?parent=38"}],"curies":[{"name":"wp","href":"https:\/\/api.w.org\/{rel}","templated":true}]}}