{"id":2924,"date":"2020-03-27T12:15:03","date_gmt":"2020-03-27T11:15:03","guid":{"rendered":"http:\/\/agora.xtec.cat\/ceip-sudanell\/?page_id=2924"},"modified":"2020-04-25T13:20:52","modified_gmt":"2020-04-25T11:20:52","slug":"videos-familia-escola","status":"publish","type":"page","link":"https:\/\/agora.xtec.cat\/ceip-sudanell\/videos-familia-escola\/","title":{"rendered":"VIDEOS FAMILIA-ESCOLA"},"content":{"rendered":"<p>En aquesta p\u00e0gina anirem penjant els videos que ens envieu, A alguns us hem demanat que envieu videos d&#8217;agra\u00efiment, recomanacions lectura, de reptes d&#8217;educaci\u00f3 f\u00edsica.. per\u00f2 si heu fet una recepta, si us heu inventat un joc, si heu ballat una can\u00e7\u00f3 &#8230; i ho voleu compartir amb la resta,\u00a0 ens ho envieu i ho pengem aqu\u00ed&#8230;<\/p>\n<p>&nbsp;<\/p>\n<h3>SANT JORDI 2020<\/h3>\n<p><iframe loading=\"lazy\" src=\"https:\/\/player.vimeo.com\/video\/411719813\" width=\"640\" height=\"480\" frameborder=\"0\" allow=\"autoplay; fullscreen\" allowfullscreen><\/iframe>&nbsp;<\/p>\n<p>&nbsp;<\/p>\n<p>&nbsp;<\/p>\n<p><iframe loading=\"lazy\" src=\"https:\/\/player.vimeo.com\/video\/400036674\" width=\"640\" height=\"480\" frameborder=\"0\"><\/iframe><\/p>\n<p>&nbsp;<\/p>\n<h2><\/h2>\n<h2><strong>US HO AGRA\u00cfM DE TOT COR<\/strong><\/h2>\n<p><iframe loading=\"lazy\" src=\"https:\/\/player.vimeo.com\/video\/402980524\" width=\"640\" height=\"480\" frameborder=\"0\"><\/iframe><\/p>\n","protected":false},"excerpt":{"rendered":"<p>En aquesta p\u00e0gina anirem penjant els videos que ens envieu, A alguns us hem demanat que envieu videos d&#8217;agra\u00efiment, recomanacions lectura, de reptes d&#8217;educaci\u00f3 f\u00edsica.. per\u00f2 si heu fet una recepta, si us heu inventat un joc, si heu ballat una can\u00e7\u00f3 &#8230; i ho&hellip;  <a href=\"https:\/\/agora.xtec.cat\/ceip-sudanell\/videos-familia-escola\/\" title=\"Read VIDEOS FAMILIA-ESCOLA\">Llegeix m\u00e9s\u00bb<\/a><\/p>\n","protected":false},"author":3,"featured_media":0,"parent":0,"menu_order":1,"comment_status":"closed","ping_status":"closed","template":"page-templates\/side-menu.php","meta":{"_bbp_topic_count":0,"_bbp_reply_count":0,"_bbp_total_topic_count":0,"_bbp_total_reply_count":0,"_bbp_voice_count":0,"_bbp_anonymous_reply_count":0,"_bbp_topic_count_hidden":0,"_bbp_reply_count_hidden":0,"_bbp_forum_subforum_count":0,"footnotes":""},"class_list":["post-2924","page","type-page","status-publish","hentry"],"post_mailing_queue_ids":[],"_links":{"self":[{"href":"https:\/\/agora.xtec.cat\/ceip-sudanell\/wp-json\/wp\/v2\/pages\/2924","targetHints":{"allow":["GET"]}}],"collection":[{"href":"https:\/\/agora.xtec.cat\/ceip-sudanell\/wp-json\/wp\/v2\/pages"}],"about":[{"href":"https:\/\/agora.xtec.cat\/ceip-sudanell\/wp-json\/wp\/v2\/types\/page"}],"author":[{"embeddable":true,"href":"https:\/\/agora.xtec.cat\/ceip-sudanell\/wp-json\/wp\/v2\/users\/3"}],"replies":[{"embeddable":true,"href":"https:\/\/agora.xtec.cat\/ceip-sudanell\/wp-json\/wp\/v2\/comments?post=2924"}],"version-history":[{"count":4,"href":"https:\/\/agora.xtec.cat\/ceip-sudanell\/wp-json\/wp\/v2\/pages\/2924\/revisions"}],"predecessor-version":[{"id":3342,"href":"https:\/\/agora.xtec.cat\/ceip-sudanell\/wp-json\/wp\/v2\/pages\/2924\/revisions\/3342"}],"wp:attachment":[{"href":"https:\/\/agora.xtec.cat\/ceip-sudanell\/wp-json\/wp\/v2\/media?parent=2924"}],"curies":[{"name":"wp","href":"https:\/\/api.w.org\/{rel}","templated":true}]}}