{"id":2798,"date":"2020-03-18T11:21:06","date_gmt":"2020-03-18T10:21:06","guid":{"rendered":"http:\/\/agora.xtec.cat\/ceip-sudanell\/?page_id=2798"},"modified":"2020-10-25T20:13:35","modified_gmt":"2020-10-25T19:13:35","slug":"activitats-didactiques","status":"publish","type":"page","link":"https:\/\/agora.xtec.cat\/ceip-sudanell\/activitats-didactiques\/","title":{"rendered":"ACTIVITATS DID\u00c0CTIQUES"},"content":{"rendered":"<h2>ACTIVITATS DID\u00c0CTIQUES<\/h2>\n<p>Per tal de trobar m\u00e9s f\u00e0cilment les diferents activitats did\u00e0ctiques, hem creat una subp\u00e0gina per curs on trobareu organitzades les diferents tasques educatives, pesem que aquest fet facilita un acc\u00e8s m\u00e9s directe als deures de cada curs.<\/p>\n","protected":false},"excerpt":{"rendered":"<p>ACTIVITATS DID\u00c0CTIQUES<br \/>\nPer tal de trobar m\u00e9s f\u00e0cilment les diferents activitats did\u00e0ctiques, hem creat una subp\u00e0gina per curs on trobareu organitzades les diferents tasques educatives, pesem que aquest fet facilita un acc\u00e8s m\u00e9s directe als deures de cada curs.<\/p>\n","protected":false},"author":3,"featured_media":0,"parent":0,"menu_order":0,"comment_status":"closed","ping_status":"closed","template":"","meta":{"_bbp_topic_count":0,"_bbp_reply_count":0,"_bbp_total_topic_count":0,"_bbp_total_reply_count":0,"_bbp_voice_count":0,"_bbp_anonymous_reply_count":0,"_bbp_topic_count_hidden":0,"_bbp_reply_count_hidden":0,"_bbp_forum_subforum_count":0,"footnotes":""},"class_list":["post-2798","page","type-page","status-publish","hentry"],"post_mailing_queue_ids":[],"_links":{"self":[{"href":"https:\/\/agora.xtec.cat\/ceip-sudanell\/wp-json\/wp\/v2\/pages\/2798","targetHints":{"allow":["GET"]}}],"collection":[{"href":"https:\/\/agora.xtec.cat\/ceip-sudanell\/wp-json\/wp\/v2\/pages"}],"about":[{"href":"https:\/\/agora.xtec.cat\/ceip-sudanell\/wp-json\/wp\/v2\/types\/page"}],"author":[{"embeddable":true,"href":"https:\/\/agora.xtec.cat\/ceip-sudanell\/wp-json\/wp\/v2\/users\/3"}],"replies":[{"embeddable":true,"href":"https:\/\/agora.xtec.cat\/ceip-sudanell\/wp-json\/wp\/v2\/comments?post=2798"}],"version-history":[{"count":4,"href":"https:\/\/agora.xtec.cat\/ceip-sudanell\/wp-json\/wp\/v2\/pages\/2798\/revisions"}],"predecessor-version":[{"id":4148,"href":"https:\/\/agora.xtec.cat\/ceip-sudanell\/wp-json\/wp\/v2\/pages\/2798\/revisions\/4148"}],"wp:attachment":[{"href":"https:\/\/agora.xtec.cat\/ceip-sudanell\/wp-json\/wp\/v2\/media?parent=2798"}],"curies":[{"name":"wp","href":"https:\/\/api.w.org\/{rel}","templated":true}]}}