{"id":30,"date":"2014-09-18T12:30:23","date_gmt":"2014-09-18T11:30:23","guid":{"rendered":"http:\/\/agora.xtec.cat\/ceip-subirats-lavern-subirats\/?page_id=30"},"modified":"2025-09-19T20:48:48","modified_gmt":"2025-09-19T18:48:48","slug":"instal%c2%b7lacions","status":"publish","type":"page","link":"https:\/\/agora.xtec.cat\/ceip-subirats-lavern-subirats\/lescola\/instal%c2%b7lacions\/","title":{"rendered":"Instal\u00b7lacions"},"content":{"rendered":"<p><a href=\"http:\/\/agora.xtec.cat\/ceip-subirats-lavern-subirats\/wp-content\/uploads\/usu1020\/2014\/09\/DSC03162.jpg\"><img loading=\"lazy\" decoding=\"async\" class=\"wp-image-1054 alignleft\" src=\"http:\/\/agora.xtec.cat\/ceip-subirats-lavern-subirats\/wp-content\/uploads\/usu1020\/2014\/09\/DSC03162-300x225.jpg\" alt=\"\" width=\"243\" height=\"182\" srcset=\"https:\/\/agora.xtec.cat\/ceip-subirats-lavern-subirats\/wp-content\/uploads\/usu1020\/2014\/09\/DSC03162-300x225.jpg 300w, https:\/\/agora.xtec.cat\/ceip-subirats-lavern-subirats\/wp-content\/uploads\/usu1020\/2014\/09\/DSC03162-768x576.jpg 768w, https:\/\/agora.xtec.cat\/ceip-subirats-lavern-subirats\/wp-content\/uploads\/usu1020\/2014\/09\/DSC03162-1024x768.jpg 1024w, https:\/\/agora.xtec.cat\/ceip-subirats-lavern-subirats\/wp-content\/uploads\/usu1020\/2014\/09\/DSC03162-200x150.jpg 200w\" sizes=\"auto, (max-width: 243px) 100vw, 243px\" \/><\/a><\/p>\n<p>L\u2019<strong>edifici escolar<\/strong> central \u00e9s de <strong>finals dels anys 60<\/strong>\u00a0 i est\u00e0 <strong>distribu\u00eft en quatre construccions<\/strong>: una destinada\u00a0 a cuina i menjador, dues \u00a0s\u00f3n aularis\u00a0 i la darrera, distribu\u00efda en dues plantes, que correspon a les antigues cases de mestres, actualment reformades i on hi ha varies aules, la sala de mestres i la secretaria. Des de fa anys l\u2019escola disposa d&#8217;un m\u00f2dul d\u2019ampliaci\u00f3 on hi ha dues aules i un espai destinat a sala de material<\/p>\n<p>&nbsp;<\/p>\n<p>La distribuci\u00f3 dels espais \u00e9s la seg\u00fcent:<\/p>\n<ul>\n<li><span style=\"text-decoration: underline;\"><strong>Edifici 1<\/strong><\/span>, de dues plantes<a href=\"http:\/\/agora.xtec.cat\/ceip-subirats-lavern-subirats\/wp-content\/uploads\/usu1020\/2014\/09\/DSC03160.jpg\"><img loading=\"lazy\" decoding=\"async\" class=\" wp-image-965 alignright\" src=\"http:\/\/agora.xtec.cat\/ceip-subirats-lavern-subirats\/wp-content\/uploads\/usu1020\/2014\/09\/DSC03160-300x225.jpg\" alt=\"\" width=\"248\" height=\"186\" srcset=\"https:\/\/agora.xtec.cat\/ceip-subirats-lavern-subirats\/wp-content\/uploads\/usu1020\/2014\/09\/DSC03160-300x225.jpg 300w, https:\/\/agora.xtec.cat\/ceip-subirats-lavern-subirats\/wp-content\/uploads\/usu1020\/2014\/09\/DSC03160-768x576.jpg 768w, https:\/\/agora.xtec.cat\/ceip-subirats-lavern-subirats\/wp-content\/uploads\/usu1020\/2014\/09\/DSC03160-1024x768.jpg 1024w, https:\/\/agora.xtec.cat\/ceip-subirats-lavern-subirats\/wp-content\/uploads\/usu1020\/2014\/09\/DSC03160-200x150.jpg 200w\" sizes=\"auto, (max-width: 248px) 100vw, 248px\" \/><\/a><\/li>\n<\/ul>\n<p>A la <strong>planta baixa<\/strong>\u00a0 hi ha:<\/p>\n<ul>\n<li><u>L\u2019aula dels Ceps<\/u>, un espai dedicat a la <strong>Secretaria i Direcci\u00f3<\/strong><\/li>\n<li><u>L\u2019aula dels Esp\u00edgols<\/u>, espai destinat a<strong> Educaci\u00f3 Infantil<\/strong><\/li>\n<li><u>L\u2019aula petita<\/u>, espai de pas i emmagatzematge de material<\/li>\n<li><u>La sala de mestres<\/u> i de reunions<\/li>\n<\/ul>\n<p>A la <strong>primera planta <\/strong>\u00a0hi ha:<\/p>\n<p>&#8211; <span style=\"text-decoration: underline;\">L&#8217;arxiu<\/span><\/p>\n<p>&#8211; Una <span style=\"text-decoration: underline;\">aula polivalent<\/span>: espai de <strong>biblioteca i experimentaci\u00f3<\/strong><\/p>\n<p>&#8211; L\u2019aula dels <u>Roures i les Oliveres;<\/u>\u00a0 espai destinat als grups de <strong>cicle superior<\/strong><a href=\"http:\/\/agora.xtec.cat\/ceip-subirats-lavern-subirats\/wp-content\/uploads\/usu1020\/2014\/09\/DSC03170.jpg\"><img loading=\"lazy\" decoding=\"async\" class=\" wp-image-963 alignright\" src=\"http:\/\/agora.xtec.cat\/ceip-subirats-lavern-subirats\/wp-content\/uploads\/usu1020\/2014\/09\/DSC03170-300x225.jpg\" alt=\"\" width=\"254\" height=\"190\" srcset=\"https:\/\/agora.xtec.cat\/ceip-subirats-lavern-subirats\/wp-content\/uploads\/usu1020\/2014\/09\/DSC03170-300x225.jpg 300w, https:\/\/agora.xtec.cat\/ceip-subirats-lavern-subirats\/wp-content\/uploads\/usu1020\/2014\/09\/DSC03170-768x576.jpg 768w, https:\/\/agora.xtec.cat\/ceip-subirats-lavern-subirats\/wp-content\/uploads\/usu1020\/2014\/09\/DSC03170-1024x768.jpg 1024w, https:\/\/agora.xtec.cat\/ceip-subirats-lavern-subirats\/wp-content\/uploads\/usu1020\/2014\/09\/DSC03170-200x150.jpg 200w\" sizes=\"auto, (max-width: 254px) 100vw, 254px\" \/><\/a><\/p>\n<ul>\n<li><span style=\"text-decoration: underline;\"><strong>Edifici 2<\/strong><\/span>, d\u2019una planta i amb dos espais:<\/li>\n<\/ul>\n<p>-Aula de les<span style=\"text-decoration: underline;\"> Alzines<\/span>, espai polivalent, destinada a <strong>m\u00fasica, psicomotricitat i l&#8217;aula d&#8217;acollida<\/strong><strong>.<\/strong>\u00a0 Aquesta aula compta amb un petit porxo amb dos lavabos i una entrada adaptada amb rampa<\/p>\n<p>-Aula dels <span style=\"text-decoration: underline;\">Pins<\/span>, destinada als alumnes de <strong>cicle inicial<\/strong> i\u00a0 t\u00e9 un porxo amb dos lavabos<\/p>\n<ul>\n<li><span style=\"text-decoration: underline;\"><strong>Edifici 3<\/strong><\/span>, d\u2019una planta i amb dos espais:<a href=\"http:\/\/agora.xtec.cat\/ceip-subirats-lavern-subirats\/wp-content\/uploads\/usu1020\/2014\/09\/DSC03158.jpg\"><img loading=\"lazy\" decoding=\"async\" class=\"wp-image-961 alignright\" src=\"http:\/\/agora.xtec.cat\/ceip-subirats-lavern-subirats\/wp-content\/uploads\/usu1020\/2014\/09\/DSC03158-300x225.jpg\" alt=\"\" width=\"253\" height=\"190\" srcset=\"https:\/\/agora.xtec.cat\/ceip-subirats-lavern-subirats\/wp-content\/uploads\/usu1020\/2014\/09\/DSC03158-300x225.jpg 300w, https:\/\/agora.xtec.cat\/ceip-subirats-lavern-subirats\/wp-content\/uploads\/usu1020\/2014\/09\/DSC03158-768x576.jpg 768w, https:\/\/agora.xtec.cat\/ceip-subirats-lavern-subirats\/wp-content\/uploads\/usu1020\/2014\/09\/DSC03158-1024x768.jpg 1024w, https:\/\/agora.xtec.cat\/ceip-subirats-lavern-subirats\/wp-content\/uploads\/usu1020\/2014\/09\/DSC03158-200x150.jpg 200w\" sizes=\"auto, (max-width: 253px) 100vw, 253px\" \/><\/a><\/li>\n<\/ul>\n<p>-Un destinat a l&#8217;alumnat de la <span style=\"text-decoration: underline;\">llar els Cargols<\/span>,<strong> llar<\/strong> dependent de l\u2019Ajuntament de Subirats, per\u00f2 que est\u00e0 integrada a l\u2019escola des de la seva constituci\u00f3<\/p>\n<p>-L&#8217;altre destinat a <strong>educaci\u00f3 infantil,<\/strong> aula de les <span style=\"text-decoration: underline;\">Farigoles<\/span><\/p>\n<ul>\n<li><span style=\"text-decoration: underline;\"><strong>Edifici 4<\/strong><\/span>, d\u2019una planta:<\/li>\n<\/ul>\n<p>-\u00c9s la <strong><span style=\"text-decoration: underline;\">cuina i menjador<\/span> <\/strong>amb capacitat m\u00e0xima per uns 85 alumnes.<\/p>\n<ul>\n<li><span style=\"text-decoration: underline;\"><strong>Edifici 5<\/strong><\/span> d\u2019una planta i amb dos espais:<a href=\"http:\/\/agora.xtec.cat\/ceip-subirats-lavern-subirats\/wp-content\/uploads\/usu1020\/2014\/09\/DSC03169.jpg\"><img loading=\"lazy\" decoding=\"async\" class=\"wp-image-962 alignright\" src=\"http:\/\/agora.xtec.cat\/ceip-subirats-lavern-subirats\/wp-content\/uploads\/usu1020\/2014\/09\/DSC03169-300x225.jpg\" alt=\"\" width=\"251\" height=\"188\" srcset=\"https:\/\/agora.xtec.cat\/ceip-subirats-lavern-subirats\/wp-content\/uploads\/usu1020\/2014\/09\/DSC03169-300x225.jpg 300w, https:\/\/agora.xtec.cat\/ceip-subirats-lavern-subirats\/wp-content\/uploads\/usu1020\/2014\/09\/DSC03169-768x576.jpg 768w, https:\/\/agora.xtec.cat\/ceip-subirats-lavern-subirats\/wp-content\/uploads\/usu1020\/2014\/09\/DSC03169-1024x768.jpg 1024w, https:\/\/agora.xtec.cat\/ceip-subirats-lavern-subirats\/wp-content\/uploads\/usu1020\/2014\/09\/DSC03169-200x150.jpg 200w\" sizes=\"auto, (max-width: 251px) 100vw, 251px\" \/><\/a><\/li>\n<\/ul>\n<p>-Aquest espai est\u00e0 constitu\u00eft per <span style=\"text-decoration: underline;\">un m\u00f2dul<\/span> d\u2019ampliaci\u00f3 que es van establir pel departament l\u2019any 2007. Aquest m\u00f2dul alberga dues aules destinades a les classes dels <strong>codonyers i presseguers<\/strong>, totes dues de <strong>cicle mitj\u00e0<\/strong>, dos lavabos i un espai destinat a aula de material<\/p>\n<ul>\n<li><strong><span style=\"text-decoration: underline;\">Altres espais<\/span>:\u00a0<\/strong> l\u2019escola tamb\u00e9\u00a0 compta amb&#8230;<\/li>\n<\/ul>\n<p>-Una <strong><span style=\"text-decoration: underline;\">pista central<\/span><\/strong>, utilitzada per les hores d\u2019<strong>esbarjo de l\u2019alumnat de prim\u00e0ria, de infantil i de la llar,<\/strong>\u00a0per l\u2019educaci\u00f3 f\u00edsica i per altres activitats conjuntes<\/p>\n<p>-Un <span style=\"text-decoration: underline;\"><strong>pati<\/strong><\/span> petit destinat a l\u2019<strong>esbarjo<\/strong> dels nens\/es de la <strong>llar i de cicle infantil<\/strong>.<\/p>\n<p>-Un <span style=\"text-decoration: underline;\"><strong>hort<\/strong> <\/span>escolar<\/p>\n<p>-Una\u00a0<strong><span style=\"text-decoration: underline;\">pista coberta<\/span>.<\/strong><\/p>\n<p>&nbsp;<\/p>\n<p>&nbsp;<\/p>\n<p>&nbsp;<\/p>\n","protected":false},"excerpt":{"rendered":"<p><a href=\"http:\/\/agora.xtec.cat\/ceip-subirats-lavern-subirats\/wp-content\/uploads\/usu1020\/2014\/09\/DSC03162.jpg\"><\/a><br \/>\nL\u2019edifici escolar central \u00e9s de finals dels anys 60\u00a0 i est\u00e0 distribu\u00eft en quatre construccions: una destinada\u00a0 a cuina i menjador, dues \u00a0s\u00f3n aularis\u00a0 i la darrera, distribu\u00efda en dues plantes, que correspon a les antigues cases de mestres, actualment reformades i on hi&hellip;  <a href=\"https:\/\/agora.xtec.cat\/ceip-subirats-lavern-subirats\/lescola\/instal%c2%b7lacions\/\" title=\"Read Instal\u00b7lacions\">Llegeix m\u00e9s\u00bb<\/a><\/p>\n","protected":false},"author":1,"featured_media":0,"parent":22,"menu_order":40,"comment_status":"closed","ping_status":"closed","template":"page-templates\/side-menu.php","meta":{"_bbp_topic_count":0,"_bbp_reply_count":0,"_bbp_total_topic_count":0,"_bbp_total_reply_count":0,"_bbp_voice_count":0,"_bbp_anonymous_reply_count":0,"_bbp_topic_count_hidden":0,"_bbp_reply_count_hidden":0,"_bbp_forum_subforum_count":0,"footnotes":""},"class_list":["post-30","page","type-page","status-publish","hentry"],"post_mailing_queue_ids":[],"_links":{"self":[{"href":"https:\/\/agora.xtec.cat\/ceip-subirats-lavern-subirats\/wp-json\/wp\/v2\/pages\/30","targetHints":{"allow":["GET"]}}],"collection":[{"href":"https:\/\/agora.xtec.cat\/ceip-subirats-lavern-subirats\/wp-json\/wp\/v2\/pages"}],"about":[{"href":"https:\/\/agora.xtec.cat\/ceip-subirats-lavern-subirats\/wp-json\/wp\/v2\/types\/page"}],"author":[{"embeddable":true,"href":"https:\/\/agora.xtec.cat\/ceip-subirats-lavern-subirats\/wp-json\/wp\/v2\/users\/1"}],"replies":[{"embeddable":true,"href":"https:\/\/agora.xtec.cat\/ceip-subirats-lavern-subirats\/wp-json\/wp\/v2\/comments?post=30"}],"version-history":[{"count":5,"href":"https:\/\/agora.xtec.cat\/ceip-subirats-lavern-subirats\/wp-json\/wp\/v2\/pages\/30\/revisions"}],"predecessor-version":[{"id":3392,"href":"https:\/\/agora.xtec.cat\/ceip-subirats-lavern-subirats\/wp-json\/wp\/v2\/pages\/30\/revisions\/3392"}],"up":[{"embeddable":true,"href":"https:\/\/agora.xtec.cat\/ceip-subirats-lavern-subirats\/wp-json\/wp\/v2\/pages\/22"}],"wp:attachment":[{"href":"https:\/\/agora.xtec.cat\/ceip-subirats-lavern-subirats\/wp-json\/wp\/v2\/media?parent=30"}],"curies":[{"name":"wp","href":"https:\/\/api.w.org\/{rel}","templated":true}]}}