{"id":9631,"date":"2021-01-14T16:10:00","date_gmt":"2021-01-14T15:10:00","guid":{"rendered":"http:\/\/agora.xtec.cat\/ceip-sp\/?page_id=9631"},"modified":"2025-09-05T19:03:02","modified_gmt":"2025-09-05T17:03:02","slug":"associeu-vos","status":"publish","type":"page","link":"https:\/\/agora.xtec.cat\/ceip-sp\/ampainfo\/associeu-vos\/","title":{"rendered":"Associeu-vos"},"content":{"rendered":"<p><span style=\"font-weight: 400;\">L\u2019Associaci\u00f3 de Fam\u00edlies d\u2019Alumnes ofereix serveis que repercuteixen directa o indirectament en totes les fam\u00edlies del centre i beneficien el conjunt de la comunitat de l\u2019escola gr\u00e0cies a la col\u00b7laboraci\u00f3 desinteressada de pares i mares que cedeixen el seu temps i energia en aquesta entitat. Per\u00f2 a m\u00e9s d\u2019aquesta important tasca, hi ha despeses i serveis que tenen un cost.<\/span><\/p>\n<p><span style=\"font-weight: 400;\">La vostra aportaci\u00f3 anual, solament <strong>20\u20ac per fam\u00edlia,<\/strong> permet finan\u00e7ar:<\/span><\/p>\n<ul>\n<li style=\"font-weight: 400;\" aria-level=\"1\"><span style=\"font-weight: 400;\">El manteniment d\u2019aquesta associaci\u00f3, que ofereix tot tipus de serveis, de pagament o gratu\u00efts, a infants i fam\u00edlies com ara extraescolars o el servei d\u2019acollida matinal.<\/span><\/li>\n<li style=\"font-weight: 400;\" aria-level=\"1\"><span style=\"font-weight: 400;\">Un conjunt de serveis solidaris gratu\u00efts dirigits al conjunt de la comunitat de l\u2019escola com ara suport econ\u00f2mic a l\u2019escola quan ho necessita (materials, inversions), i despeses derivades de celebracions (festa de la Primavera, carrosses, festes de final de curs, etc.)\u00a0<\/span><\/li>\n<li style=\"font-weight: 400;\" aria-level=\"1\"><span style=\"font-weight: 400;\">Altres despeses de manteniment com ara la quota de la FAPAC (proporciona asseguran\u00e7a civil i assessorament general i legal), despeses banc\u00e0ries derivades de l\u2019exist\u00e8ncia i el funcionament de l\u2019associaci\u00f3, entre d\u2019altres.<\/span><\/li>\n<\/ul>\n<p>&nbsp;<\/p>\n<p><strong>Us recordem que \u00e9s indispensable ser fam\u00edlia associada per poder participar de qualsevol activitat o servei ofert per l&#8217;AFA.<\/strong><\/p>\n<p>Podeu fer la <strong>inscripci\u00f3 pel curs 2025-2026 <\/strong>des d&#8217;aquest enlla\u00e7<strong>: <a href=\"https:\/\/forms.gle\/DM5fssqpYUu5uzvB6\">https:\/\/forms.gle\/VTCMJUASuPo5wvu39<\/a><\/strong><\/p>\n<p>Recordeu que ser fam\u00edlia associada t\u00e9 avantatges a comer\u00e7os locals. Consulteu-los aqu\u00ed:<span id=\"sample-permalink\"><a href=\"https:\/\/agora.xtec.cat\/ceip-sp\/?page_id=12840&amp;preview=true\" target=\"wp-preview-12840\" rel=\"noopener\">https:\/\/agora.xtec.cat\/ceip-sp\/<span id=\"editable-post-name\">comercos-collaboradors<\/span>\/<\/a><\/span><\/p>\n<p><span style=\"font-weight: 400;\">Per a qualsevol consulta, no dubteu a contactar amb nosaltres i plantejar les vostres inquietuds. Podeu escriure a <\/span><a href=\"mailto:afasantaperpetua@gmail.com\"><span style=\"font-weight: 400;\">afasantaperpetua@gmail.com<\/span><\/a><span style=\"font-weight: 400;\">.<\/span><\/p>\n<p><span style=\"font-weight: 400;\">I si podeu, veniu a les reunions els primers divendres de mes, per fer-vos membres d\u2019una comissi\u00f3 i participeu activament en l\u2019entitat i en la presa de decisions! Amb la vostra participaci\u00f3 m\u00e9s directa contribuireu a dinamitzar i millorar la nostra escola.<\/span><\/p>\n<p><span style=\"font-weight: 400;\">Us hi esperem!<\/span><a href=\"https:\/\/agora.xtec.cat\/ceip-sp\/wp-content\/uploads\/usu1709\/2021\/01\/unnamed.gif\"><br \/>\n<\/a><\/p>\n","protected":false},"excerpt":{"rendered":"<p>L\u2019Associaci\u00f3 de Fam\u00edlies d\u2019Alumnes ofereix serveis que repercuteixen directa o indirectament en totes les fam\u00edlies del centre i beneficien el conjunt de la comunitat de l\u2019escola gr\u00e0cies a la col\u00b7laboraci\u00f3 desinteressada de pares i mares que cedeixen el seu temps i energia en aquesta entitat. Per\u00f2 a m\u00e9s d\u2019aquesta important tasca, hi ha despeses i [&hellip;]<\/p>\n","protected":false},"author":1,"featured_media":0,"parent":633,"menu_order":0,"comment_status":"closed","ping_status":"closed","template":"","meta":{"_bbp_topic_count":0,"_bbp_reply_count":0,"_bbp_total_topic_count":0,"_bbp_total_reply_count":0,"_bbp_voice_count":0,"_bbp_anonymous_reply_count":0,"_bbp_topic_count_hidden":0,"_bbp_reply_count_hidden":0,"_bbp_forum_subforum_count":0,"site-sidebar-layout":"default","site-content-layout":"","ast-site-content-layout":"","site-content-style":"default","site-sidebar-style":"default","ast-global-header-display":"","ast-banner-title-visibility":"","ast-main-header-display":"","ast-hfb-above-header-display":"","ast-hfb-below-header-display":"","ast-hfb-mobile-header-display":"","site-post-title":"","ast-breadcrumbs-content":"","ast-featured-img":"","footer-sml-layout":"","theme-transparent-header-meta":"","adv-header-id-meta":"","stick-header-meta":"","header-above-stick-meta":"","header-main-stick-meta":"","header-below-stick-meta":"","astra-migrate-meta-layouts":"default","ast-page-background-enabled":"default","ast-page-background-meta":{"desktop":{"background-color":"var(--ast-global-color-4)","background-image":"","background-repeat":"repeat","background-position":"center center","background-size":"auto","background-attachment":"scroll","background-type":"","background-media":"","overlay-type":"","overlay-color":"","overlay-opacity":"","overlay-gradient":""},"tablet":{"background-color":"","background-image":"","background-repeat":"repeat","background-position":"center center","background-size":"auto","background-attachment":"scroll","background-type":"","background-media":"","overlay-type":"","overlay-color":"","overlay-opacity":"","overlay-gradient":""},"mobile":{"background-color":"","background-image":"","background-repeat":"repeat","background-position":"center center","background-size":"auto","background-attachment":"scroll","background-type":"","background-media":"","overlay-type":"","overlay-color":"","overlay-opacity":"","overlay-gradient":""}},"ast-content-background-meta":{"desktop":{"background-color":"var(--ast-global-color-5)","background-image":"","background-repeat":"repeat","background-position":"center center","background-size":"auto","background-attachment":"scroll","background-type":"","background-media":"","overlay-type":"","overlay-color":"","overlay-opacity":"","overlay-gradient":""},"tablet":{"background-color":"var(--ast-global-color-5)","background-image":"","background-repeat":"repeat","background-position":"center center","background-size":"auto","background-attachment":"scroll","background-type":"","background-media":"","overlay-type":"","overlay-color":"","overlay-opacity":"","overlay-gradient":""},"mobile":{"background-color":"var(--ast-global-color-5)","background-image":"","background-repeat":"repeat","background-position":"center center","background-size":"auto","background-attachment":"scroll","background-type":"","background-media":"","overlay-type":"","overlay-color":"","overlay-opacity":"","overlay-gradient":""}},"footnotes":""},"class_list":["post-9631","page","type-page","status-publish","hentry"],"post_mailing_queue_ids":[],"_links":{"self":[{"href":"https:\/\/agora.xtec.cat\/ceip-sp\/wp-json\/wp\/v2\/pages\/9631","targetHints":{"allow":["GET"]}}],"collection":[{"href":"https:\/\/agora.xtec.cat\/ceip-sp\/wp-json\/wp\/v2\/pages"}],"about":[{"href":"https:\/\/agora.xtec.cat\/ceip-sp\/wp-json\/wp\/v2\/types\/page"}],"author":[{"embeddable":true,"href":"https:\/\/agora.xtec.cat\/ceip-sp\/wp-json\/wp\/v2\/users\/1"}],"replies":[{"embeddable":true,"href":"https:\/\/agora.xtec.cat\/ceip-sp\/wp-json\/wp\/v2\/comments?post=9631"}],"version-history":[{"count":6,"href":"https:\/\/agora.xtec.cat\/ceip-sp\/wp-json\/wp\/v2\/pages\/9631\/revisions"}],"predecessor-version":[{"id":16114,"href":"https:\/\/agora.xtec.cat\/ceip-sp\/wp-json\/wp\/v2\/pages\/9631\/revisions\/16114"}],"up":[{"embeddable":true,"href":"https:\/\/agora.xtec.cat\/ceip-sp\/wp-json\/wp\/v2\/pages\/633"}],"wp:attachment":[{"href":"https:\/\/agora.xtec.cat\/ceip-sp\/wp-json\/wp\/v2\/media?parent=9631"}],"curies":[{"name":"wp","href":"https:\/\/api.w.org\/{rel}","templated":true}]}}