{"id":927,"date":"2018-06-25T12:40:25","date_gmt":"2018-06-25T10:40:25","guid":{"rendered":"http:\/\/agora.xtec.cat\/ceip-sp\/?page_id=927"},"modified":"2025-06-30T12:25:05","modified_gmt":"2025-06-30T10:25:05","slug":"nova-matricula","status":"publish","type":"page","link":"https:\/\/agora.xtec.cat\/ceip-sp\/lescola\/nova-matricula\/","title":{"rendered":"Nova matr\u00edcula i Adaptaci\u00f3 I3"},"content":{"rendered":"<p><strong>Organitzaci\u00f3 de l&#8217;entrada a l&#8217;escola el dia 8 de setembre.<\/strong><\/p>\n<p>El primer dia de curs, el 9 de setembre, tot l&#8217;alumnat nou de 2n a 6\u00e8 de Prim\u00e0ria cal que es presentin a la secretaria de l\u2019escola i els acompanyarem a la seva classe. Els infants de primer seran recollits per les seves tutores al pati de l&#8217;escola. Els infants d&#8217;Infantil entraran acompanyats pels familiars fins les seves aules.<\/p>\n<p><strong>INFORMACIONS PER L&#8217;ALUMNAT D\u2019I3<\/strong><\/p>\n<h4><strong>Adaptaci\u00f3 alumnat I3 anys 25-26<\/strong><\/h4>\n<p>Per a l&#8217;alumnat que inicia l\u2019escolaritzaci\u00f3 a I3 s\u2019organitza un breu per\u00edode d&#8217;adaptaci\u00f3 que suposa una certa modificaci\u00f3 dels horaris dels primers dies de classe en dos torns: de 9:00 a 10:30 i de 11:00 a 12:30<\/p>\n<p>Aquest \u00e9s:<\/p>\n<p>Dilluns 8 de setembre:\u00a0 Esteu convidats a passar una estona amb l&#8217;infant per l&#8217;aula i con\u00e8ixer l&#8217;espai i la mestra.\u00a0 <strong>M\u00e0xim 2 familiars per infant<\/strong><br \/>\nDimarts 9 i Dimecres 10: L&#8217;alumnat vindr\u00e0 en l&#8217;horari que se li hagi assignat (se us enviar\u00e0 un correu) i es quedar\u00e0 a l&#8217;escola sense la companyia de la fam\u00edlia.<br \/>\nDivendres 12 de setembre: L&#8217;alumnat inicia l&#8217;horari de mat\u00ed i tarda.<\/p>\n<p>Durant aquests dies d&#8217;adaptaci\u00f3 es recomanable que l&#8217;alumnat no faci \u00fas de l&#8217;espai de migdia.<\/p>\n<p>Podeu descarregar-vos el document informacions a les fam\u00edlies d&#8217;I3 fent clic (<a href=\"https:\/\/agora.xtec.cat\/ceip-sp\/wp-content\/uploads\/usu1709\/2025\/06\/Informacions-noves-families-I3.pdf\">Informacions noves fam\u00edlies I3<\/a>)<\/p>\n<p>&nbsp;<\/p>\n<p>&nbsp;<\/p>\n","protected":false},"excerpt":{"rendered":"<p>Organitzaci\u00f3 de l&#8217;entrada a l&#8217;escola el dia 8 de setembre. El primer dia de curs, el 9 de setembre, tot l&#8217;alumnat nou de 2n a 6\u00e8 de Prim\u00e0ria cal que es presentin a la secretaria de l\u2019escola i els acompanyarem a la seva classe. Els infants de primer seran recollits per les seves tutores al [&hellip;]<\/p>\n","protected":false},"author":1,"featured_media":0,"parent":22,"menu_order":11,"comment_status":"closed","ping_status":"closed","template":"page-templates\/side-menu.php","meta":{"_bbp_topic_count":0,"_bbp_reply_count":0,"_bbp_total_topic_count":0,"_bbp_total_reply_count":0,"_bbp_voice_count":0,"_bbp_anonymous_reply_count":0,"_bbp_topic_count_hidden":0,"_bbp_reply_count_hidden":0,"_bbp_forum_subforum_count":0,"site-sidebar-layout":"default","site-content-layout":"","ast-site-content-layout":"","site-content-style":"default","site-sidebar-style":"default","ast-global-header-display":"","ast-banner-title-visibility":"","ast-main-header-display":"","ast-hfb-above-header-display":"","ast-hfb-below-header-display":"","ast-hfb-mobile-header-display":"","site-post-title":"","ast-breadcrumbs-content":"","ast-featured-img":"","footer-sml-layout":"","theme-transparent-header-meta":"","adv-header-id-meta":"","stick-header-meta":"","header-above-stick-meta":"","header-main-stick-meta":"","header-below-stick-meta":"","astra-migrate-meta-layouts":"default","ast-page-background-enabled":"default","ast-page-background-meta":{"desktop":{"background-color":"var(--ast-global-color-4)","background-image":"","background-repeat":"repeat","background-position":"center center","background-size":"auto","background-attachment":"scroll","background-type":"","background-media":"","overlay-type":"","overlay-color":"","overlay-opacity":"","overlay-gradient":""},"tablet":{"background-color":"","background-image":"","background-repeat":"repeat","background-position":"center center","background-size":"auto","background-attachment":"scroll","background-type":"","background-media":"","overlay-type":"","overlay-color":"","overlay-opacity":"","overlay-gradient":""},"mobile":{"background-color":"","background-image":"","background-repeat":"repeat","background-position":"center center","background-size":"auto","background-attachment":"scroll","background-type":"","background-media":"","overlay-type":"","overlay-color":"","overlay-opacity":"","overlay-gradient":""}},"ast-content-background-meta":{"desktop":{"background-color":"var(--ast-global-color-5)","background-image":"","background-repeat":"repeat","background-position":"center center","background-size":"auto","background-attachment":"scroll","background-type":"","background-media":"","overlay-type":"","overlay-color":"","overlay-opacity":"","overlay-gradient":""},"tablet":{"background-color":"var(--ast-global-color-5)","background-image":"","background-repeat":"repeat","background-position":"center center","background-size":"auto","background-attachment":"scroll","background-type":"","background-media":"","overlay-type":"","overlay-color":"","overlay-opacity":"","overlay-gradient":""},"mobile":{"background-color":"var(--ast-global-color-5)","background-image":"","background-repeat":"repeat","background-position":"center center","background-size":"auto","background-attachment":"scroll","background-type":"","background-media":"","overlay-type":"","overlay-color":"","overlay-opacity":"","overlay-gradient":""}},"footnotes":""},"class_list":["post-927","page","type-page","status-publish","hentry"],"post_mailing_queue_ids":[],"_links":{"self":[{"href":"https:\/\/agora.xtec.cat\/ceip-sp\/wp-json\/wp\/v2\/pages\/927","targetHints":{"allow":["GET"]}}],"collection":[{"href":"https:\/\/agora.xtec.cat\/ceip-sp\/wp-json\/wp\/v2\/pages"}],"about":[{"href":"https:\/\/agora.xtec.cat\/ceip-sp\/wp-json\/wp\/v2\/types\/page"}],"author":[{"embeddable":true,"href":"https:\/\/agora.xtec.cat\/ceip-sp\/wp-json\/wp\/v2\/users\/1"}],"replies":[{"embeddable":true,"href":"https:\/\/agora.xtec.cat\/ceip-sp\/wp-json\/wp\/v2\/comments?post=927"}],"version-history":[{"count":6,"href":"https:\/\/agora.xtec.cat\/ceip-sp\/wp-json\/wp\/v2\/pages\/927\/revisions"}],"predecessor-version":[{"id":16082,"href":"https:\/\/agora.xtec.cat\/ceip-sp\/wp-json\/wp\/v2\/pages\/927\/revisions\/16082"}],"up":[{"embeddable":true,"href":"https:\/\/agora.xtec.cat\/ceip-sp\/wp-json\/wp\/v2\/pages\/22"}],"wp:attachment":[{"href":"https:\/\/agora.xtec.cat\/ceip-sp\/wp-json\/wp\/v2\/media?parent=927"}],"curies":[{"name":"wp","href":"https:\/\/api.w.org\/{rel}","templated":true}]}}