{"id":744,"date":"2018-04-20T09:58:01","date_gmt":"2018-04-20T07:58:01","guid":{"rendered":"http:\/\/agora.xtec.cat\/ceip-sp\/?page_id=744"},"modified":"2024-12-19T12:57:49","modified_gmt":"2024-12-19T11:57:49","slug":"criteris-davaluacio","status":"publish","type":"page","link":"https:\/\/agora.xtec.cat\/ceip-sp\/criteris-davaluacio\/","title":{"rendered":"Criteris d&#8217;Avaluaci\u00f3"},"content":{"rendered":"<h4><strong>Curr\u00edculum d&#8217;Educaci\u00f3 Infantil (I3, I4 i I5)<\/strong><\/h4>\n<ul>\n<li><a href=\"https:\/\/agora.xtec.cat\/ceip-sp\/wp-content\/uploads\/usu1709\/2024\/01\/QUADRE-CURRICULUM-EDUCACIO-INFANTIL-DEFINITIU-1.pdf\" target=\"_blank\" rel=\"noopener\">Quadre resum del curr\u00edculum<\/a><\/li>\n<\/ul>\n<h4><strong>Criteris d&#8217;avaluaci\u00f3 primer cicle (1r i 2n)<\/strong><\/h4>\n<ul>\n<li><a href=\"https:\/\/agora.xtec.cat\/ceip-sp\/wp-content\/uploads\/usu1709\/2023\/11\/Criteris-davaluacio-de-catala-PRIMER-CICLE.pdf\" target=\"_blank\" rel=\"noopener\">Llengua catalana<\/a><\/li>\n<li><a href=\"https:\/\/agora.xtec.cat\/ceip-sp\/wp-content\/uploads\/usu1709\/2024\/12\/Criteris-davaluacio-de-castella-PRIMER-CICLE.pdf\">Llengua castellana<\/a><\/li>\n<li><a href=\"https:\/\/agora.xtec.cat\/ceip-sp\/wp-content\/uploads\/usu1709\/2023\/11\/Criteris-davaluacio-de-medi-PRIMER-CICLE.pdf\" target=\"_blank\" rel=\"noopener\">Coneixement del medi natural, social i cultural<\/a><\/li>\n<li><a href=\"https:\/\/agora.xtec.cat\/ceip-sp\/wp-content\/uploads\/usu1709\/2023\/11\/Criteris-davaluacio-de-matematiques-PRIMER-CICLE.pdf\" target=\"_blank\" rel=\"noopener\">Matem\u00e0tiques<\/a><\/li>\n<li><a href=\"https:\/\/agora.xtec.cat\/ceip-sp\/wp-content\/uploads\/usu1709\/2023\/11\/Criteris-davaluacio-dangles-PRIMER-CICLE.pdf\">Angl\u00e8s<\/a><\/li>\n<li><a href=\"https:\/\/agora.xtec.cat\/ceip-sp\/wp-content\/uploads\/usu1709\/2024\/12\/Criteris-davaluacio-dartistica-PRIMER-CICLE.pdf\">Educaci\u00f3 art\u00edstica<\/a><\/li>\n<\/ul>\n<h4><strong>Criteris d&#8217;avaluaci\u00f3 segon cicle (3r i 4t)<\/strong><\/h4>\n<ul>\n<li><a href=\"https:\/\/agora.xtec.cat\/ceip-sp\/wp-content\/uploads\/usu1709\/2023\/11\/Criteris-davaluacio-de-catala-SEGON-CICLE.pdf\">Llengua catalana<\/a><\/li>\n<li><a href=\"https:\/\/agora.xtec.cat\/ceip-sp\/wp-content\/uploads\/usu1709\/2023\/11\/Criteris-davaluacio-de-castella-SEGON-CICLE.pdf\">Llengua castellana<\/a><\/li>\n<li><a href=\"https:\/\/agora.xtec.cat\/ceip-sp\/wp-content\/uploads\/usu1709\/2023\/11\/Criteris-davaluacio-de-medi-SEGON-CICLE.pdf\">Coneixement del medi natural, social i cultural<\/a><\/li>\n<li><a href=\"https:\/\/agora.xtec.cat\/ceip-sp\/wp-content\/uploads\/usu1709\/2023\/11\/Criteris-davaluacio-de-matematiques-SEGON-CICLE.pdf\">Matem\u00e0tiques<\/a><\/li>\n<li><a href=\"https:\/\/agora.xtec.cat\/ceip-sp\/wp-content\/uploads\/usu1709\/2023\/11\/Criteris-davaluacio-dangles-SEGON-CICLE.pdf\">Angl\u00e8s<\/a><\/li>\n<li><a href=\"https:\/\/agora.xtec.cat\/ceip-sp\/wp-content\/uploads\/usu1709\/2023\/11\/Criteris-davaluacio-dartistica-SEGON-CICLE.pdf\">Educaci\u00f3 art\u00edstica<\/a><\/li>\n<\/ul>\n<h4><strong>Criteris d&#8217;avaluaci\u00f3 tercer cicle (5\u00e8 i 6\u00e8)<\/strong><\/h4>\n<ul>\n<li><a href=\"https:\/\/agora.xtec.cat\/ceip-sp\/wp-content\/uploads\/usu1709\/2023\/11\/Llengua-catalana.pdf\">Llengua catalana<\/a><\/li>\n<li><a href=\"https:\/\/agora.xtec.cat\/ceip-sp\/wp-content\/uploads\/usu1709\/2023\/11\/Llengua-castellana.pdf\">Llengua castellana<\/a><\/li>\n<li><a href=\"https:\/\/agora.xtec.cat\/ceip-sp\/wp-content\/uploads\/usu1709\/2023\/11\/Medi-natural-social-i-cultural.pdf\" target=\"_blank\" rel=\"noopener\">Coneixement del medi natural, social i cultural<\/a><\/li>\n<li><a href=\"https:\/\/agora.xtec.cat\/ceip-sp\/wp-content\/uploads\/usu1709\/2023\/11\/Matematiques.pdf\">Matem\u00e0tiques<\/a><\/li>\n<li><a href=\"https:\/\/agora.xtec.cat\/ceip-sp\/wp-content\/uploads\/usu1709\/2023\/11\/Angles.pdf\">Angl\u00e8s<\/a><\/li>\n<li><a href=\"https:\/\/agora.xtec.cat\/ceip-sp\/wp-content\/uploads\/usu1709\/2024\/09\/Criteris-davaluacio-dartistica-TERCER-CICLE.docx.pdf\" target=\"_blank\" rel=\"noopener\">Educaci\u00f3 Art\u00edstica<\/a><\/li>\n<li><a href=\"https:\/\/agora.xtec.cat\/ceip-sp\/wp-content\/uploads\/usu1709\/2023\/11\/Educacio-en-valors-civics-i-etics.pdf\">Educaci\u00f3 en valors c\u00edvics i \u00e8tics<\/a><\/li>\n<\/ul>\n","protected":false},"excerpt":{"rendered":"<p>Curr\u00edculum d&#8217;Educaci\u00f3 Infantil (I3, I4 i I5) Quadre resum del curr\u00edculum Criteris d&#8217;avaluaci\u00f3 primer cicle (1r i 2n) Llengua catalana Llengua castellana Coneixement del medi natural, social i cultural Matem\u00e0tiques Angl\u00e8s Educaci\u00f3 art\u00edstica Criteris d&#8217;avaluaci\u00f3 segon cicle (3r i 4t) Llengua catalana Llengua castellana Coneixement del medi natural, social i cultural Matem\u00e0tiques Angl\u00e8s Educaci\u00f3 art\u00edstica [&hellip;]<\/p>\n","protected":false},"author":1,"featured_media":0,"parent":0,"menu_order":0,"comment_status":"closed","ping_status":"closed","template":"","meta":{"_bbp_topic_count":0,"_bbp_reply_count":0,"_bbp_total_topic_count":0,"_bbp_total_reply_count":0,"_bbp_voice_count":0,"_bbp_anonymous_reply_count":0,"_bbp_topic_count_hidden":0,"_bbp_reply_count_hidden":0,"_bbp_forum_subforum_count":0,"site-sidebar-layout":"default","site-content-layout":"","ast-site-content-layout":"","site-content-style":"default","site-sidebar-style":"default","ast-global-header-display":"","ast-banner-title-visibility":"","ast-main-header-display":"","ast-hfb-above-header-display":"","ast-hfb-below-header-display":"","ast-hfb-mobile-header-display":"","site-post-title":"","ast-breadcrumbs-content":"","ast-featured-img":"","footer-sml-layout":"","theme-transparent-header-meta":"","adv-header-id-meta":"","stick-header-meta":"","header-above-stick-meta":"","header-main-stick-meta":"","header-below-stick-meta":"","astra-migrate-meta-layouts":"default","ast-page-background-enabled":"default","ast-page-background-meta":{"desktop":{"background-color":"var(--ast-global-color-4)","background-image":"","background-repeat":"repeat","background-position":"center center","background-size":"auto","background-attachment":"scroll","background-type":"","background-media":"","overlay-type":"","overlay-color":"","overlay-opacity":"","overlay-gradient":""},"tablet":{"background-color":"","background-image":"","background-repeat":"repeat","background-position":"center center","background-size":"auto","background-attachment":"scroll","background-type":"","background-media":"","overlay-type":"","overlay-color":"","overlay-opacity":"","overlay-gradient":""},"mobile":{"background-color":"","background-image":"","background-repeat":"repeat","background-position":"center center","background-size":"auto","background-attachment":"scroll","background-type":"","background-media":"","overlay-type":"","overlay-color":"","overlay-opacity":"","overlay-gradient":""}},"ast-content-background-meta":{"desktop":{"background-color":"var(--ast-global-color-5)","background-image":"","background-repeat":"repeat","background-position":"center center","background-size":"auto","background-attachment":"scroll","background-type":"","background-media":"","overlay-type":"","overlay-color":"","overlay-opacity":"","overlay-gradient":""},"tablet":{"background-color":"var(--ast-global-color-5)","background-image":"","background-repeat":"repeat","background-position":"center center","background-size":"auto","background-attachment":"scroll","background-type":"","background-media":"","overlay-type":"","overlay-color":"","overlay-opacity":"","overlay-gradient":""},"mobile":{"background-color":"var(--ast-global-color-5)","background-image":"","background-repeat":"repeat","background-position":"center center","background-size":"auto","background-attachment":"scroll","background-type":"","background-media":"","overlay-type":"","overlay-color":"","overlay-opacity":"","overlay-gradient":""}},"footnotes":""},"class_list":["post-744","page","type-page","status-publish","hentry"],"post_mailing_queue_ids":[],"_links":{"self":[{"href":"https:\/\/agora.xtec.cat\/ceip-sp\/wp-json\/wp\/v2\/pages\/744","targetHints":{"allow":["GET"]}}],"collection":[{"href":"https:\/\/agora.xtec.cat\/ceip-sp\/wp-json\/wp\/v2\/pages"}],"about":[{"href":"https:\/\/agora.xtec.cat\/ceip-sp\/wp-json\/wp\/v2\/types\/page"}],"author":[{"embeddable":true,"href":"https:\/\/agora.xtec.cat\/ceip-sp\/wp-json\/wp\/v2\/users\/1"}],"replies":[{"embeddable":true,"href":"https:\/\/agora.xtec.cat\/ceip-sp\/wp-json\/wp\/v2\/comments?post=744"}],"version-history":[{"count":6,"href":"https:\/\/agora.xtec.cat\/ceip-sp\/wp-json\/wp\/v2\/pages\/744\/revisions"}],"predecessor-version":[{"id":15584,"href":"https:\/\/agora.xtec.cat\/ceip-sp\/wp-json\/wp\/v2\/pages\/744\/revisions\/15584"}],"wp:attachment":[{"href":"https:\/\/agora.xtec.cat\/ceip-sp\/wp-json\/wp\/v2\/media?parent=744"}],"curies":[{"name":"wp","href":"https:\/\/api.w.org\/{rel}","templated":true}]}}