{"id":720,"date":"2018-04-06T09:37:45","date_gmt":"2018-04-06T07:37:45","guid":{"rendered":"http:\/\/agora.xtec.cat\/ceip-sp\/?page_id=720"},"modified":"2024-07-05T11:03:00","modified_gmt":"2024-07-05T09:03:00","slug":"festes","status":"publish","type":"page","link":"https:\/\/agora.xtec.cat\/ceip-sp\/ampainfo\/festes\/","title":{"rendered":"Festes"},"content":{"rendered":"<p><span style=\"font-weight: 400;\">Els espais l\u00fadics i d\u2019oci informal s\u00f3n important\u00edssims per a crear vincles i fer xarxa. Des de l\u2019AFA ens esforcem en mantenir i fomentar una bona relaci\u00f3 entre les fam\u00edlies i tota la comunitat educativa mitjan\u00e7ant un ambient l\u00fadic i festiu.<\/span><\/p>\n<p><span style=\"font-weight: 400;\">A la nostra escola hi ha una gran tradici\u00f3 en l\u2019organitzaci\u00f3 de festes i volem continuar mantenint-la.<\/span><\/p>\n<p><span style=\"font-weight: 400;\">La <\/span><b>COMISSI\u00d3 DE FESTES<\/b><span style=\"font-weight: 400;\"> s\u2019encarrega de proposar i organitzar, amb el suport i participaci\u00f3 de les fam\u00edlies del centre, activitats i festes tradicionals com<\/span><span style=\"font-weight: 400;\">:<\/span><\/p>\n<ul>\n<li>Fira de Santa Ll\u00facia<\/li>\n<li><span style=\"font-weight: 400;\">Cavalcada de Reis<\/span><\/li>\n<li><span style=\"font-weight: 400;\">Carnestoltes<\/span><\/li>\n<li>Sant Jordi<\/li>\n<li><span style=\"font-weight: 400;\">Festa de la Primavera<\/span><\/li>\n<li><span style=\"font-weight: 400;\">Sopar Ball fi de curs<\/span><\/li>\n<\/ul>\n<p>L&#8217;AFA tamb\u00e9 col\u00b7labora amb un donatiu econ\u00f2mic al Comiat de l&#8217;alumnat de Sis\u00e8.<\/p>\n<p><span style=\"font-weight: 400;\">Les funcions de la Comissi\u00f3 s\u00f3n:<\/span><\/p>\n<ul>\n<li style=\"font-weight: 400;\" aria-level=\"1\"><span style=\"font-weight: 400;\">Establir el calendari de festes de l\u2019escola en coordinaci\u00f3 amb la direcci\u00f3 del centre.<\/span><\/li>\n<li style=\"font-weight: 400;\" aria-level=\"1\"><span style=\"font-weight: 400;\">Proposar i organitzar diverses activitats al llarg del curs.<\/span><\/li>\n<li style=\"font-weight: 400;\" aria-level=\"1\"><span style=\"font-weight: 400;\">Contractar els serveis necessaris per al desenvolupament de les activitats.<\/span><\/li>\n<li style=\"font-weight: 400;\" aria-level=\"1\"><span style=\"font-weight: 400;\">Guarnir els espais de l\u2019escola en funci\u00f3 d el\u2019activitat.<\/span><\/li>\n<\/ul>\n<p><span style=\"font-weight: 400;\">Agra\u00efm enormement la implicaci\u00f3 i dedicaci\u00f3 de les fam\u00edlies que col\u00b7laboreu i us impliqueu en la organitzaci\u00f3 de festes puntualment o de forma continuada. Per contactar amb la comissi\u00f3 podeu enviar un correu electr\u00f2nic a <\/span><a href=\"mailto:afasantaperpetua@gmail.com\"><span style=\"font-weight: 400;\">afasantaperpetua@gmail.com<\/span><\/a><span style=\"font-weight: 400;\"> indicant a l\u2019assumpte Comissi\u00f3 de festes.<\/span><\/p>\n","protected":false},"excerpt":{"rendered":"<p>Els espais l\u00fadics i d\u2019oci informal s\u00f3n important\u00edssims per a crear vincles i fer xarxa. Des de l\u2019AFA ens esforcem en mantenir i fomentar una bona relaci\u00f3 entre les fam\u00edlies i tota la comunitat educativa mitjan\u00e7ant un ambient l\u00fadic i festiu. A la nostra escola hi ha una gran tradici\u00f3 en l\u2019organitzaci\u00f3 de festes i [&hellip;]<\/p>\n","protected":false},"author":1,"featured_media":0,"parent":633,"menu_order":0,"comment_status":"closed","ping_status":"closed","template":"page-templates\/side-menu.php","meta":{"_bbp_topic_count":0,"_bbp_reply_count":0,"_bbp_total_topic_count":0,"_bbp_total_reply_count":0,"_bbp_voice_count":0,"_bbp_anonymous_reply_count":0,"_bbp_topic_count_hidden":0,"_bbp_reply_count_hidden":0,"_bbp_forum_subforum_count":0,"site-sidebar-layout":"default","site-content-layout":"","ast-site-content-layout":"","site-content-style":"default","site-sidebar-style":"default","ast-global-header-display":"","ast-banner-title-visibility":"","ast-main-header-display":"","ast-hfb-above-header-display":"","ast-hfb-below-header-display":"","ast-hfb-mobile-header-display":"","site-post-title":"","ast-breadcrumbs-content":"","ast-featured-img":"","footer-sml-layout":"","theme-transparent-header-meta":"","adv-header-id-meta":"","stick-header-meta":"","header-above-stick-meta":"","header-main-stick-meta":"","header-below-stick-meta":"","astra-migrate-meta-layouts":"default","ast-page-background-enabled":"default","ast-page-background-meta":{"desktop":{"background-color":"var(--ast-global-color-4)","background-image":"","background-repeat":"repeat","background-position":"center center","background-size":"auto","background-attachment":"scroll","background-type":"","background-media":"","overlay-type":"","overlay-color":"","overlay-opacity":"","overlay-gradient":""},"tablet":{"background-color":"","background-image":"","background-repeat":"repeat","background-position":"center center","background-size":"auto","background-attachment":"scroll","background-type":"","background-media":"","overlay-type":"","overlay-color":"","overlay-opacity":"","overlay-gradient":""},"mobile":{"background-color":"","background-image":"","background-repeat":"repeat","background-position":"center center","background-size":"auto","background-attachment":"scroll","background-type":"","background-media":"","overlay-type":"","overlay-color":"","overlay-opacity":"","overlay-gradient":""}},"ast-content-background-meta":{"desktop":{"background-color":"var(--ast-global-color-5)","background-image":"","background-repeat":"repeat","background-position":"center center","background-size":"auto","background-attachment":"scroll","background-type":"","background-media":"","overlay-type":"","overlay-color":"","overlay-opacity":"","overlay-gradient":""},"tablet":{"background-color":"var(--ast-global-color-5)","background-image":"","background-repeat":"repeat","background-position":"center center","background-size":"auto","background-attachment":"scroll","background-type":"","background-media":"","overlay-type":"","overlay-color":"","overlay-opacity":"","overlay-gradient":""},"mobile":{"background-color":"var(--ast-global-color-5)","background-image":"","background-repeat":"repeat","background-position":"center center","background-size":"auto","background-attachment":"scroll","background-type":"","background-media":"","overlay-type":"","overlay-color":"","overlay-opacity":"","overlay-gradient":""}},"footnotes":""},"class_list":["post-720","page","type-page","status-publish","hentry"],"post_mailing_queue_ids":[],"_links":{"self":[{"href":"https:\/\/agora.xtec.cat\/ceip-sp\/wp-json\/wp\/v2\/pages\/720","targetHints":{"allow":["GET"]}}],"collection":[{"href":"https:\/\/agora.xtec.cat\/ceip-sp\/wp-json\/wp\/v2\/pages"}],"about":[{"href":"https:\/\/agora.xtec.cat\/ceip-sp\/wp-json\/wp\/v2\/types\/page"}],"author":[{"embeddable":true,"href":"https:\/\/agora.xtec.cat\/ceip-sp\/wp-json\/wp\/v2\/users\/1"}],"replies":[{"embeddable":true,"href":"https:\/\/agora.xtec.cat\/ceip-sp\/wp-json\/wp\/v2\/comments?post=720"}],"version-history":[{"count":5,"href":"https:\/\/agora.xtec.cat\/ceip-sp\/wp-json\/wp\/v2\/pages\/720\/revisions"}],"predecessor-version":[{"id":15153,"href":"https:\/\/agora.xtec.cat\/ceip-sp\/wp-json\/wp\/v2\/pages\/720\/revisions\/15153"}],"up":[{"embeddable":true,"href":"https:\/\/agora.xtec.cat\/ceip-sp\/wp-json\/wp\/v2\/pages\/633"}],"wp:attachment":[{"href":"https:\/\/agora.xtec.cat\/ceip-sp\/wp-json\/wp\/v2\/media?parent=720"}],"curies":[{"name":"wp","href":"https:\/\/api.w.org\/{rel}","templated":true}]}}