{"id":686,"date":"2018-03-14T16:52:49","date_gmt":"2018-03-14T15:52:49","guid":{"rendered":"http:\/\/agora.xtec.cat\/ceip-sp\/?page_id=686"},"modified":"2026-09-02T16:44:02","modified_gmt":"2026-09-02T14:44:02","slug":"acollidaimenjador","status":"publish","type":"page","link":"https:\/\/agora.xtec.cat\/ceip-sp\/ampainfo\/acollidaimenjador\/","title":{"rendered":"Acollida 2026-2027"},"content":{"rendered":"<p><a href=\"https:\/\/agora.xtec.cat\/ceip-sp\/wp-content\/uploads\/usu1709\/2026\/09\/Info_Extraescolars_acollida_STAPERPETUA_26_27.pdf\">Info_Extraescolars_acollida_STAPERPETUA_26_27<\/a><\/p>\n<p>L\u2019AFA ofereix un servei d\u2019acollida de l\u2019alumnat a trav\u00e9s d\u2019Eina Cooperativa de 7.30 h fins a l\u2019inici de classes. Per al proper curs, l\u2019acollida s\u2019iniciar\u00e0 el dia 8 de setembre, coincidint amb l\u2019inici de les classes.<\/p>\n<p>El servei t\u00e9 tres modalitats, segons les necessitats de cada fam\u00edlia. Per als alumnes fixes la quota indicada \u00e9s mensual.<\/p>\n<h3 style=\"color:#5ca047;\">Quotes mensuals<\/h3>\n<table style=\"width:100%; border-collapse:collapse; text-align:center; font-family:Arial, sans-serif;\">\n<thead>\n<tr style=\"background-color:#e8f5e9; color:#5ca047;\">\n<th style=\"border:1px solid #c8e6c9; padding:10px;\">Acollida matinal<\/th>\n<th style=\"border:1px solid #c8e6c9; padding:10px; color:#c2185b;\">7:30h &#8211; 9h<\/th>\n<th style=\"border:1px solid #c8e6c9; padding:10px; color:#c2185b;\">8h &#8211; 9h<\/th>\n<th style=\"border:1px solid #c8e6c9; padding:10px; color:#c2185b;\">8:30h &#8211; 9h<\/th>\n<\/tr>\n<\/thead>\n<tbody>\n<tr style=\"background-color:#f9f9f9;\">\n<td style=\"border:1px solid #c8e6c9; padding:10px;\">5 dies setmana<\/td>\n<td style=\"border:1px solid #c8e6c9; padding:10px;\">43,50 \u20ac<\/td>\n<td style=\"border:1px solid #c8e6c9; padding:10px;\">35,50 \u20ac<\/td>\n<td style=\"border:1px solid #c8e6c9; padding:10px;\">25,50 \u20ac<\/td>\n<\/tr>\n<tr>\n<td style=\"border:1px solid #c8e6c9; padding:10px;\">4 dies setmana<\/td>\n<td style=\"border:1px solid #c8e6c9; padding:10px;\">37,50 \u20ac<\/td>\n<td style=\"border:1px solid #c8e6c9; padding:10px;\">34,00 \u20ac<\/td>\n<td style=\"border:1px solid #c8e6c9; padding:10px;\">24,50 \u20ac<\/td>\n<\/tr>\n<tr style=\"background-color:#f9f9f9;\">\n<td style=\"border:1px solid #c8e6c9; padding:10px;\">3 dies setmana<\/td>\n<td style=\"border:1px solid #c8e6c9; padding:10px;\">35,50 \u20ac<\/td>\n<td style=\"border:1px solid #c8e6c9; padding:10px;\">31,50 \u20ac<\/td>\n<td style=\"border:1px solid #c8e6c9; padding:10px;\">23,00 \u20ac<\/td>\n<\/tr>\n<tr>\n<td style=\"border:1px solid #c8e6c9; padding:10px;\">2 dies setmana<\/td>\n<td style=\"border:1px solid #c8e6c9; padding:10px;\">30,50 \u20ac<\/td>\n<td style=\"border:1px solid #c8e6c9; padding:10px;\">27,00 \u20ac<\/td>\n<td style=\"border:1px solid #c8e6c9; padding:10px;\">21,50 \u20ac<\/td>\n<\/tr>\n<tr style=\"background-color:#f9f9f9;\">\n<td style=\"border:1px solid #c8e6c9; padding:10px;\">1 dia setmana<\/td>\n<td style=\"border:1px solid #c8e6c9; padding:10px;\">23,50 \u20ac<\/td>\n<td style=\"border:1px solid #c8e6c9; padding:10px;\">19,50 \u20ac<\/td>\n<td style=\"border:1px solid #c8e6c9; padding:10px;\">16,50 \u20ac<\/td>\n<\/tr>\n<tr>\n<td style=\"border:1px solid #c8e6c9; padding:10px;\">Dia espor\u00e0dic<\/td>\n<td style=\"border:1px solid #c8e6c9; padding:10px;\">6,00 \u20ac<\/td>\n<td style=\"border:1px solid #c8e6c9; padding:10px;\">5,00 \u20ac<\/td>\n<td style=\"border:1px solid #c8e6c9; padding:10px;\">5,00 \u20ac<\/td>\n<\/tr>\n<\/tbody>\n<\/table>\n<hr>\n<h3>Requisits per formalitzar la inscripci\u00f3<\/h3>\n<ul style=\"list-style:none; padding-left:0;\">\n<li>\u2714 Ser fam\u00edlia associada a l\u2019AFA per al present curs.<br \/>\n      <a href=\"https:\/\/forms.gle\/ZuCv2BAzTw6EGq1v5\" target=\"_blank\">Formulari d\u2019inscripci\u00f3 AFA<\/a>\n  <\/li>\n<li>\u2714 Fer la sol\u00b7licitud de preinscripci\u00f3 per acollida a trav\u00e9s del formulari d\u2019Eina Cooperativa:<br \/>\n      <a href=\"https:\/\/www.einacooperativa.coop\/a-matinal-i-extraescolars-2026-27\/escola-santa-perp%C3%A8tua\" target=\"_blank\"> Formulari Acollida i Extraescolars<\/a>\n  <\/li>\n<li>\u2714 Entendre i acceptar la normativa del servei. Tota la informaci\u00f3 i normativa est\u00e0 disponible a la p\u00e0gina d\u2019Acollida i Extraescolars.<\/li>\n<\/ul>\n<hr>\n<h3>Comissi\u00f3 d\u2019Acollida i Extraescolars<\/h3>\n<p>La COMISSI\u00d3 D\u2019ACOLLIDA I EXTRAESCOLARS es dedica al seguiment i millora del servei d\u2019acollida matinal.<\/p>\n<p>Per a contactar amb la comissi\u00f3 podeu enviar un correu electr\u00f2nic a:<br \/>\n<a href=\"mailto:afasantaperpetua@gmail.com\">afasantaperpetua@gmail.com<\/a><\/p>\n","protected":false},"excerpt":{"rendered":"<p>Info_Extraescolars_acollida_STAPERPETUA_26_27 L\u2019AFA ofereix un servei d\u2019acollida de l\u2019alumnat a trav\u00e9s d\u2019Eina Cooperativa de 7.30 h fins a l\u2019inici de classes. Per al proper curs, l\u2019acollida s\u2019iniciar\u00e0 el dia 8 de setembre, coincidint amb l\u2019inici de les classes. El servei t\u00e9 tres modalitats, segons les necessitats de cada fam\u00edlia. Per als alumnes fixes la quota indicada [&hellip;]<\/p>\n","protected":false},"author":12,"featured_media":0,"parent":633,"menu_order":1,"comment_status":"closed","ping_status":"closed","template":"","meta":{"_bbp_topic_count":0,"_bbp_reply_count":0,"_bbp_total_topic_count":0,"_bbp_total_reply_count":0,"_bbp_voice_count":0,"_bbp_anonymous_reply_count":0,"_bbp_topic_count_hidden":0,"_bbp_reply_count_hidden":0,"_bbp_forum_subforum_count":0,"site-sidebar-layout":"default","site-content-layout":"","ast-site-content-layout":"default","site-content-style":"default","site-sidebar-style":"default","ast-global-header-display":"","ast-banner-title-visibility":"","ast-main-header-display":"","ast-hfb-above-header-display":"","ast-hfb-below-header-display":"","ast-hfb-mobile-header-display":"","site-post-title":"","ast-breadcrumbs-content":"","ast-featured-img":"","footer-sml-layout":"","theme-transparent-header-meta":"default","adv-header-id-meta":"","stick-header-meta":"","header-above-stick-meta":"","header-main-stick-meta":"","header-below-stick-meta":"","astra-migrate-meta-layouts":"set","ast-page-background-enabled":"default","ast-page-background-meta":{"desktop":{"background-color":"var(--ast-global-color-4)","background-image":"","background-repeat":"repeat","background-position":"center center","background-size":"auto","background-attachment":"scroll","background-type":"","background-media":"","overlay-type":"","overlay-color":"","overlay-opacity":"","overlay-gradient":""},"tablet":{"background-color":"","background-image":"","background-repeat":"repeat","background-position":"center center","background-size":"auto","background-attachment":"scroll","background-type":"","background-media":"","overlay-type":"","overlay-color":"","overlay-opacity":"","overlay-gradient":""},"mobile":{"background-color":"","background-image":"","background-repeat":"repeat","background-position":"center center","background-size":"auto","background-attachment":"scroll","background-type":"","background-media":"","overlay-type":"","overlay-color":"","overlay-opacity":"","overlay-gradient":""}},"ast-content-background-meta":{"desktop":{"background-color":"var(--ast-global-color-5)","background-image":"","background-repeat":"repeat","background-position":"center center","background-size":"auto","background-attachment":"scroll","background-type":"","background-media":"","overlay-type":"","overlay-color":"","overlay-opacity":"","overlay-gradient":""},"tablet":{"background-color":"var(--ast-global-color-5)","background-image":"","background-repeat":"repeat","background-position":"center center","background-size":"auto","background-attachment":"scroll","background-type":"","background-media":"","overlay-type":"","overlay-color":"","overlay-opacity":"","overlay-gradient":""},"mobile":{"background-color":"var(--ast-global-color-5)","background-image":"","background-repeat":"repeat","background-position":"center center","background-size":"auto","background-attachment":"scroll","background-type":"","background-media":"","overlay-type":"","overlay-color":"","overlay-opacity":"","overlay-gradient":""}},"footnotes":""},"class_list":["post-686","page","type-page","status-publish","hentry"],"post_mailing_queue_ids":[],"_links":{"self":[{"href":"https:\/\/agora.xtec.cat\/ceip-sp\/wp-json\/wp\/v2\/pages\/686","targetHints":{"allow":["GET"]}}],"collection":[{"href":"https:\/\/agora.xtec.cat\/ceip-sp\/wp-json\/wp\/v2\/pages"}],"about":[{"href":"https:\/\/agora.xtec.cat\/ceip-sp\/wp-json\/wp\/v2\/types\/page"}],"author":[{"embeddable":true,"href":"https:\/\/agora.xtec.cat\/ceip-sp\/wp-json\/wp\/v2\/users\/12"}],"replies":[{"embeddable":true,"href":"https:\/\/agora.xtec.cat\/ceip-sp\/wp-json\/wp\/v2\/comments?post=686"}],"version-history":[{"count":6,"href":"https:\/\/agora.xtec.cat\/ceip-sp\/wp-json\/wp\/v2\/pages\/686\/revisions"}],"predecessor-version":[{"id":16798,"href":"https:\/\/agora.xtec.cat\/ceip-sp\/wp-json\/wp\/v2\/pages\/686\/revisions\/16798"}],"up":[{"embeddable":true,"href":"https:\/\/agora.xtec.cat\/ceip-sp\/wp-json\/wp\/v2\/pages\/633"}],"wp:attachment":[{"href":"https:\/\/agora.xtec.cat\/ceip-sp\/wp-json\/wp\/v2\/media?parent=686"}],"curies":[{"name":"wp","href":"https:\/\/api.w.org\/{rel}","templated":true}]}}

<p><a href="https://agora.xtec.cat/ceip-sp/wp-content/uploads/usu1709/2026/09/Info_Extraescolars_acollida_STAPERPETUA_26_27.pdf">Info_Extraescolars_acollida_STAPERPETUA_26_27</a></p>
<p>L’AFA ofereix un servei d’acollida de l’alumnat a través d’Eina Cooperativa de 7.30 h fins a l’inici de classes. Per al proper curs, l’acollida s’iniciarà el dia 8 de setembre, coincidint amb l’inici de les classes.</p>
<p>El servei té tres modalitats, segons les necessitats de cada família. Per als alumnes fixes la quota indicada és mensual.</p>
<h3 style="color:#5ca047;">Quotes mensuals</h3>
<table style="width:100%; border-collapse:collapse; text-align:center; font-family:Arial, sans-serif;">
<thead>
<tr style="background-color:#e8f5e9; color:#5ca047;">
<th style="border:1px solid #c8e6c9; padding:10px;">Acollida matinal</th>
<th style="border:1px solid #c8e6c9; padding:10px; color:#c2185b;">7:30h &#8211; 9h</th>
<th style="border:1px solid #c8e6c9; padding:10px; color:#c2185b;">8h &#8211; 9h</th>
<th style="border:1px solid #c8e6c9; padding:10px; color:#c2185b;">8:30h &#8211; 9h</th>
</tr>
</thead>
<tbody>
<tr style="background-color:#f9f9f9;">
<td style="border:1px solid #c8e6c9; padding:10px;">5 dies setmana</td>
<td style="border:1px solid #c8e6c9; padding:10px;">43,50 €</td>
<td style="border:1px solid #c8e6c9; padding:10px;">35,50 €</td>
<td style="border:1px solid #c8e6c9; padding:10px;">25,50 €</td>
</tr>
<tr>
<td style="border:1px solid #c8e6c9; padding:10px;">4 dies setmana</td>
<td style="border:1px solid #c8e6c9; padding:10px;">37,50 €</td>
<td style="border:1px solid #c8e6c9; padding:10px;">34,00 €</td>
<td style="border:1px solid #c8e6c9; padding:10px;">24,50 €</td>
</tr>
<tr style="background-color:#f9f9f9;">
<td style="border:1px solid #c8e6c9; padding:10px;">3 dies setmana</td>
<td style="border:1px solid #c8e6c9; padding:10px;">35,50 €</td>
<td style="border:1px solid #c8e6c9; padding:10px;">31,50 €</td>
<td style="border:1px solid #c8e6c9; padding:10px;">23,00 €</td>
</tr>
<tr>
<td style="border:1px solid #c8e6c9; padding:10px;">2 dies setmana</td>
<td style="border:1px solid #c8e6c9; padding:10px;">30,50 €</td>
<td style="border:1px solid #c8e6c9; padding:10px;">27,00 €</td>
<td style="border:1px solid #c8e6c9; padding:10px;">21,50 €</td>
</tr>
<tr style="background-color:#f9f9f9;">
<td style="border:1px solid #c8e6c9; padding:10px;">1 dia setmana</td>
<td style="border:1px solid #c8e6c9; padding:10px;">23,50 €</td>
<td style="border:1px solid #c8e6c9; padding:10px;">19,50 €</td>
<td style="border:1px solid #c8e6c9; padding:10px;">16,50 €</td>
</tr>
<tr>
<td style="border:1px solid #c8e6c9; padding:10px;">Dia esporàdic</td>
<td style="border:1px solid #c8e6c9; padding:10px;">6,00 €</td>
<td style="border:1px solid #c8e6c9; padding:10px;">5,00 €</td>
<td style="border:1px solid #c8e6c9; padding:10px;">5,00 €</td>
</tr>
</tbody>
</table>
<hr>
<h3>Requisits per formalitzar la inscripció</h3>
<ul style="list-style:none; padding-left:0;">
<li>✔ Ser família associada a l’AFA per al present curs.<br />
      <a href="https://forms.gle/ZuCv2BAzTw6EGq1v5" target="_blank">Formulari d’inscripció AFA</a>
  </li>
<li>✔ Fer la sol·licitud de preinscripció per acollida a través del formulari d’Eina Cooperativa:<br />
      <a href="https://www.einacooperativa.coop/a-matinal-i-extraescolars-2026-27/escola-santa-perp%C3%A8tua" target="_blank"> Formulari Acollida i Extraescolars</a>
  </li>
<li>✔ Entendre i acceptar la normativa del servei. Tota la informació i normativa està disponible a la pàgina d’Acollida i Extraescolars.</li>
</ul>
<hr>
<h3>Comissió d’Acollida i Extraescolars</h3>
<p>La COMISSIÓ D’ACOLLIDA I EXTRAESCOLARS es dedica al seguiment i millora del servei d’acollida matinal.</p>
<p>Per a contactar amb la comissió podeu enviar un correu electrònic a:<br />
<a href="mailto:afasantaperpetua@gmail.com">afasantaperpetua@gmail.com</a></p>

<p>Info_Extraescolars_acollida_STAPERPETUA_26_27 L’AFA ofereix un servei d’acollida de l’alumnat a través d’Eina Cooperativa de 7.30 h fins a l’inici de classes. Per al proper curs, l’acollida s’iniciarà el dia 8 de setembre, coincidint amb l’inici de les classes. El servei té tres modalitats, segons les necessitats de cada família. Per als alumnes fixes la quota indicada [&hellip;]</p>
