{"id":532,"date":"2017-11-26T08:51:05","date_gmt":"2017-11-26T07:51:05","guid":{"rendered":"http:\/\/agora.xtec.cat\/ceip-sp\/?page_id=532"},"modified":"2022-07-13T09:16:39","modified_gmt":"2022-07-13T07:16:39","slug":"comunicacio-familia-escola","status":"publish","type":"page","link":"https:\/\/agora.xtec.cat\/ceip-sp\/lescola\/comunicacio-familia-escola\/","title":{"rendered":"Comunicaci\u00f3 fam\u00edlia-escola"},"content":{"rendered":"<p>Per a qualsevol comunicaci\u00f3 a la mestra del vostre fill\/a, cal que utilitzeu l\u2019agenda (prim\u00e0ria) o escriviu una nota (educaci\u00f3 infantil). Tamb\u00e9 podeu escriure un correu electr\u00f2nic a l&#8217;adre\u00e7a que us proporcionaran des de la tutoria.<\/p>\n<p>Tingueu present consultar el lloc web de l\u2019escola doncs l\u2019utilitzem com a mitj\u00e0 de transmissi\u00f3 d\u2019informaci\u00f3. Gaireb\u00e9 totes les informacions us \u00a0arribaran per mitj\u00e0 del correu\u00a0 electr\u00f2nic.<\/p>\n<p>\u00c9s molt important comunicar qualsevol canvi de dades a secretaria (tel\u00e8fon, domicili, adre\u00e7a electr\u00f2nica&#8230;).\u00a0Una manera r\u00e0pida de fer-ho \u00e9s enviant un correu electr\u00f2nic a l&#8217;escola <a href=\"mailto:a8028497@xtec.cat\">a8028497@xtec.cat<\/a><\/p>\n<p>&nbsp;<\/p>\n","protected":false},"excerpt":{"rendered":"<p>Per a qualsevol comunicaci\u00f3 a la mestra del vostre fill\/a, cal que utilitzeu l\u2019agenda (prim\u00e0ria) o escriviu una nota (educaci\u00f3 infantil). Tamb\u00e9 podeu escriure un correu electr\u00f2nic a l&#8217;adre\u00e7a que us proporcionaran des de la tutoria. Tingueu present consultar el lloc web de l\u2019escola doncs l\u2019utilitzem com a mitj\u00e0 de transmissi\u00f3 d\u2019informaci\u00f3. Gaireb\u00e9 totes les [&hellip;]<\/p>\n","protected":false},"author":1,"featured_media":0,"parent":22,"menu_order":10,"comment_status":"closed","ping_status":"closed","template":"page-templates\/side-menu.php","meta":{"_bbp_topic_count":0,"_bbp_reply_count":0,"_bbp_total_topic_count":0,"_bbp_total_reply_count":0,"_bbp_voice_count":0,"_bbp_anonymous_reply_count":0,"_bbp_topic_count_hidden":0,"_bbp_reply_count_hidden":0,"_bbp_forum_subforum_count":0,"site-sidebar-layout":"default","site-content-layout":"","ast-site-content-layout":"","site-content-style":"default","site-sidebar-style":"default","ast-global-header-display":"","ast-banner-title-visibility":"","ast-main-header-display":"","ast-hfb-above-header-display":"","ast-hfb-below-header-display":"","ast-hfb-mobile-header-display":"","site-post-title":"","ast-breadcrumbs-content":"","ast-featured-img":"","footer-sml-layout":"","theme-transparent-header-meta":"","adv-header-id-meta":"","stick-header-meta":"","header-above-stick-meta":"","header-main-stick-meta":"","header-below-stick-meta":"","astra-migrate-meta-layouts":"default","ast-page-background-enabled":"default","ast-page-background-meta":{"desktop":{"background-color":"var(--ast-global-color-4)","background-image":"","background-repeat":"repeat","background-position":"center center","background-size":"auto","background-attachment":"scroll","background-type":"","background-media":"","overlay-type":"","overlay-color":"","overlay-opacity":"","overlay-gradient":""},"tablet":{"background-color":"","background-image":"","background-repeat":"repeat","background-position":"center center","background-size":"auto","background-attachment":"scroll","background-type":"","background-media":"","overlay-type":"","overlay-color":"","overlay-opacity":"","overlay-gradient":""},"mobile":{"background-color":"","background-image":"","background-repeat":"repeat","background-position":"center center","background-size":"auto","background-attachment":"scroll","background-type":"","background-media":"","overlay-type":"","overlay-color":"","overlay-opacity":"","overlay-gradient":""}},"ast-content-background-meta":{"desktop":{"background-color":"var(--ast-global-color-5)","background-image":"","background-repeat":"repeat","background-position":"center center","background-size":"auto","background-attachment":"scroll","background-type":"","background-media":"","overlay-type":"","overlay-color":"","overlay-opacity":"","overlay-gradient":""},"tablet":{"background-color":"var(--ast-global-color-5)","background-image":"","background-repeat":"repeat","background-position":"center center","background-size":"auto","background-attachment":"scroll","background-type":"","background-media":"","overlay-type":"","overlay-color":"","overlay-opacity":"","overlay-gradient":""},"mobile":{"background-color":"var(--ast-global-color-5)","background-image":"","background-repeat":"repeat","background-position":"center center","background-size":"auto","background-attachment":"scroll","background-type":"","background-media":"","overlay-type":"","overlay-color":"","overlay-opacity":"","overlay-gradient":""}},"footnotes":""},"class_list":["post-532","page","type-page","status-publish","hentry"],"post_mailing_queue_ids":[],"_links":{"self":[{"href":"https:\/\/agora.xtec.cat\/ceip-sp\/wp-json\/wp\/v2\/pages\/532","targetHints":{"allow":["GET"]}}],"collection":[{"href":"https:\/\/agora.xtec.cat\/ceip-sp\/wp-json\/wp\/v2\/pages"}],"about":[{"href":"https:\/\/agora.xtec.cat\/ceip-sp\/wp-json\/wp\/v2\/types\/page"}],"author":[{"embeddable":true,"href":"https:\/\/agora.xtec.cat\/ceip-sp\/wp-json\/wp\/v2\/users\/1"}],"replies":[{"embeddable":true,"href":"https:\/\/agora.xtec.cat\/ceip-sp\/wp-json\/wp\/v2\/comments?post=532"}],"version-history":[{"count":3,"href":"https:\/\/agora.xtec.cat\/ceip-sp\/wp-json\/wp\/v2\/pages\/532\/revisions"}],"predecessor-version":[{"id":12288,"href":"https:\/\/agora.xtec.cat\/ceip-sp\/wp-json\/wp\/v2\/pages\/532\/revisions\/12288"}],"up":[{"embeddable":true,"href":"https:\/\/agora.xtec.cat\/ceip-sp\/wp-json\/wp\/v2\/pages\/22"}],"wp:attachment":[{"href":"https:\/\/agora.xtec.cat\/ceip-sp\/wp-json\/wp\/v2\/media?parent=532"}],"curies":[{"name":"wp","href":"https:\/\/api.w.org\/{rel}","templated":true}]}}