{"id":8170,"date":"2016-06-23T08:32:59","date_gmt":"2016-06-23T07:32:59","guid":{"rendered":"http:\/\/agora.xtec.cat\/demoinstitut\/?page_id=1252"},"modified":"2024-10-25T23:37:12","modified_gmt":"2024-10-25T21:37:12","slug":"curs-scratch-primaria","status":"publish","type":"page","link":"https:\/\/agora.xtec.cat\/ceip-sjordi-santpau-subirats\/curs-scratch-primaria\/","title":{"rendered":"Curs de l&#8217;Scratch"},"content":{"rendered":"<header class=\"entry-header \">\n<h1 class=\"entry-title\">Proposta did\u00e0ctica Scratch Challenge<\/h1>\n<\/header>\n<div class=\"entry-content clear\">\n<p><a href=\"http:\/\/agora.xtec.cat\/demoinstitut\/wp-content\/uploads\/usu314\/2016\/06\/ScratchBlogLogo.jpg\" rel=\"attachment wp-att-1253\"><img loading=\"lazy\" decoding=\"async\" class=\"wp-image-1253 aligncenter\" src=\"http:\/\/agora.xtec.cat\/demoinstitut\/wp-content\/uploads\/usu314\/2016\/06\/ScratchBlogLogo.jpg\" alt=\"ScratchBlogLogo\" width=\"691\" height=\"199\" \/><\/a><\/p>\n<p>Curs d\u2019Scratch per a professorat de prim\u00e0ria i primer cicle de secund\u00e0ria.<\/p>\n<p>L\u2019objectiu del curs \u00e9s proporcionar al professorat els materials i els recursos necessaris per implementar a l\u2019aula aquest entorn de programaci\u00f3 seguint els m\u00f2duls desenvolupats.<\/p>\n<h3>DESCRIPCI\u00d3<\/h3>\n<p>Curs basat en materials modulars dirigits a l\u2019alumnat de Cicle Superior de Prim\u00e0ria. Tot i pensar en aquest nivell d\u2019ensenyament, tamb\u00e9 podrien ser emprats per l\u2019alumnat de 1r i 2n d\u2019ESO, tenint en compte que molts centres ho estan duent a terme i que el curr\u00edculum de 2n d\u2019ESO inclou programaci\u00f3. Aix\u00ed mateix, si el centre vol aplicar-ho al Cicle Mitj\u00e0 de Prim\u00e0ria, tamb\u00e9 pot emprar aquests materials. Cada m\u00f2dul correspon a un repte a solucionar amb una previsi\u00f3 de 12 hores de desenvolupament a l\u2019aula.<\/p>\n<p>El m\u00f2duls tenen una estructura seq\u00fcencial, de forma que la seva complexitat es va incrementant. Els centres, en funci\u00f3 de la seva experi\u00e8ncia pr\u00e8via, poden decidir a partir de quin m\u00f2dul comencen a treballar i fins a quin m\u00f2dul pretenen arribar.<\/p>\n<h2>OBJECTIUS<\/h2>\n<p>Introduir la programaci\u00f3 als nivells de prim\u00e0ria (cicle superior) i secund\u00e0ria (1r i 2n)<br \/>\nFomentar el pensament computacional i l\u2019assoliment de les compet\u00e8ncies digitals.<\/p>\n<\/div>\n","protected":false},"excerpt":{"rendered":"<p>Proposta did\u00e0ctica Scratch Challenge<\/p>\n<p><a href=\"http:\/\/agora.xtec.cat\/demoinstitut\/wp-content\/uploads\/usu314\/2016\/06\/ScratchBlogLogo.jpg\" rel=\"attachment wp-att-1253\"><\/a><br \/>\nCurs d\u2019Scratch per a professorat de prim\u00e0ria i primer cicle de secund\u00e0ria.<br \/>\nL\u2019objectiu del curs \u00e9s proporcionar al professorat els materials i els recursos necessaris per implementar a l\u2019aula aquest entorn de programaci\u00f3 seguint els m\u00f2duls desenvolupats.<br \/>\nDESCRIPCI\u00d3<br \/>\nCurs basat en materials&hellip;  <a href=\"https:\/\/agora.xtec.cat\/ceip-sjordi-santpau-subirats\/curs-scratch-primaria\/\" title=\"Read Curs de l&#8217;Scratch\">Llegeix m\u00e9s\u00bb<\/a><\/p>\n","protected":false},"author":1,"featured_media":0,"parent":0,"menu_order":0,"comment_status":"closed","ping_status":"closed","template":"page-templates\/side-menu.php","meta":{"_bbp_topic_count":0,"_bbp_reply_count":0,"_bbp_total_topic_count":0,"_bbp_total_reply_count":0,"_bbp_voice_count":0,"_bbp_anonymous_reply_count":0,"_bbp_topic_count_hidden":0,"_bbp_reply_count_hidden":0,"_bbp_forum_subforum_count":0,"footnotes":""},"class_list":["post-8170","page","type-page","status-publish","hentry"],"post_mailing_queue_ids":[],"_links":{"self":[{"href":"https:\/\/agora.xtec.cat\/ceip-sjordi-santpau-subirats\/wp-json\/wp\/v2\/pages\/8170","targetHints":{"allow":["GET"]}}],"collection":[{"href":"https:\/\/agora.xtec.cat\/ceip-sjordi-santpau-subirats\/wp-json\/wp\/v2\/pages"}],"about":[{"href":"https:\/\/agora.xtec.cat\/ceip-sjordi-santpau-subirats\/wp-json\/wp\/v2\/types\/page"}],"author":[{"embeddable":true,"href":"https:\/\/agora.xtec.cat\/ceip-sjordi-santpau-subirats\/wp-json\/wp\/v2\/users\/1"}],"replies":[{"embeddable":true,"href":"https:\/\/agora.xtec.cat\/ceip-sjordi-santpau-subirats\/wp-json\/wp\/v2\/comments?post=8170"}],"version-history":[{"count":2,"href":"https:\/\/agora.xtec.cat\/ceip-sjordi-santpau-subirats\/wp-json\/wp\/v2\/pages\/8170\/revisions"}],"predecessor-version":[{"id":21951,"href":"https:\/\/agora.xtec.cat\/ceip-sjordi-santpau-subirats\/wp-json\/wp\/v2\/pages\/8170\/revisions\/21951"}],"wp:attachment":[{"href":"https:\/\/agora.xtec.cat\/ceip-sjordi-santpau-subirats\/wp-json\/wp\/v2\/media?parent=8170"}],"curies":[{"name":"wp","href":"https:\/\/api.w.org\/{rel}","templated":true}]}}