{"id":24,"date":"2014-09-18T12:23:15","date_gmt":"2014-09-18T10:23:15","guid":{"rendered":"http:\/\/agora.xtec.cat\/ceip-sjordi-santpau-subirats\/?page_id=24"},"modified":"2022-10-05T09:31:38","modified_gmt":"2022-10-05T07:31:38","slug":"on-som","status":"publish","type":"page","link":"https:\/\/agora.xtec.cat\/ceip-sjordi-santpau-subirats\/lescola\/on-som\/","title":{"rendered":"On som"},"content":{"rendered":"<p><span lang=\"EN-US\">L\u2019escola Sant Jordi de Sant Pau d\u2019Ordal \u00e9s una Escola Rural situada a la comarca de l\u2019Alt Pened\u00e8s.<\/span><\/p>\n<p style=\"text-align: justify;\"><span lang=\"EN-US\">El poble t\u00e9 un entorn definit pel seu paisatge de vinyes i presseguers, el seu nucli urb\u00e0 de cases unifamiliars agrupades al voltant de la pla\u00e7a de Subirats i altres carrers, barris i masies separats del centre. Tot i ser un poble petit de nom\u00e9s 600 habitants compta amb nombrosos centres de treball i serveis: metge, correus, ajuntament, botigues, farm\u00e0cia, tallers, caves, restaurants&#8230; que atreuen nombrosos ve\u00efns del municipi, treballadors i turistes de cap de setmana.<\/span><\/p>\n<p style=\"text-align: justify;\"><span lang=\"EN-US\">Aquest entorn i les relacions de conviv\u00e8ncia que s\u2019estableixen, tenen un paper important en els costums i la manera de fer de la gent que hi vivim i tamb\u00e9 de l\u2019escola.<\/span><\/p>\n<p style=\"text-align: justify;\">Si us ve de gust ens podeu trobar a:<\/p>\n<table>\n<tbody>\n<tr>\n<td>\n<p style=\"text-align: center;\"><span style=\"color: #993366;\"><strong>Escola Sant Jordi<\/strong><\/span><\/p>\n<p style=\"text-align: center;\">C\/ Ponent, 17<\/p>\n<p style=\"text-align: center;\">08739 Sant Pau d&#8217;Ordal, Subirats<\/p>\n<p style=\"text-align: center;\"><strong>Tel\u00e8fon de contacte:<\/strong> 938994723<\/p>\n<p style=\"text-align: center;\"><strong>Correu electr\u00f2nic:<\/strong> a8029192@xtec.cat<\/p>\n<\/td>\n<\/tr>\n<\/tbody>\n<\/table>\n<p>&nbsp;<\/p>\n<p><iframe loading=\"lazy\" src=\"https:\/\/www.google.com\/maps\/embed?pb=!1m18!1m12!1m3!1d95815.16747673879!2d1.778627837718014!3d41.369218147109414!2m3!1f0!2f0!3f0!3m2!1i1024!2i768!4f13.1!3m3!1m2!1s0x12a47dabbc3370b9%3A0x1030919d59af7bbc!2s08739+Sant+Pau+d'Ordal%2C+Barcelona!5e0!3m2!1sca!2ses!4v1491227727055\" width=\"800\" height=\"600\" frameborder=\"0\"><\/iframe><\/p>\n","protected":false},"excerpt":{"rendered":"<p>L\u2019escola Sant Jordi de Sant Pau d\u2019Ordal \u00e9s una Escola Rural situada a la comarca de l\u2019Alt Pened\u00e8s.<br \/>\nEl poble t\u00e9 un entorn definit pel seu paisatge de vinyes i presseguers, el seu nucli urb\u00e0 de cases unifamiliars agrupades al voltant de la pla\u00e7a de Subirats&hellip;  <a href=\"https:\/\/agora.xtec.cat\/ceip-sjordi-santpau-subirats\/lescola\/on-som\/\" title=\"Read On som\">Llegeix m\u00e9s\u00bb<\/a><\/p>\n","protected":false},"author":1,"featured_media":0,"parent":22,"menu_order":10,"comment_status":"closed","ping_status":"closed","template":"page-templates\/side-menu.php","meta":{"_bbp_topic_count":0,"_bbp_reply_count":0,"_bbp_total_topic_count":0,"_bbp_total_reply_count":0,"_bbp_voice_count":0,"_bbp_anonymous_reply_count":0,"_bbp_topic_count_hidden":0,"_bbp_reply_count_hidden":0,"_bbp_forum_subforum_count":0,"footnotes":""},"class_list":["post-24","page","type-page","status-publish","hentry"],"post_mailing_queue_ids":[],"_links":{"self":[{"href":"https:\/\/agora.xtec.cat\/ceip-sjordi-santpau-subirats\/wp-json\/wp\/v2\/pages\/24","targetHints":{"allow":["GET"]}}],"collection":[{"href":"https:\/\/agora.xtec.cat\/ceip-sjordi-santpau-subirats\/wp-json\/wp\/v2\/pages"}],"about":[{"href":"https:\/\/agora.xtec.cat\/ceip-sjordi-santpau-subirats\/wp-json\/wp\/v2\/types\/page"}],"author":[{"embeddable":true,"href":"https:\/\/agora.xtec.cat\/ceip-sjordi-santpau-subirats\/wp-json\/wp\/v2\/users\/1"}],"replies":[{"embeddable":true,"href":"https:\/\/agora.xtec.cat\/ceip-sjordi-santpau-subirats\/wp-json\/wp\/v2\/comments?post=24"}],"version-history":[{"count":4,"href":"https:\/\/agora.xtec.cat\/ceip-sjordi-santpau-subirats\/wp-json\/wp\/v2\/pages\/24\/revisions"}],"predecessor-version":[{"id":20892,"href":"https:\/\/agora.xtec.cat\/ceip-sjordi-santpau-subirats\/wp-json\/wp\/v2\/pages\/24\/revisions\/20892"}],"up":[{"embeddable":true,"href":"https:\/\/agora.xtec.cat\/ceip-sjordi-santpau-subirats\/wp-json\/wp\/v2\/pages\/22"}],"wp:attachment":[{"href":"https:\/\/agora.xtec.cat\/ceip-sjordi-santpau-subirats\/wp-json\/wp\/v2\/media?parent=24"}],"curies":[{"name":"wp","href":"https:\/\/api.w.org\/{rel}","templated":true}]}}