{"id":19517,"date":"2021-09-14T11:22:01","date_gmt":"2021-09-14T09:22:01","guid":{"rendered":"https:\/\/agora.xtec.cat\/ceip-sjordi-santpau-subirats\/?page_id=19517"},"modified":"2023-10-04T20:31:58","modified_gmt":"2023-10-04T18:31:58","slug":"acollida-2","status":"publish","type":"page","link":"https:\/\/agora.xtec.cat\/ceip-sjordi-santpau-subirats\/ampa\/acollida-2\/","title":{"rendered":"Acollida"},"content":{"rendered":"<p>L&#8217;AMPA gestiona l&#8217;acollida a trav\u00e9s de l&#8217;empresa <strong>FUNDESPLAI<\/strong>.<\/p>\n<p>La monitora \u00e9s la J\u00e8ssica<\/p>\n<p><strong>Matins de 8h a 9h<\/strong><\/p>\n<p>&#8211; Fixes: Quota \u00fanica de 28,20 \u20ac\/mes<\/p>\n<p>&#8211; Espor\u00e0dics: Quota \u00fanica de 4,10 \u20ac\/dia<\/p>\n<p>La comunicaci\u00f3 amb Fundesplai es far\u00e0 a trav\u00e9s de l&#8217;aplicaci\u00f3 o sol\u00b7licitant cita pr\u00e8via amb la Montse (617 854 205)<\/p>\n","protected":false},"excerpt":{"rendered":"<p>L&#8217;AMPA gestiona l&#8217;acollida a trav\u00e9s de l&#8217;empresa FUNDESPLAI.<br \/>\nLa monitora \u00e9s la J\u00e8ssica<br \/>\nMatins de 8h a 9h<br \/>\n&#8211; Fixes: Quota \u00fanica de 28,20 \u20ac\/mes<br \/>\n&#8211; Espor\u00e0dics: Quota \u00fanica de 4,10 \u20ac\/dia<br \/>\nLa comunicaci\u00f3 amb Fundesplai es far\u00e0 a trav\u00e9s de l&#8217;aplicaci\u00f3 o sol\u00b7licitant cita pr\u00e8via amb la Montse (617&hellip;  <a href=\"https:\/\/agora.xtec.cat\/ceip-sjordi-santpau-subirats\/ampa\/acollida-2\/\" title=\"Read Acollida\">Llegeix m\u00e9s\u00bb<\/a><\/p>\n","protected":false},"author":55,"featured_media":0,"parent":10823,"menu_order":5,"comment_status":"closed","ping_status":"closed","template":"page-templates\/side-menu.php","meta":{"_bbp_topic_count":0,"_bbp_reply_count":0,"_bbp_total_topic_count":0,"_bbp_total_reply_count":0,"_bbp_voice_count":0,"_bbp_anonymous_reply_count":0,"_bbp_topic_count_hidden":0,"_bbp_reply_count_hidden":0,"_bbp_forum_subforum_count":0,"footnotes":""},"class_list":["post-19517","page","type-page","status-publish","hentry"],"post_mailing_queue_ids":[],"_links":{"self":[{"href":"https:\/\/agora.xtec.cat\/ceip-sjordi-santpau-subirats\/wp-json\/wp\/v2\/pages\/19517","targetHints":{"allow":["GET"]}}],"collection":[{"href":"https:\/\/agora.xtec.cat\/ceip-sjordi-santpau-subirats\/wp-json\/wp\/v2\/pages"}],"about":[{"href":"https:\/\/agora.xtec.cat\/ceip-sjordi-santpau-subirats\/wp-json\/wp\/v2\/types\/page"}],"author":[{"embeddable":true,"href":"https:\/\/agora.xtec.cat\/ceip-sjordi-santpau-subirats\/wp-json\/wp\/v2\/users\/55"}],"replies":[{"embeddable":true,"href":"https:\/\/agora.xtec.cat\/ceip-sjordi-santpau-subirats\/wp-json\/wp\/v2\/comments?post=19517"}],"version-history":[{"count":5,"href":"https:\/\/agora.xtec.cat\/ceip-sjordi-santpau-subirats\/wp-json\/wp\/v2\/pages\/19517\/revisions"}],"predecessor-version":[{"id":21318,"href":"https:\/\/agora.xtec.cat\/ceip-sjordi-santpau-subirats\/wp-json\/wp\/v2\/pages\/19517\/revisions\/21318"}],"up":[{"embeddable":true,"href":"https:\/\/agora.xtec.cat\/ceip-sjordi-santpau-subirats\/wp-json\/wp\/v2\/pages\/10823"}],"wp:attachment":[{"href":"https:\/\/agora.xtec.cat\/ceip-sjordi-santpau-subirats\/wp-json\/wp\/v2\/media?parent=19517"}],"curies":[{"name":"wp","href":"https:\/\/api.w.org\/{rel}","templated":true}]}}