{"id":10871,"date":"2018-01-20T20:46:06","date_gmt":"2018-01-20T19:46:06","guid":{"rendered":"http:\/\/agora.xtec.cat\/ceip-sjordi-santpau-subirats\/?page_id=10871"},"modified":"2024-09-10T12:20:56","modified_gmt":"2024-09-10T10:20:56","slug":"festes","status":"publish","type":"page","link":"https:\/\/agora.xtec.cat\/ceip-sjordi-santpau-subirats\/ampa\/festes\/","title":{"rendered":"Festes i activitats 2024\/2025"},"content":{"rendered":"<p>L&#8217;AFA organitza les seg\u00fcents festes i jornades<\/p>\n<ul>\n<li>Xocolatada de Festa Major<\/li>\n<li>Carnestoltes<\/li>\n<li>Festa de fi de curs i comiat de sis\u00e8<\/li>\n<\/ul>\n<p style=\"text-align: justify;\"><strong>Comissi\u00f3 de festes:<\/strong> Cl\u00e0udia Alonso, Lourdes Monta\u00f1a i Rut Jariod<\/p>\n","protected":false},"excerpt":{"rendered":"<p>L&#8217;AFA organitza les seg\u00fcents festes i jornades<\/p>\n<ul>\n<li>Xocolatada de Festa Major<\/li>\n<li>Carnestoltes<\/li>\n<li>Festa de fi de curs i comiat de sis\u00e8<\/li>\n<\/ul>\n<p>Comissi\u00f3 de festes: Cl\u00e0udia Alonso, Lourdes Monta\u00f1a i Rut Jariod<\/p>\n","protected":false},"author":55,"featured_media":0,"parent":10823,"menu_order":7,"comment_status":"closed","ping_status":"closed","template":"page-templates\/side-menu.php","meta":{"_bbp_topic_count":0,"_bbp_reply_count":0,"_bbp_total_topic_count":0,"_bbp_total_reply_count":0,"_bbp_voice_count":0,"_bbp_anonymous_reply_count":0,"_bbp_topic_count_hidden":0,"_bbp_reply_count_hidden":0,"_bbp_forum_subforum_count":0,"footnotes":""},"class_list":["post-10871","page","type-page","status-publish","hentry"],"post_mailing_queue_ids":[],"_links":{"self":[{"href":"https:\/\/agora.xtec.cat\/ceip-sjordi-santpau-subirats\/wp-json\/wp\/v2\/pages\/10871","targetHints":{"allow":["GET"]}}],"collection":[{"href":"https:\/\/agora.xtec.cat\/ceip-sjordi-santpau-subirats\/wp-json\/wp\/v2\/pages"}],"about":[{"href":"https:\/\/agora.xtec.cat\/ceip-sjordi-santpau-subirats\/wp-json\/wp\/v2\/types\/page"}],"author":[{"embeddable":true,"href":"https:\/\/agora.xtec.cat\/ceip-sjordi-santpau-subirats\/wp-json\/wp\/v2\/users\/55"}],"replies":[{"embeddable":true,"href":"https:\/\/agora.xtec.cat\/ceip-sjordi-santpau-subirats\/wp-json\/wp\/v2\/comments?post=10871"}],"version-history":[{"count":7,"href":"https:\/\/agora.xtec.cat\/ceip-sjordi-santpau-subirats\/wp-json\/wp\/v2\/pages\/10871\/revisions"}],"predecessor-version":[{"id":21690,"href":"https:\/\/agora.xtec.cat\/ceip-sjordi-santpau-subirats\/wp-json\/wp\/v2\/pages\/10871\/revisions\/21690"}],"up":[{"embeddable":true,"href":"https:\/\/agora.xtec.cat\/ceip-sjordi-santpau-subirats\/wp-json\/wp\/v2\/pages\/10823"}],"wp:attachment":[{"href":"https:\/\/agora.xtec.cat\/ceip-sjordi-santpau-subirats\/wp-json\/wp\/v2\/media?parent=10871"}],"curies":[{"name":"wp","href":"https:\/\/api.w.org\/{rel}","templated":true}]}}