{"id":66,"date":"2016-02-21T22:47:47","date_gmt":"2016-02-21T21:47:47","guid":{"rendered":"http:\/\/agora.xtec.cat\/ceip-simeo-rabasa\/?page_id=66"},"modified":"2025-09-23T12:21:58","modified_gmt":"2025-09-23T10:21:58","slug":"serveis","status":"publish","type":"page","link":"https:\/\/agora.xtec.cat\/ceip-simeo-rabasa\/lescola\/informacions-de-lescola\/serveis\/","title":{"rendered":"Serveis"},"content":{"rendered":"<p>Els serveis que ofereix el centre s\u00f3n:<\/p>\n<p><strong>ACOLLIDA MATINAL:<\/strong> de 7.30 h a 9.00h, a l&#8217;edifici principal.<\/p>\n<p><strong>LUDOTECA i <\/strong><strong>ACTIVITATS EXTRAESCOLARS<\/strong><\/p>\n<p><strong>MENJADOR ESCOLAR<\/strong><\/p>\n<p>L&#8217;empresa encarregada del servei de menjador \u00e9s &#8220;<em>La vostra cuina&#8221;.<\/em> La coordinadora del servei at\u00e9n les fam\u00edlies di\u00e0riament de 9.00h a 10.00h via WhatsApp al tel\u00e8fon 672425197.<\/p>\n<p>L&#8217;empresa cobra els rebuts per domiciliaci\u00f3 banc\u00e0ria. La no assist\u00e8ncia d&#8217;un usuari\/a fix, cal comunicar-la\u00a0 a la coordinadora de menjador abans de les 9.30 h; en cas contrari, l&#8217;empresa cobrar\u00e0 el servei. L&#8217;\u00fas del servei dels alumnes espor\u00e0dics, tamb\u00e9 cal comunicar-ho abans de les 9.30 h (tel\u00e8fon o Mail).<\/p>\n<p>Per a poder fer \u00fas del servei de menjador \u00e9s obligatori lliurar la fitxa m\u00e8dica (al\u00b7l\u00e8rgies \/ intoler\u00e0ncies) del vostre fill\/a.<\/p>\n<p>Tel\u00e8fon coordinadora menjador: 672425197\u00a0 \u00a0 \u00a0 \u00a0 \u00a0 \u00a0 \u00a0 \u00a0 \u00a0 \u00a0 \u00a0 \u00a0 \u00a0 \u00a0Mail menjador: simeo@vostracuina.com<\/p>\n","protected":false},"excerpt":{"rendered":"<p>Els serveis que ofereix el centre s\u00f3n: ACOLLIDA MATINAL: de 7.30 h a 9.00h, a l&#8217;edifici principal. LUDOTECA i ACTIVITATS EXTRAESCOLARS MENJADOR ESCOLAR L&#8217;empresa encarregada del servei de menjador \u00e9s &#8220;La vostra cuina&#8221;. La coordinadora del servei at\u00e9n les fam\u00edlies di\u00e0riament de 9.00h a 10.00h via WhatsApp al tel\u00e8fon 672425197. L&#8217;empresa cobra els rebuts per [&hellip;]<\/p>\n","protected":false},"author":1,"featured_media":0,"parent":554,"menu_order":22,"comment_status":"closed","ping_status":"closed","template":"","meta":{"_bbp_topic_count":0,"_bbp_reply_count":0,"_bbp_total_topic_count":0,"_bbp_total_reply_count":0,"_bbp_voice_count":0,"_bbp_anonymous_reply_count":0,"_bbp_topic_count_hidden":0,"_bbp_reply_count_hidden":0,"_bbp_forum_subforum_count":0,"site-sidebar-layout":"default","site-content-layout":"","ast-site-content-layout":"default","site-content-style":"default","site-sidebar-style":"default","ast-global-header-display":"","ast-banner-title-visibility":"","ast-main-header-display":"","ast-hfb-above-header-display":"","ast-hfb-below-header-display":"","ast-hfb-mobile-header-display":"","site-post-title":"","ast-breadcrumbs-content":"","ast-featured-img":"","footer-sml-layout":"","theme-transparent-header-meta":"","adv-header-id-meta":"","stick-header-meta":"","header-above-stick-meta":"","header-main-stick-meta":"","header-below-stick-meta":"","astra-migrate-meta-layouts":"set","ast-page-background-enabled":"default","ast-page-background-meta":{"desktop":{"background-color":"var(--ast-global-color-4)","background-image":"","background-repeat":"repeat","background-position":"center center","background-size":"auto","background-attachment":"scroll","background-type":"","background-media":"","overlay-type":"","overlay-color":"","overlay-opacity":"","overlay-gradient":""},"tablet":{"background-color":"","background-image":"","background-repeat":"repeat","background-position":"center center","background-size":"auto","background-attachment":"scroll","background-type":"","background-media":"","overlay-type":"","overlay-color":"","overlay-opacity":"","overlay-gradient":""},"mobile":{"background-color":"","background-image":"","background-repeat":"repeat","background-position":"center center","background-size":"auto","background-attachment":"scroll","background-type":"","background-media":"","overlay-type":"","overlay-color":"","overlay-opacity":"","overlay-gradient":""}},"ast-content-background-meta":{"desktop":{"background-color":"var(--ast-global-color-5)","background-image":"","background-repeat":"repeat","background-position":"center center","background-size":"auto","background-attachment":"scroll","background-type":"","background-media":"","overlay-type":"","overlay-color":"","overlay-opacity":"","overlay-gradient":""},"tablet":{"background-color":"var(--ast-global-color-5)","background-image":"","background-repeat":"repeat","background-position":"center center","background-size":"auto","background-attachment":"scroll","background-type":"","background-media":"","overlay-type":"","overlay-color":"","overlay-opacity":"","overlay-gradient":""},"mobile":{"background-color":"var(--ast-global-color-5)","background-image":"","background-repeat":"repeat","background-position":"center center","background-size":"auto","background-attachment":"scroll","background-type":"","background-media":"","overlay-type":"","overlay-color":"","overlay-opacity":"","overlay-gradient":""}},"footnotes":""},"class_list":["post-66","page","type-page","status-publish","hentry"],"post_mailing_queue_ids":[],"_links":{"self":[{"href":"https:\/\/agora.xtec.cat\/ceip-simeo-rabasa\/wp-json\/wp\/v2\/pages\/66","targetHints":{"allow":["GET"]}}],"collection":[{"href":"https:\/\/agora.xtec.cat\/ceip-simeo-rabasa\/wp-json\/wp\/v2\/pages"}],"about":[{"href":"https:\/\/agora.xtec.cat\/ceip-simeo-rabasa\/wp-json\/wp\/v2\/types\/page"}],"author":[{"embeddable":true,"href":"https:\/\/agora.xtec.cat\/ceip-simeo-rabasa\/wp-json\/wp\/v2\/users\/1"}],"replies":[{"embeddable":true,"href":"https:\/\/agora.xtec.cat\/ceip-simeo-rabasa\/wp-json\/wp\/v2\/comments?post=66"}],"version-history":[{"count":4,"href":"https:\/\/agora.xtec.cat\/ceip-simeo-rabasa\/wp-json\/wp\/v2\/pages\/66\/revisions"}],"predecessor-version":[{"id":6982,"href":"https:\/\/agora.xtec.cat\/ceip-simeo-rabasa\/wp-json\/wp\/v2\/pages\/66\/revisions\/6982"}],"up":[{"embeddable":true,"href":"https:\/\/agora.xtec.cat\/ceip-simeo-rabasa\/wp-json\/wp\/v2\/pages\/554"}],"wp:attachment":[{"href":"https:\/\/agora.xtec.cat\/ceip-simeo-rabasa\/wp-json\/wp\/v2\/media?parent=66"}],"curies":[{"name":"wp","href":"https:\/\/api.w.org\/{rel}","templated":true}]}}

<p>Els serveis que ofereix el centre són:</p>
<p><strong>ACOLLIDA MATINAL:</strong> de 7.30 h a 9.00h, a l&#8217;edifici principal.</p>
<p><strong>LUDOTECA i </strong><strong>ACTIVITATS EXTRAESCOLARS</strong></p>
<p><strong>MENJADOR ESCOLAR</strong></p>
<p>L&#8217;empresa encarregada del servei de menjador és &#8220;<em>La vostra cuina&#8221;.</em> La coordinadora del servei atén les famílies diàriament de 9.00h a 10.00h via WhatsApp al telèfon 672425197.</p>
<p>L&#8217;empresa cobra els rebuts per domiciliació bancària. La no assistència d&#8217;un usuari/a fix, cal comunicar-la  a la coordinadora de menjador abans de les 9.30 h; en cas contrari, l&#8217;empresa cobrarà el servei. L&#8217;ús del servei dels alumnes esporàdics, també cal comunicar-ho abans de les 9.30 h (telèfon o Mail).</p>
<p>Per a poder fer ús del servei de menjador és obligatori lliurar la fitxa mèdica (al·lèrgies / intoleràncies) del vostre fill/a.</p>
<p>Telèfon coordinadora menjador: 672425197                           Mail menjador: simeo@vostracuina.com</p>

<p>Els serveis que ofereix el centre són: ACOLLIDA MATINAL: de 7.30 h a 9.00h, a l&#8217;edifici principal. LUDOTECA i ACTIVITATS EXTRAESCOLARS MENJADOR ESCOLAR L&#8217;empresa encarregada del servei de menjador és &#8220;La vostra cuina&#8221;. La coordinadora del servei atén les famílies diàriament de 9.00h a 10.00h via WhatsApp al telèfon 672425197. L&#8217;empresa cobra els rebuts per [&hellip;]</p>
