{"id":291,"date":"2016-02-21T23:35:32","date_gmt":"2016-02-21T22:35:32","guid":{"rendered":"http:\/\/agora.xtec.cat\/ceip-simeo-rabasa\/?page_id=291"},"modified":"2023-09-21T09:29:23","modified_gmt":"2023-09-21T07:29:23","slug":"horaris-atencio-a-les-families","status":"publish","type":"page","link":"https:\/\/agora.xtec.cat\/ceip-simeo-rabasa\/lescola\/informacions-de-lescola\/horaris-atencio-a-les-families\/","title":{"rendered":"Horaris d&#8217;atenci\u00f3 a les fam\u00edlies"},"content":{"rendered":"<p>L&#8217;<strong>horari del tutor\/a per atendre les fam\u00edlies<\/strong> \u00e9s diferent per cada curs. Aquest curs 2023- 2024 els horaris s\u00f3n els seg\u00fcents:<\/p>\n<table style=\"border-collapse: collapse; width: 22.1167%;\">\n<tbody>\n<tr>\n<td style=\"width: 3.41297%;\">i3<\/td>\n<td style=\"width: 89.1533%;\">Divendres de 10h a 11:30h<\/td>\n<\/tr>\n<tr>\n<td style=\"width: 3.41297%;\">i4<\/td>\n<td style=\"width: 89.1533%;\">Dilluns de 10h a 11:30h<\/td>\n<\/tr>\n<tr>\n<td style=\"width: 3.41297%;\">i5<\/td>\n<td style=\"width: 89.1533%;\">Dimarts de 10h a 11:30h<\/td>\n<\/tr>\n<tr>\n<td style=\"width: 3.41297%;\">1r<\/td>\n<td style=\"width: 89.1533%;\">Dimecres de 10h a 11:30h<\/td>\n<\/tr>\n<tr>\n<td style=\"width: 3.41297%;\">2n<\/td>\n<td style=\"width: 89.1533%;\">Divendres de 11h a 12:30h<\/td>\n<\/tr>\n<tr>\n<td style=\"width: 3.41297%;\">3r<\/td>\n<td style=\"width: 89.1533%;\">Dijous de 11h a 12:30h<\/td>\n<\/tr>\n<tr>\n<td style=\"width: 3.41297%;\">4t<\/td>\n<td style=\"width: 89.1533%;\">Dimecres de 11h a 12:30h<\/td>\n<\/tr>\n<tr>\n<td style=\"width: 3.41297%;\">5\u00e8<\/td>\n<td style=\"width: 89.1533%;\">Dijous de 11h a 12:30h<\/td>\n<\/tr>\n<tr>\n<td style=\"width: 3.41297%;\">6\u00e8<\/td>\n<td style=\"width: 89.1533%;\">Divendres de 11h a 12:30h<\/td>\n<\/tr>\n<\/tbody>\n<\/table>\n<p>&nbsp;<\/p>\n","protected":false},"excerpt":{"rendered":"<p>L&#8217;horari del tutor\/a per atendre les fam\u00edlies \u00e9s diferent per cada curs. Aquest curs 2023- 2024 els horaris s\u00f3n els seg\u00fcents: i3 Divendres de 10h a 11:30h i4 Dilluns de 10h a 11:30h i5 Dimarts de 10h a 11:30h 1r Dimecres de 10h a 11:30h 2n Divendres de 11h a 12:30h 3r Dijous de 11h [&hellip;]<\/p>\n","protected":false},"author":1,"featured_media":0,"parent":554,"menu_order":30,"comment_status":"closed","ping_status":"closed","template":"page-templates\/side-menu.php","meta":{"_bbp_topic_count":0,"_bbp_reply_count":0,"_bbp_total_topic_count":0,"_bbp_total_reply_count":0,"_bbp_voice_count":0,"_bbp_anonymous_reply_count":0,"_bbp_topic_count_hidden":0,"_bbp_reply_count_hidden":0,"_bbp_forum_subforum_count":0,"site-sidebar-layout":"default","site-content-layout":"","ast-site-content-layout":"","site-content-style":"default","site-sidebar-style":"default","ast-global-header-display":"","ast-banner-title-visibility":"","ast-main-header-display":"","ast-hfb-above-header-display":"","ast-hfb-below-header-display":"","ast-hfb-mobile-header-display":"","site-post-title":"","ast-breadcrumbs-content":"","ast-featured-img":"","footer-sml-layout":"","theme-transparent-header-meta":"","adv-header-id-meta":"","stick-header-meta":"","header-above-stick-meta":"","header-main-stick-meta":"","header-below-stick-meta":"","astra-migrate-meta-layouts":"default","ast-page-background-enabled":"default","ast-page-background-meta":{"desktop":{"background-color":"var(--ast-global-color-4)","background-image":"","background-repeat":"repeat","background-position":"center center","background-size":"auto","background-attachment":"scroll","background-type":"","background-media":"","overlay-type":"","overlay-color":"","overlay-opacity":"","overlay-gradient":""},"tablet":{"background-color":"","background-image":"","background-repeat":"repeat","background-position":"center center","background-size":"auto","background-attachment":"scroll","background-type":"","background-media":"","overlay-type":"","overlay-color":"","overlay-opacity":"","overlay-gradient":""},"mobile":{"background-color":"","background-image":"","background-repeat":"repeat","background-position":"center center","background-size":"auto","background-attachment":"scroll","background-type":"","background-media":"","overlay-type":"","overlay-color":"","overlay-opacity":"","overlay-gradient":""}},"ast-content-background-meta":{"desktop":{"background-color":"var(--ast-global-color-5)","background-image":"","background-repeat":"repeat","background-position":"center center","background-size":"auto","background-attachment":"scroll","background-type":"","background-media":"","overlay-type":"","overlay-color":"","overlay-opacity":"","overlay-gradient":""},"tablet":{"background-color":"var(--ast-global-color-5)","background-image":"","background-repeat":"repeat","background-position":"center center","background-size":"auto","background-attachment":"scroll","background-type":"","background-media":"","overlay-type":"","overlay-color":"","overlay-opacity":"","overlay-gradient":""},"mobile":{"background-color":"var(--ast-global-color-5)","background-image":"","background-repeat":"repeat","background-position":"center center","background-size":"auto","background-attachment":"scroll","background-type":"","background-media":"","overlay-type":"","overlay-color":"","overlay-opacity":"","overlay-gradient":""}},"footnotes":""},"class_list":["post-291","page","type-page","status-publish","hentry"],"post_mailing_queue_ids":[],"_links":{"self":[{"href":"https:\/\/agora.xtec.cat\/ceip-simeo-rabasa\/wp-json\/wp\/v2\/pages\/291","targetHints":{"allow":["GET"]}}],"collection":[{"href":"https:\/\/agora.xtec.cat\/ceip-simeo-rabasa\/wp-json\/wp\/v2\/pages"}],"about":[{"href":"https:\/\/agora.xtec.cat\/ceip-simeo-rabasa\/wp-json\/wp\/v2\/types\/page"}],"author":[{"embeddable":true,"href":"https:\/\/agora.xtec.cat\/ceip-simeo-rabasa\/wp-json\/wp\/v2\/users\/1"}],"replies":[{"embeddable":true,"href":"https:\/\/agora.xtec.cat\/ceip-simeo-rabasa\/wp-json\/wp\/v2\/comments?post=291"}],"version-history":[{"count":3,"href":"https:\/\/agora.xtec.cat\/ceip-simeo-rabasa\/wp-json\/wp\/v2\/pages\/291\/revisions"}],"predecessor-version":[{"id":5635,"href":"https:\/\/agora.xtec.cat\/ceip-simeo-rabasa\/wp-json\/wp\/v2\/pages\/291\/revisions\/5635"}],"up":[{"embeddable":true,"href":"https:\/\/agora.xtec.cat\/ceip-simeo-rabasa\/wp-json\/wp\/v2\/pages\/554"}],"wp:attachment":[{"href":"https:\/\/agora.xtec.cat\/ceip-simeo-rabasa\/wp-json\/wp\/v2\/media?parent=291"}],"curies":[{"name":"wp","href":"https:\/\/api.w.org\/{rel}","templated":true}]}}