{"id":2867,"date":"2019-12-04T16:34:31","date_gmt":"2019-12-04T15:34:31","guid":{"rendered":"http:\/\/agora.xtec.cat\/ceip-simeo-rabasa\/?page_id=2867"},"modified":"2024-04-30T16:33:08","modified_gmt":"2024-04-30T14:33:08","slug":"projecte-dinnovacio-aquiproubullying","status":"publish","type":"page","link":"https:\/\/agora.xtec.cat\/ceip-simeo-rabasa\/lescola\/projectes-actuals\/projecte-dinnovacio-aquiproubullying\/","title":{"rendered":"Projecte d&#8217;Innovaci\u00f3 #aquiproubullying"},"content":{"rendered":"<p><a href=\"https:\/\/agora.xtec.cat\/ceip-simeo-rabasa\/wp-content\/uploads\/usu903\/2019\/12\/qqqqq.png\"><img loading=\"lazy\" decoding=\"async\" class=\"size-full wp-image-2873 alignleft\" src=\"https:\/\/agora.xtec.cat\/ceip-simeo-rabasa\/wp-content\/uploads\/usu903\/2019\/12\/qqqqq.png\" alt=\"\" width=\"215\" height=\"130\" \/><\/a><\/p>\n<h5 style=\"text-align: justify;\">E<strong>l programa d&#8217; Innovaci\u00f3 Educativa #aquiproubullying del Departament d&#8217; Educaci\u00f3 posa a l\u2019 abast dels centres la formaci\u00f3, estrat\u00e8gies i recursos necessaris per elaborar un projecte de prevenci\u00f3, detecci\u00f3 i intervenci\u00f3 davant l\u2019assetjament amb la participaci\u00f3 de tota la comunitat escolar, especialment de l\u2019alumnat de 5\u00e8 i 6\u00e8 curs qui actuar\u00e0 com observador i agent actiu i comprom\u00e8s en la lluita contra l\u2019 assetjament alhora que adquireix les actituds i els valors propis de la compet\u00e8ncia social i ciutadana.<\/strong><\/h5>\n<h6><strong>Durant el curs 2018\/2019, alguns docents del centre vam rebre la formaci\u00f3 d&#8217;aquest programa i vam elaborar el projecte. Aquest curs hem iniciat la seva implementaci\u00f3 .Les fam\u00edlies van ser informades d&#8217;aquest programa a les reunions d&#8217;inici de curs i, amb els infants, l&#8217;hem treballat al llarg del curs sota el nom FEM PINYA. Els protagonistes han estat els infants de 5\u00e8 i 6\u00e8 que han format part dels equips X la conviv\u00e8ncia ajudant als seus companys i companyes m\u00e9s petits de prim\u00e0ria.<\/strong><\/h6>\n<h6><strong>A inici de curs ten\u00edem una gran tasca a fer amb tota la comunitat educativa\u00a0 per aconseguir l&#8217;\u00e8xit del programa i la millora de la conviv\u00e8ncia en el centre.<\/strong><\/h6>\n<h6><strong>Els membres de la comissi\u00f3 impulsora de l&#8217;escola Sime\u00f3 Rabasa estem molt satisfetes\u00a0 de la feina realitzada fins al 12 de mar\u00e7 de 2020 i la valoraci\u00f3 que en fem \u00e9s molt positiva.<\/strong><\/h6>\n<h6><strong>Hem elaborat la mem\u00f2ria i al seg\u00fcent <a href=\"https:\/\/sites.google.com\/xtec.cat\/escolasimeorabasaaquiproubully\/portada-projecte-aquiproubullying\">ENLLA\u00c7<\/a> us mostrem la\u00a0 p\u00e0gina web del projecte on es poden visualitzar totes les actuacions que s&#8217;han realitzat amb aquest magn\u00edfic projecte.\u00a0 A l&#8217;apartat de valoracions podeu veure un fabul\u00f3s v\u00eddeo on tota la comunitat educativa valora aquest projecte i les millores que ha aportat per la millora de la conviv\u00e8ncia de la nostra escola.<\/strong><\/h6>\n<p>&nbsp;<\/p>\n<h6><img loading=\"lazy\" decoding=\"async\" class=\"size-full wp-image-2869 alignleft\" src=\"https:\/\/agora.xtec.cat\/ceip-simeo-rabasa\/wp-content\/uploads\/usu903\/2019\/12\/Imatge-Fem-pinya.jpg\" alt=\"\" width=\"316\" height=\"279\" srcset=\"https:\/\/agora.xtec.cat\/ceip-simeo-rabasa\/wp-content\/uploads\/usu903\/2019\/12\/Imatge-Fem-pinya.jpg 316w, https:\/\/agora.xtec.cat\/ceip-simeo-rabasa\/wp-content\/uploads\/usu903\/2019\/12\/Imatge-Fem-pinya-300x265.jpg 300w\" sizes=\"auto, (max-width: 316px) 100vw, 316px\" \/><img loading=\"lazy\" decoding=\"async\" class=\"wp-image-3654 alignleft\" src=\"https:\/\/agora.xtec.cat\/ceip-simeo-rabasa\/wp-content\/uploads\/usu903\/2020\/06\/FEM-PINYA-PETIT.jpg\" alt=\"\" width=\"235\" height=\"257\" srcset=\"https:\/\/agora.xtec.cat\/ceip-simeo-rabasa\/wp-content\/uploads\/usu903\/2020\/06\/FEM-PINYA-PETIT.jpg 928w, https:\/\/agora.xtec.cat\/ceip-simeo-rabasa\/wp-content\/uploads\/usu903\/2020\/06\/FEM-PINYA-PETIT-274x300.jpg 274w, https:\/\/agora.xtec.cat\/ceip-simeo-rabasa\/wp-content\/uploads\/usu903\/2020\/06\/FEM-PINYA-PETIT-768x840.jpg 768w\" sizes=\"auto, (max-width: 235px) 100vw, 235px\" \/><\/h6>\n<p>&nbsp;<\/p>\n<p>&nbsp;<\/p>\n<p>&nbsp;<\/p>\n<p>&nbsp;<\/p>\n<p>&nbsp;<\/p>\n<p>&nbsp;<\/p>\n<p>&nbsp;<\/p>\n<p>&nbsp;<\/p>\n<p style=\"text-align: justify;\">\n","protected":false},"excerpt":{"rendered":"<p>El programa d&#8217; Innovaci\u00f3 Educativa #aquiproubullying del Departament d&#8217; Educaci\u00f3 posa a l\u2019 abast dels centres la formaci\u00f3, estrat\u00e8gies i recursos necessaris per elaborar un projecte de prevenci\u00f3, detecci\u00f3 i intervenci\u00f3 davant l\u2019assetjament amb la participaci\u00f3 de tota la comunitat escolar, especialment de l\u2019alumnat de 5\u00e8 i 6\u00e8 curs qui actuar\u00e0 com observador i agent [&hellip;]<\/p>\n","protected":false},"author":1,"featured_media":0,"parent":273,"menu_order":1,"comment_status":"closed","ping_status":"closed","template":"","meta":{"_bbp_topic_count":0,"_bbp_reply_count":0,"_bbp_total_topic_count":0,"_bbp_total_reply_count":0,"_bbp_voice_count":0,"_bbp_anonymous_reply_count":0,"_bbp_topic_count_hidden":0,"_bbp_reply_count_hidden":0,"_bbp_forum_subforum_count":0,"site-sidebar-layout":"default","site-content-layout":"","ast-site-content-layout":"","site-content-style":"default","site-sidebar-style":"default","ast-global-header-display":"","ast-banner-title-visibility":"","ast-main-header-display":"","ast-hfb-above-header-display":"","ast-hfb-below-header-display":"","ast-hfb-mobile-header-display":"","site-post-title":"","ast-breadcrumbs-content":"","ast-featured-img":"","footer-sml-layout":"","theme-transparent-header-meta":"","adv-header-id-meta":"","stick-header-meta":"","header-above-stick-meta":"","header-main-stick-meta":"","header-below-stick-meta":"","astra-migrate-meta-layouts":"default","ast-page-background-enabled":"default","ast-page-background-meta":{"desktop":{"background-color":"var(--ast-global-color-4)","background-image":"","background-repeat":"repeat","background-position":"center center","background-size":"auto","background-attachment":"scroll","background-type":"","background-media":"","overlay-type":"","overlay-color":"","overlay-opacity":"","overlay-gradient":""},"tablet":{"background-color":"","background-image":"","background-repeat":"repeat","background-position":"center center","background-size":"auto","background-attachment":"scroll","background-type":"","background-media":"","overlay-type":"","overlay-color":"","overlay-opacity":"","overlay-gradient":""},"mobile":{"background-color":"","background-image":"","background-repeat":"repeat","background-position":"center center","background-size":"auto","background-attachment":"scroll","background-type":"","background-media":"","overlay-type":"","overlay-color":"","overlay-opacity":"","overlay-gradient":""}},"ast-content-background-meta":{"desktop":{"background-color":"var(--ast-global-color-5)","background-image":"","background-repeat":"repeat","background-position":"center center","background-size":"auto","background-attachment":"scroll","background-type":"","background-media":"","overlay-type":"","overlay-color":"","overlay-opacity":"","overlay-gradient":""},"tablet":{"background-color":"var(--ast-global-color-5)","background-image":"","background-repeat":"repeat","background-position":"center center","background-size":"auto","background-attachment":"scroll","background-type":"","background-media":"","overlay-type":"","overlay-color":"","overlay-opacity":"","overlay-gradient":""},"mobile":{"background-color":"var(--ast-global-color-5)","background-image":"","background-repeat":"repeat","background-position":"center center","background-size":"auto","background-attachment":"scroll","background-type":"","background-media":"","overlay-type":"","overlay-color":"","overlay-opacity":"","overlay-gradient":""}},"footnotes":""},"class_list":["post-2867","page","type-page","status-publish","hentry"],"post_mailing_queue_ids":[],"_links":{"self":[{"href":"https:\/\/agora.xtec.cat\/ceip-simeo-rabasa\/wp-json\/wp\/v2\/pages\/2867","targetHints":{"allow":["GET"]}}],"collection":[{"href":"https:\/\/agora.xtec.cat\/ceip-simeo-rabasa\/wp-json\/wp\/v2\/pages"}],"about":[{"href":"https:\/\/agora.xtec.cat\/ceip-simeo-rabasa\/wp-json\/wp\/v2\/types\/page"}],"author":[{"embeddable":true,"href":"https:\/\/agora.xtec.cat\/ceip-simeo-rabasa\/wp-json\/wp\/v2\/users\/1"}],"replies":[{"embeddable":true,"href":"https:\/\/agora.xtec.cat\/ceip-simeo-rabasa\/wp-json\/wp\/v2\/comments?post=2867"}],"version-history":[{"count":5,"href":"https:\/\/agora.xtec.cat\/ceip-simeo-rabasa\/wp-json\/wp\/v2\/pages\/2867\/revisions"}],"predecessor-version":[{"id":6346,"href":"https:\/\/agora.xtec.cat\/ceip-simeo-rabasa\/wp-json\/wp\/v2\/pages\/2867\/revisions\/6346"}],"up":[{"embeddable":true,"href":"https:\/\/agora.xtec.cat\/ceip-simeo-rabasa\/wp-json\/wp\/v2\/pages\/273"}],"wp:attachment":[{"href":"https:\/\/agora.xtec.cat\/ceip-simeo-rabasa\/wp-json\/wp\/v2\/media?parent=2867"}],"curies":[{"name":"wp","href":"https:\/\/api.w.org\/{rel}","templated":true}]}}

Projecte d&#8217;Innovació #aquiproubullying

<p><a href="https://agora.xtec.cat/ceip-simeo-rabasa/wp-content/uploads/usu903/2019/12/qqqqq.png"><img loading="lazy" decoding="async" class="size-full wp-image-2873 alignleft" src="https://agora.xtec.cat/ceip-simeo-rabasa/wp-content/uploads/usu903/2019/12/qqqqq.png" alt="" width="215" height="130" /></a></p>
<h5 style="text-align: justify;">E<strong>l programa d&#8217; Innovació Educativa #aquiproubullying del Departament d&#8217; Educació posa a l’ abast dels centres la formació, estratègies i recursos necessaris per elaborar un projecte de prevenció, detecció i intervenció davant l’assetjament amb la participació de tota la comunitat escolar, especialment de l’alumnat de 5è i 6è curs qui actuarà com observador i agent actiu i compromès en la lluita contra l’ assetjament alhora que adquireix les actituds i els valors propis de la competència social i ciutadana.</strong></h5>
<h6><strong>Durant el curs 2018/2019, alguns docents del centre vam rebre la formació d&#8217;aquest programa i vam elaborar el projecte. Aquest curs hem iniciat la seva implementació .Les famílies van ser informades d&#8217;aquest programa a les reunions d&#8217;inici de curs i, amb els infants, l&#8217;hem treballat al llarg del curs sota el nom FEM PINYA. Els protagonistes han estat els infants de 5è i 6è que han format part dels equips X la convivència ajudant als seus companys i companyes més petits de primària.</strong></h6>
<h6><strong>A inici de curs teníem una gran tasca a fer amb tota la comunitat educativa  per aconseguir l&#8217;èxit del programa i la millora de la convivència en el centre.</strong></h6>
<h6><strong>Els membres de la comissió impulsora de l&#8217;escola Simeó Rabasa estem molt satisfetes  de la feina realitzada fins al 12 de març de 2020 i la valoració que en fem és molt positiva.</strong></h6>
<h6><strong>Hem elaborat la memòria i al següent <a href="https://sites.google.com/xtec.cat/escolasimeorabasaaquiproubully/portada-projecte-aquiproubullying">ENLLAÇ</a> us mostrem la  pàgina web del projecte on es poden visualitzar totes les actuacions que s&#8217;han realitzat amb aquest magnífic projecte.  A l&#8217;apartat de valoracions podeu veure un fabulós vídeo on tota la comunitat educativa valora aquest projecte i les millores que ha aportat per la millora de la convivència de la nostra escola.</strong></h6>
<p>&nbsp;</p>
<h6><img loading="lazy" decoding="async" class="size-full wp-image-2869 alignleft" src="https://agora.xtec.cat/ceip-simeo-rabasa/wp-content/uploads/usu903/2019/12/Imatge-Fem-pinya.jpg" alt="" width="316" height="279" srcset="https://agora.xtec.cat/ceip-simeo-rabasa/wp-content/uploads/usu903/2019/12/Imatge-Fem-pinya.jpg 316w, https://agora.xtec.cat/ceip-simeo-rabasa/wp-content/uploads/usu903/2019/12/Imatge-Fem-pinya-300x265.jpg 300w" sizes="auto, (max-width: 316px) 100vw, 316px" /><img loading="lazy" decoding="async" class="wp-image-3654 alignleft" src="https://agora.xtec.cat/ceip-simeo-rabasa/wp-content/uploads/usu903/2020/06/FEM-PINYA-PETIT.jpg" alt="" width="235" height="257" srcset="https://agora.xtec.cat/ceip-simeo-rabasa/wp-content/uploads/usu903/2020/06/FEM-PINYA-PETIT.jpg 928w, https://agora.xtec.cat/ceip-simeo-rabasa/wp-content/uploads/usu903/2020/06/FEM-PINYA-PETIT-274x300.jpg 274w, https://agora.xtec.cat/ceip-simeo-rabasa/wp-content/uploads/usu903/2020/06/FEM-PINYA-PETIT-768x840.jpg 768w" sizes="auto, (max-width: 235px) 100vw, 235px" /></h6>
<p>&nbsp;</p>
<p>&nbsp;</p>
<p>&nbsp;</p>
<p>&nbsp;</p>
<p>&nbsp;</p>
<p>&nbsp;</p>
<p>&nbsp;</p>
<p>&nbsp;</p>
<p style="text-align: justify;">

<p>El programa d&#8217; Innovació Educativa #aquiproubullying del Departament d&#8217; Educació posa a l’ abast dels centres la formació, estratègies i recursos necessaris per elaborar un projecte de prevenció, detecció i intervenció davant l’assetjament amb la participació de tota la comunitat escolar, especialment de l’alumnat de 5è i 6è curs qui actuarà com observador i agent [&hellip;]</p>
