{"id":271,"date":"2025-04-07T23:22:00","date_gmt":"2025-04-07T21:22:00","guid":{"rendered":"http:\/\/agora.xtec.cat\/ceip-simeo-rabasa\/?page_id=271"},"modified":"2025-10-20T15:11:46","modified_gmt":"2025-10-20T13:11:46","slug":"documents","status":"publish","type":"page","link":"https:\/\/agora.xtec.cat\/ceip-simeo-rabasa\/lescola\/documents\/","title":{"rendered":"Documents oficials de l&#8217;escola"},"content":{"rendered":"<p>\u200b<\/p>\n<table style=\"height: 367px; width: 59.8138%; border-style: none;\">\n<tbody>\n<tr style=\"height: 27px;\">\n<td style=\"height: 27px; width: 31.1355%; border-style: none;\"><a href=\"https:\/\/drive.google.com\/file\/d\/18-Sl4N6CIJ2uHY0O7l-kEx3yC4tonNfd\/view\"><img loading=\"lazy\" decoding=\"async\" class=\"alignnone wp-image-3906 size-full\" src=\"https:\/\/agora.xtec.cat\/ceip-simeo-rabasa\/wp-content\/uploads\/usu903\/2020\/10\/desde-1984-1.png\" alt=\"\" width=\"500\" height=\"500\" srcset=\"https:\/\/agora.xtec.cat\/ceip-simeo-rabasa\/wp-content\/uploads\/usu903\/2020\/10\/desde-1984-1.png 500w, https:\/\/agora.xtec.cat\/ceip-simeo-rabasa\/wp-content\/uploads\/usu903\/2020\/10\/desde-1984-1-150x150.png 150w, https:\/\/agora.xtec.cat\/ceip-simeo-rabasa\/wp-content\/uploads\/usu903\/2020\/10\/desde-1984-1-300x300.png 300w\" sizes=\"auto, (max-width: 500px) 100vw, 500px\" \/><\/a><\/td>\n<td style=\"height: 27px; width: 269.198%; border-style: none;\"><a title=\"Projecte de Conviv\u00e8ncia\" href=\"https:\/\/drive.google.com\/file\/d\/18-Sl4N6CIJ2uHY0O7l-kEx3yC4tonNfd\/view\">Projecte de Conviv\u00e8ncia<\/a><\/td>\n<\/tr>\n<tr style=\"height: 88px;\">\n<td style=\"width: 31.1355%; border-style: none; height: 88px;\"><a href=\"https:\/\/agora.xtec.cat\/ceip-simeo-rabasa\/wp-content\/uploads\/usu903\/2021\/07\/diversidad_Edukame.jpg\"><img loading=\"lazy\" decoding=\"async\" class=\"alignnone size-full wp-image-4219\" src=\"https:\/\/agora.xtec.cat\/ceip-simeo-rabasa\/wp-content\/uploads\/usu903\/2021\/07\/diversidad_Edukame.jpg\" alt=\"\" width=\"550\" height=\"558\" srcset=\"https:\/\/agora.xtec.cat\/ceip-simeo-rabasa\/wp-content\/uploads\/usu903\/2021\/07\/diversidad_Edukame.jpg 550w, https:\/\/agora.xtec.cat\/ceip-simeo-rabasa\/wp-content\/uploads\/usu903\/2021\/07\/diversidad_Edukame-296x300.jpg 296w\" sizes=\"auto, (max-width: 550px) 100vw, 550px\" \/><\/a><\/td>\n<td style=\"width: 269.198%; border-style: none; height: 88px;\"><a href=\"https:\/\/agora.xtec.cat\/ceip-simeo-rabasa\/wp-content\/uploads\/usu903\/2025\/05\/PAD-2020.docx.pdf\">Pla d&#8217;Atenci\u00f3 a la Diversitat<\/a><\/td>\n<\/tr>\n<tr style=\"height: 27px;\">\n<td style=\"height: 27px; width: 31.1355%; border-style: none;\"><a href=\"https:\/\/drive.google.com\/file\/d\/1yr5THXWZldRt1n7n0C1wMMKDAjeQLinn\/view?usp=sharing\"><img loading=\"lazy\" decoding=\"async\" class=\"alignnone wp-image-3902 size-full\" src=\"https:\/\/agora.xtec.cat\/ceip-simeo-rabasa\/wp-content\/uploads\/usu903\/2020\/10\/pec.png\" alt=\"\" width=\"200\" height=\"200\" srcset=\"https:\/\/agora.xtec.cat\/ceip-simeo-rabasa\/wp-content\/uploads\/usu903\/2020\/10\/pec.png 200w, https:\/\/agora.xtec.cat\/ceip-simeo-rabasa\/wp-content\/uploads\/usu903\/2020\/10\/pec-150x150.png 150w\" sizes=\"auto, (max-width: 200px) 100vw, 200px\" \/><\/a><\/td>\n<td style=\"height: 27px; width: 269.198%; border-style: none;\"><a href=\"https:\/\/agora.xtec.cat\/ceip-simeo-rabasa\/wp-content\/uploads\/usu903\/2025\/04\/PEC-2025-SR-2.pdf\">Projecte educatiu de centre<\/a><\/td>\n<\/tr>\n<tr style=\"height: 41px;\">\n<td style=\"height: 41px; width: 31.1355%; border-style: none;\"><a href=\"https:\/\/agora.xtec.cat\/ceip-simeo-rabasa\/wp-content\/uploads\/usu903\/2018\/12\/NOFC.pdf\"><img loading=\"lazy\" decoding=\"async\" class=\"alignnone wp-image-3901 size-full\" src=\"https:\/\/agora.xtec.cat\/ceip-simeo-rabasa\/wp-content\/uploads\/usu903\/2020\/10\/nofc-id-50.png\" alt=\"\" width=\"848\" height=\"280\" srcset=\"https:\/\/agora.xtec.cat\/ceip-simeo-rabasa\/wp-content\/uploads\/usu903\/2020\/10\/nofc-id-50.png 848w, https:\/\/agora.xtec.cat\/ceip-simeo-rabasa\/wp-content\/uploads\/usu903\/2020\/10\/nofc-id-50-300x99.png 300w, https:\/\/agora.xtec.cat\/ceip-simeo-rabasa\/wp-content\/uploads\/usu903\/2020\/10\/nofc-id-50-768x254.png 768w\" sizes=\"auto, (max-width: 848px) 100vw, 848px\" \/><\/a><\/td>\n<td style=\"height: 41px; width: 269.198%; border-style: none;\"><a href=\"https:\/\/drive.google.com\/file\/d\/18dwGAlVm7_WuG3ekpTsYIxc7D952oAMq\/view?usp=drive_link\">NOFC<\/a><\/td>\n<\/tr>\n<tr style=\"height: 27px;\">\n<td style=\"height: 27px; width: 31.1355%; border-style: none;\"><img decoding=\"async\" src=\"https:\/\/th.bing.com\/th\/id\/OIP.gCBwvZhtB6QH-vQb-vrWPgHaEK?w=290&amp;h=180&amp;c=7&amp;r=0&amp;o=5&amp;pid=1.7\" alt=\"Resultat d'imatges per a estrategia digital de centre\" \/><\/td>\n<td style=\"height: 27px; width: 269.198%; border-style: none;\"><a title=\"PLA TAC\" href=\"https:\/\/sites.google.com\/xtec.cat\/edcsimeorabasa\/p%C3%A0gina-principal\">Estrat\u00e8gia Digital\u00a0 de Centre (EdC)<\/a><\/td>\n<\/tr>\n<tr style=\"height: 44px;\">\n<td style=\"width: 31.1355%; border-style: none; height: 44px;\"><a href=\"https:\/\/agora.xtec.cat\/ceip-simeo-rabasa\/wp-content\/uploads\/usu903\/2021\/09\/obertura.png\"><img loading=\"lazy\" decoding=\"async\" class=\"alignnone wp-image-4235\" src=\"https:\/\/agora.xtec.cat\/ceip-simeo-rabasa\/wp-content\/uploads\/usu903\/2021\/09\/obertura.png\" alt=\"\" width=\"97\" height=\"38\" srcset=\"https:\/\/agora.xtec.cat\/ceip-simeo-rabasa\/wp-content\/uploads\/usu903\/2021\/09\/obertura.png 510w, https:\/\/agora.xtec.cat\/ceip-simeo-rabasa\/wp-content\/uploads\/usu903\/2021\/09\/obertura-300x118.png 300w\" sizes=\"auto, (max-width: 97px) 100vw, 97px\" \/><\/a><\/td>\n<td style=\"width: 269.198%; border-style: none; height: 44px;\"><\/td>\n<\/tr>\n<tr style=\"height: 26px;\">\n<td style=\"width: 31.1355%; border-style: none; height: 26px;\"><a href=\"https:\/\/agora.xtec.cat\/ceip-simeo-rabasa\/wp-content\/uploads\/usu903\/2022\/11\/baixa-2.jpg\"><img loading=\"lazy\" decoding=\"async\" class=\"alignnone size-full wp-image-5145\" src=\"https:\/\/agora.xtec.cat\/ceip-simeo-rabasa\/wp-content\/uploads\/usu903\/2022\/11\/baixa-2.jpg\" alt=\"\" width=\"354\" height=\"142\" srcset=\"https:\/\/agora.xtec.cat\/ceip-simeo-rabasa\/wp-content\/uploads\/usu903\/2022\/11\/baixa-2.jpg 354w, https:\/\/agora.xtec.cat\/ceip-simeo-rabasa\/wp-content\/uploads\/usu903\/2022\/11\/baixa-2-300x120.jpg 300w\" sizes=\"auto, (max-width: 354px) 100vw, 354px\" \/><\/a><\/td>\n<td style=\"width: 269.198%; border-style: none; height: 26px;\"><a href=\"https:\/\/drive.google.com\/file\/d\/1u6uScRNSyioYLHJcdZiaxFnFo2L0F1S6\/view?usp=sharing\">Projecte de Direcci\u00f3 21-25<\/a><\/td>\n<\/tr>\n<\/tbody>\n<\/table>\n","protected":false},"excerpt":{"rendered":"<p>\u200b Projecte de Conviv\u00e8ncia Pla d&#8217;Atenci\u00f3 a la Diversitat Projecte educatiu de centre NOFC Estrat\u00e8gia Digital\u00a0 de Centre (EdC) Projecte de Direcci\u00f3 21-25<\/p>\n","protected":false},"author":1,"featured_media":0,"parent":22,"menu_order":45,"comment_status":"closed","ping_status":"closed","template":"","meta":{"_bbp_topic_count":0,"_bbp_reply_count":0,"_bbp_total_topic_count":0,"_bbp_total_reply_count":0,"_bbp_voice_count":0,"_bbp_anonymous_reply_count":0,"_bbp_topic_count_hidden":0,"_bbp_reply_count_hidden":0,"_bbp_forum_subforum_count":0,"site-sidebar-layout":"default","site-content-layout":"","ast-site-content-layout":"default","site-content-style":"default","site-sidebar-style":"default","ast-global-header-display":"","ast-banner-title-visibility":"","ast-main-header-display":"","ast-hfb-above-header-display":"","ast-hfb-below-header-display":"","ast-hfb-mobile-header-display":"","site-post-title":"","ast-breadcrumbs-content":"","ast-featured-img":"","footer-sml-layout":"","theme-transparent-header-meta":"default","adv-header-id-meta":"","stick-header-meta":"","header-above-stick-meta":"","header-main-stick-meta":"","header-below-stick-meta":"","astra-migrate-meta-layouts":"set","ast-page-background-enabled":"default","ast-page-background-meta":{"desktop":{"background-color":"var(--ast-global-color-4)","background-image":"","background-repeat":"repeat","background-position":"center center","background-size":"auto","background-attachment":"scroll","background-type":"","background-media":"","overlay-type":"","overlay-color":"","overlay-opacity":"","overlay-gradient":""},"tablet":{"background-color":"","background-image":"","background-repeat":"repeat","background-position":"center center","background-size":"auto","background-attachment":"scroll","background-type":"","background-media":"","overlay-type":"","overlay-color":"","overlay-opacity":"","overlay-gradient":""},"mobile":{"background-color":"","background-image":"","background-repeat":"repeat","background-position":"center center","background-size":"auto","background-attachment":"scroll","background-type":"","background-media":"","overlay-type":"","overlay-color":"","overlay-opacity":"","overlay-gradient":""}},"ast-content-background-meta":{"desktop":{"background-color":"var(--ast-global-color-5)","background-image":"","background-repeat":"repeat","background-position":"center center","background-size":"auto","background-attachment":"scroll","background-type":"","background-media":"","overlay-type":"","overlay-color":"","overlay-opacity":"","overlay-gradient":""},"tablet":{"background-color":"var(--ast-global-color-5)","background-image":"","background-repeat":"repeat","background-position":"center center","background-size":"auto","background-attachment":"scroll","background-type":"","background-media":"","overlay-type":"","overlay-color":"","overlay-opacity":"","overlay-gradient":""},"mobile":{"background-color":"var(--ast-global-color-5)","background-image":"","background-repeat":"repeat","background-position":"center center","background-size":"auto","background-attachment":"scroll","background-type":"","background-media":"","overlay-type":"","overlay-color":"","overlay-opacity":"","overlay-gradient":""}},"footnotes":""},"class_list":["post-271","page","type-page","status-publish","hentry"],"post_mailing_queue_ids":[],"_links":{"self":[{"href":"https:\/\/agora.xtec.cat\/ceip-simeo-rabasa\/wp-json\/wp\/v2\/pages\/271","targetHints":{"allow":["GET"]}}],"collection":[{"href":"https:\/\/agora.xtec.cat\/ceip-simeo-rabasa\/wp-json\/wp\/v2\/pages"}],"about":[{"href":"https:\/\/agora.xtec.cat\/ceip-simeo-rabasa\/wp-json\/wp\/v2\/types\/page"}],"author":[{"embeddable":true,"href":"https:\/\/agora.xtec.cat\/ceip-simeo-rabasa\/wp-json\/wp\/v2\/users\/1"}],"replies":[{"embeddable":true,"href":"https:\/\/agora.xtec.cat\/ceip-simeo-rabasa\/wp-json\/wp\/v2\/comments?post=271"}],"version-history":[{"count":6,"href":"https:\/\/agora.xtec.cat\/ceip-simeo-rabasa\/wp-json\/wp\/v2\/pages\/271\/revisions"}],"predecessor-version":[{"id":6985,"href":"https:\/\/agora.xtec.cat\/ceip-simeo-rabasa\/wp-json\/wp\/v2\/pages\/271\/revisions\/6985"}],"up":[{"embeddable":true,"href":"https:\/\/agora.xtec.cat\/ceip-simeo-rabasa\/wp-json\/wp\/v2\/pages\/22"}],"wp:attachment":[{"href":"https:\/\/agora.xtec.cat\/ceip-simeo-rabasa\/wp-json\/wp\/v2\/media?parent=271"}],"curies":[{"name":"wp","href":"https:\/\/api.w.org\/{rel}","templated":true}]}}

<p>​</p>
<table style="height: 367px; width: 59.8138%; border-style: none;">
<tbody>
<tr style="height: 27px;">
<td style="height: 27px; width: 31.1355%; border-style: none;"><a href="https://drive.google.com/file/d/18-Sl4N6CIJ2uHY0O7l-kEx3yC4tonNfd/view"><img loading="lazy" decoding="async" class="alignnone wp-image-3906 size-full" src="https://agora.xtec.cat/ceip-simeo-rabasa/wp-content/uploads/usu903/2020/10/desde-1984-1.png" alt="" width="500" height="500" srcset="https://agora.xtec.cat/ceip-simeo-rabasa/wp-content/uploads/usu903/2020/10/desde-1984-1.png 500w, https://agora.xtec.cat/ceip-simeo-rabasa/wp-content/uploads/usu903/2020/10/desde-1984-1-150x150.png 150w, https://agora.xtec.cat/ceip-simeo-rabasa/wp-content/uploads/usu903/2020/10/desde-1984-1-300x300.png 300w" sizes="auto, (max-width: 500px) 100vw, 500px" /></a></td>
<td style="height: 27px; width: 269.198%; border-style: none;"><a title="Projecte de Convivència" href="https://drive.google.com/file/d/18-Sl4N6CIJ2uHY0O7l-kEx3yC4tonNfd/view">Projecte de Convivència</a></td>
</tr>
<tr style="height: 88px;">
<td style="width: 31.1355%; border-style: none; height: 88px;"><a href="https://agora.xtec.cat/ceip-simeo-rabasa/wp-content/uploads/usu903/2021/07/diversidad_Edukame.jpg"><img loading="lazy" decoding="async" class="alignnone size-full wp-image-4219" src="https://agora.xtec.cat/ceip-simeo-rabasa/wp-content/uploads/usu903/2021/07/diversidad_Edukame.jpg" alt="" width="550" height="558" srcset="https://agora.xtec.cat/ceip-simeo-rabasa/wp-content/uploads/usu903/2021/07/diversidad_Edukame.jpg 550w, https://agora.xtec.cat/ceip-simeo-rabasa/wp-content/uploads/usu903/2021/07/diversidad_Edukame-296x300.jpg 296w" sizes="auto, (max-width: 550px) 100vw, 550px" /></a></td>
<td style="width: 269.198%; border-style: none; height: 88px;"><a href="https://agora.xtec.cat/ceip-simeo-rabasa/wp-content/uploads/usu903/2025/05/PAD-2020.docx.pdf">Pla d&#8217;Atenció a la Diversitat</a></td>
</tr>
<tr style="height: 27px;">
<td style="height: 27px; width: 31.1355%; border-style: none;"><a href="https://drive.google.com/file/d/1yr5THXWZldRt1n7n0C1wMMKDAjeQLinn/view?usp=sharing"><img loading="lazy" decoding="async" class="alignnone wp-image-3902 size-full" src="https://agora.xtec.cat/ceip-simeo-rabasa/wp-content/uploads/usu903/2020/10/pec.png" alt="" width="200" height="200" srcset="https://agora.xtec.cat/ceip-simeo-rabasa/wp-content/uploads/usu903/2020/10/pec.png 200w, https://agora.xtec.cat/ceip-simeo-rabasa/wp-content/uploads/usu903/2020/10/pec-150x150.png 150w" sizes="auto, (max-width: 200px) 100vw, 200px" /></a></td>
<td style="height: 27px; width: 269.198%; border-style: none;"><a href="https://agora.xtec.cat/ceip-simeo-rabasa/wp-content/uploads/usu903/2025/04/PEC-2025-SR-2.pdf">Projecte educatiu de centre</a></td>
</tr>
<tr style="height: 41px;">
<td style="height: 41px; width: 31.1355%; border-style: none;"><a href="https://agora.xtec.cat/ceip-simeo-rabasa/wp-content/uploads/usu903/2018/12/NOFC.pdf"><img loading="lazy" decoding="async" class="alignnone wp-image-3901 size-full" src="https://agora.xtec.cat/ceip-simeo-rabasa/wp-content/uploads/usu903/2020/10/nofc-id-50.png" alt="" width="848" height="280" srcset="https://agora.xtec.cat/ceip-simeo-rabasa/wp-content/uploads/usu903/2020/10/nofc-id-50.png 848w, https://agora.xtec.cat/ceip-simeo-rabasa/wp-content/uploads/usu903/2020/10/nofc-id-50-300x99.png 300w, https://agora.xtec.cat/ceip-simeo-rabasa/wp-content/uploads/usu903/2020/10/nofc-id-50-768x254.png 768w" sizes="auto, (max-width: 848px) 100vw, 848px" /></a></td>
<td style="height: 41px; width: 269.198%; border-style: none;"><a href="https://drive.google.com/file/d/18dwGAlVm7_WuG3ekpTsYIxc7D952oAMq/view?usp=drive_link">NOFC</a></td>
</tr>
<tr style="height: 27px;">
<td style="height: 27px; width: 31.1355%; border-style: none;"><img decoding="async" src="https://th.bing.com/th/id/OIP.gCBwvZhtB6QH-vQb-vrWPgHaEK?w=290&amp;h=180&amp;c=7&amp;r=0&amp;o=5&amp;pid=1.7" alt="Resultat d'imatges per a estrategia digital de centre" /></td>
<td style="height: 27px; width: 269.198%; border-style: none;"><a title="PLA TAC" href="https://sites.google.com/xtec.cat/edcsimeorabasa/p%C3%A0gina-principal">Estratègia Digital  de Centre (EdC)</a></td>
</tr>
<tr style="height: 44px;">
<td style="width: 31.1355%; border-style: none; height: 44px;"><a href="https://agora.xtec.cat/ceip-simeo-rabasa/wp-content/uploads/usu903/2021/09/obertura.png"><img loading="lazy" decoding="async" class="alignnone wp-image-4235" src="https://agora.xtec.cat/ceip-simeo-rabasa/wp-content/uploads/usu903/2021/09/obertura.png" alt="" width="97" height="38" srcset="https://agora.xtec.cat/ceip-simeo-rabasa/wp-content/uploads/usu903/2021/09/obertura.png 510w, https://agora.xtec.cat/ceip-simeo-rabasa/wp-content/uploads/usu903/2021/09/obertura-300x118.png 300w" sizes="auto, (max-width: 97px) 100vw, 97px" /></a></td>
<td style="width: 269.198%; border-style: none; height: 44px;"></td>
</tr>
<tr style="height: 26px;">
<td style="width: 31.1355%; border-style: none; height: 26px;"><a href="https://agora.xtec.cat/ceip-simeo-rabasa/wp-content/uploads/usu903/2022/11/baixa-2.jpg"><img loading="lazy" decoding="async" class="alignnone size-full wp-image-5145" src="https://agora.xtec.cat/ceip-simeo-rabasa/wp-content/uploads/usu903/2022/11/baixa-2.jpg" alt="" width="354" height="142" srcset="https://agora.xtec.cat/ceip-simeo-rabasa/wp-content/uploads/usu903/2022/11/baixa-2.jpg 354w, https://agora.xtec.cat/ceip-simeo-rabasa/wp-content/uploads/usu903/2022/11/baixa-2-300x120.jpg 300w" sizes="auto, (max-width: 354px) 100vw, 354px" /></a></td>
<td style="width: 269.198%; border-style: none; height: 26px;"><a href="https://drive.google.com/file/d/1u6uScRNSyioYLHJcdZiaxFnFo2L0F1S6/view?usp=sharing">Projecte de Direcció 21-25</a></td>
</tr>
</tbody>
</table>

<p>​ Projecte de Convivència Pla d&#8217;Atenció a la Diversitat Projecte educatiu de centre NOFC Estratègia Digital  de Centre (EdC) Projecte de Direcció 21-25</p>
