{"id":1687,"date":"2018-06-04T19:30:36","date_gmt":"2018-06-04T17:30:36","guid":{"rendered":"http:\/\/agora.xtec.cat\/ceip-simeo-rabasa\/?page_id=1687"},"modified":"2021-03-08T09:26:34","modified_gmt":"2021-03-08T08:26:34","slug":"projecte-dequitat-educativa","status":"publish","type":"page","link":"https:\/\/agora.xtec.cat\/ceip-simeo-rabasa\/lescola\/projectes-actuals\/projecte-dequitat-educativa\/","title":{"rendered":"PROJECTE D&#8217;EQUITAT EDUCATIVA"},"content":{"rendered":"<p style=\"text-align: justify; margin: 0cm 0cm 15.0pt 0cm;\"><span style=\"font-family: 'Helvetica',sans-serif; color: #222222;\">Dilluns 14 de maig de 2018, el Consell Escolar va aprovar el\u00a0<strong><span style=\"font-family: 'Helvetica',sans-serif;\">Projecte d&#8217;Equitat Educativa\u00a0<\/span><\/strong>del centre.\u00a0\u00a0Aquest projecte substitueix l&#8217;antic Projecte de Reutilitzaci\u00f3 de Llibres, Material escolar i Sortides, vigent des del 2006.<\/span><\/p>\n<p style=\"text-align: justify; margin: 0cm 0cm 15.0pt 0cm;\"><span style=\"font-family: 'Helvetica',sans-serif; color: #222222;\">El nou projecte ha estat elaborat per les direccions de les dues escoles p\u00fabliques de Martorelles. Aquest\u00a0<em><span style=\"font-family: 'Helvetica',sans-serif;\">Programa per a l&#8217;Equitat Educativa<\/span><\/em> promou l&#8217;acc\u00e9s de l&#8217;alumnat a tot un material i recursos que no sempre poden estar al seu abast, afavorint aix\u00ed la cohesi\u00f3 social i la igualtat d&#8217;oportunitats. <\/span><\/p>\n<p style=\"text-align: justify; margin: 0cm 0cm 15.0pt 0cm;\"><span style=\"font-family: 'Helvetica',sans-serif; color: #222222;\">L&#8217;ajuntament dona suport al Projecte i atorga una subvenci\u00f3 anual que repercuteix directament en la quota que paguen les fam\u00edlies per al mateix.<\/span><\/p>\n<p style=\"text-align: justify; margin: 0cm 0cm 15.0pt 0cm;\"><span style=\"font-family: 'Helvetica',sans-serif; color: #222222;\">Si voleu con\u00e8ixer el\u00a0<strong><span style=\"font-family: 'Helvetica',sans-serif;\">Projecte d&#8217;Equitat Educativa<\/span><\/strong>, cliqueu el seg\u00fcent enlla\u00e7:\u00a0<\/span><\/p>\n<p><a href=\"https:\/\/agora.xtec.cat\/ceip-simeo-rabasa\/wp-content\/uploads\/usu903\/2021\/03\/Projecte-EQUITAT-1.pdf\">Projecte EQUITAT<\/a><\/p>\n","protected":false},"excerpt":{"rendered":"<p>Dilluns 14 de maig de 2018, el Consell Escolar va aprovar el\u00a0Projecte d&#8217;Equitat Educativa\u00a0del centre.\u00a0\u00a0Aquest projecte substitueix l&#8217;antic Projecte de Reutilitzaci\u00f3 de Llibres, Material escolar i Sortides, vigent des del 2006. El nou projecte ha estat elaborat per les direccions de les dues escoles p\u00fabliques de Martorelles. Aquest\u00a0Programa per a l&#8217;Equitat Educativa promou l&#8217;acc\u00e9s de [&hellip;]<\/p>\n","protected":false},"author":1,"featured_media":0,"parent":273,"menu_order":8,"comment_status":"closed","ping_status":"closed","template":"page-templates\/side-menu.php","meta":{"_bbp_topic_count":0,"_bbp_reply_count":0,"_bbp_total_topic_count":0,"_bbp_total_reply_count":0,"_bbp_voice_count":0,"_bbp_anonymous_reply_count":0,"_bbp_topic_count_hidden":0,"_bbp_reply_count_hidden":0,"_bbp_forum_subforum_count":0,"site-sidebar-layout":"default","site-content-layout":"","ast-site-content-layout":"","site-content-style":"default","site-sidebar-style":"default","ast-global-header-display":"","ast-banner-title-visibility":"","ast-main-header-display":"","ast-hfb-above-header-display":"","ast-hfb-below-header-display":"","ast-hfb-mobile-header-display":"","site-post-title":"","ast-breadcrumbs-content":"","ast-featured-img":"","footer-sml-layout":"","theme-transparent-header-meta":"","adv-header-id-meta":"","stick-header-meta":"","header-above-stick-meta":"","header-main-stick-meta":"","header-below-stick-meta":"","astra-migrate-meta-layouts":"default","ast-page-background-enabled":"default","ast-page-background-meta":{"desktop":{"background-color":"var(--ast-global-color-4)","background-image":"","background-repeat":"repeat","background-position":"center center","background-size":"auto","background-attachment":"scroll","background-type":"","background-media":"","overlay-type":"","overlay-color":"","overlay-opacity":"","overlay-gradient":""},"tablet":{"background-color":"","background-image":"","background-repeat":"repeat","background-position":"center center","background-size":"auto","background-attachment":"scroll","background-type":"","background-media":"","overlay-type":"","overlay-color":"","overlay-opacity":"","overlay-gradient":""},"mobile":{"background-color":"","background-image":"","background-repeat":"repeat","background-position":"center center","background-size":"auto","background-attachment":"scroll","background-type":"","background-media":"","overlay-type":"","overlay-color":"","overlay-opacity":"","overlay-gradient":""}},"ast-content-background-meta":{"desktop":{"background-color":"var(--ast-global-color-5)","background-image":"","background-repeat":"repeat","background-position":"center center","background-size":"auto","background-attachment":"scroll","background-type":"","background-media":"","overlay-type":"","overlay-color":"","overlay-opacity":"","overlay-gradient":""},"tablet":{"background-color":"var(--ast-global-color-5)","background-image":"","background-repeat":"repeat","background-position":"center center","background-size":"auto","background-attachment":"scroll","background-type":"","background-media":"","overlay-type":"","overlay-color":"","overlay-opacity":"","overlay-gradient":""},"mobile":{"background-color":"var(--ast-global-color-5)","background-image":"","background-repeat":"repeat","background-position":"center center","background-size":"auto","background-attachment":"scroll","background-type":"","background-media":"","overlay-type":"","overlay-color":"","overlay-opacity":"","overlay-gradient":""}},"footnotes":""},"class_list":["post-1687","page","type-page","status-publish","hentry"],"post_mailing_queue_ids":[],"_links":{"self":[{"href":"https:\/\/agora.xtec.cat\/ceip-simeo-rabasa\/wp-json\/wp\/v2\/pages\/1687","targetHints":{"allow":["GET"]}}],"collection":[{"href":"https:\/\/agora.xtec.cat\/ceip-simeo-rabasa\/wp-json\/wp\/v2\/pages"}],"about":[{"href":"https:\/\/agora.xtec.cat\/ceip-simeo-rabasa\/wp-json\/wp\/v2\/types\/page"}],"author":[{"embeddable":true,"href":"https:\/\/agora.xtec.cat\/ceip-simeo-rabasa\/wp-json\/wp\/v2\/users\/1"}],"replies":[{"embeddable":true,"href":"https:\/\/agora.xtec.cat\/ceip-simeo-rabasa\/wp-json\/wp\/v2\/comments?post=1687"}],"version-history":[{"count":3,"href":"https:\/\/agora.xtec.cat\/ceip-simeo-rabasa\/wp-json\/wp\/v2\/pages\/1687\/revisions"}],"predecessor-version":[{"id":4025,"href":"https:\/\/agora.xtec.cat\/ceip-simeo-rabasa\/wp-json\/wp\/v2\/pages\/1687\/revisions\/4025"}],"up":[{"embeddable":true,"href":"https:\/\/agora.xtec.cat\/ceip-simeo-rabasa\/wp-json\/wp\/v2\/pages\/273"}],"wp:attachment":[{"href":"https:\/\/agora.xtec.cat\/ceip-simeo-rabasa\/wp-json\/wp\/v2\/media?parent=1687"}],"curies":[{"name":"wp","href":"https:\/\/api.w.org\/{rel}","templated":true}]}}

<p style="text-align: justify; margin: 0cm 0cm 15.0pt 0cm;"><span style="font-family: 'Helvetica',sans-serif; color: #222222;">Dilluns 14 de maig de 2018, el Consell Escolar va aprovar el <strong><span style="font-family: 'Helvetica',sans-serif;">Projecte d&#8217;Equitat Educativa </span></strong>del centre.  Aquest projecte substitueix l&#8217;antic Projecte de Reutilització de Llibres, Material escolar i Sortides, vigent des del 2006.</span></p>
<p style="text-align: justify; margin: 0cm 0cm 15.0pt 0cm;"><span style="font-family: 'Helvetica',sans-serif; color: #222222;">El nou projecte ha estat elaborat per les direccions de les dues escoles públiques de Martorelles. Aquest <em><span style="font-family: 'Helvetica',sans-serif;">Programa per a l&#8217;Equitat Educativa</span></em> promou l&#8217;accés de l&#8217;alumnat a tot un material i recursos que no sempre poden estar al seu abast, afavorint així la cohesió social i la igualtat d&#8217;oportunitats. </span></p>
<p style="text-align: justify; margin: 0cm 0cm 15.0pt 0cm;"><span style="font-family: 'Helvetica',sans-serif; color: #222222;">L&#8217;ajuntament dona suport al Projecte i atorga una subvenció anual que repercuteix directament en la quota que paguen les famílies per al mateix.</span></p>
<p style="text-align: justify; margin: 0cm 0cm 15.0pt 0cm;"><span style="font-family: 'Helvetica',sans-serif; color: #222222;">Si voleu conèixer el <strong><span style="font-family: 'Helvetica',sans-serif;">Projecte d&#8217;Equitat Educativa</span></strong>, cliqueu el següent enllaç: </span></p>
<p><a href="https://agora.xtec.cat/ceip-simeo-rabasa/wp-content/uploads/usu903/2021/03/Projecte-EQUITAT-1.pdf">Projecte EQUITAT</a></p>

<p>Dilluns 14 de maig de 2018, el Consell Escolar va aprovar el Projecte d&#8217;Equitat Educativa del centre.  Aquest projecte substitueix l&#8217;antic Projecte de Reutilització de Llibres, Material escolar i Sortides, vigent des del 2006. El nou projecte ha estat elaborat per les direccions de les dues escoles públiques de Martorelles. Aquest Programa per a l&#8217;Equitat Educativa promou l&#8217;accés de [&hellip;]</p>
