{"id":6150,"date":"2022-01-31T16:20:36","date_gmt":"2022-01-31T15:20:36","guid":{"rendered":"https:\/\/agora.xtec.cat\/ceip-serramarina-sta-coloma\/?page_id=6150"},"modified":"2022-02-23T13:06:08","modified_gmt":"2022-02-23T12:06:08","slug":"extraescolars","status":"publish","type":"page","link":"https:\/\/agora.xtec.cat\/ceip-serramarina-sta-coloma\/serveis\/extraescolars\/","title":{"rendered":"Extraescolars"},"content":{"rendered":"<p>Extraescolars<\/p>\n<p>Aqu\u00ed us deixem un recull de les diferents activitats extraescolars que es fan a l&#8217;escola i amb quina finalitat. Tamb\u00e9 podreu veure imatges d&#8217;alguns dels nostres alumnes que fan \u00fas d&#8217;aquestes activitats, gaudeixen molt d&#8217;aquests moments que comparteixen amb companys i companyes de l&#8217;escola amb els quals no comparteixen grup de classe.<\/p>\n<p><iframe loading=\"lazy\" title=\"SRR 21-22 extraescolars\" width=\"500\" height=\"281\" src=\"https:\/\/www.youtube.com\/embed\/AFgQS3tlFb0?feature=oembed\" frameborder=\"0\" allow=\"accelerometer; autoplay; clipboard-write; encrypted-media; gyroscope; picture-in-picture; web-share\" referrerpolicy=\"strict-origin-when-cross-origin\" allowfullscreen><\/iframe><\/p>\n","protected":false},"excerpt":{"rendered":"<p>Extraescolars<br \/>\nAqu\u00ed us deixem un recull de les diferents activitats extraescolars que es fan a l&#8217;escola i amb quina finalitat. Tamb\u00e9 podreu veure imatges d&#8217;alguns dels nostres alumnes que fan \u00fas d&#8217;aquestes activitats, gaudeixen molt d&#8217;aquests moments que comparteixen amb companys i companyes de l&#8217;escola amb&hellip;  <a href=\"https:\/\/agora.xtec.cat\/ceip-serramarina-sta-coloma\/serveis\/extraescolars\/\" title=\"Read Extraescolars\">Llegeix m\u00e9s\u00bb<\/a><\/p>\n","protected":false},"author":11,"featured_media":0,"parent":66,"menu_order":0,"comment_status":"closed","ping_status":"closed","template":"","meta":{"_bbp_topic_count":0,"_bbp_reply_count":0,"_bbp_total_topic_count":0,"_bbp_total_reply_count":0,"_bbp_voice_count":0,"_bbp_anonymous_reply_count":0,"_bbp_topic_count_hidden":0,"_bbp_reply_count_hidden":0,"_bbp_forum_subforum_count":0,"footnotes":""},"class_list":["post-6150","page","type-page","status-publish","hentry"],"post_mailing_queue_ids":[],"_links":{"self":[{"href":"https:\/\/agora.xtec.cat\/ceip-serramarina-sta-coloma\/wp-json\/wp\/v2\/pages\/6150","targetHints":{"allow":["GET"]}}],"collection":[{"href":"https:\/\/agora.xtec.cat\/ceip-serramarina-sta-coloma\/wp-json\/wp\/v2\/pages"}],"about":[{"href":"https:\/\/agora.xtec.cat\/ceip-serramarina-sta-coloma\/wp-json\/wp\/v2\/types\/page"}],"author":[{"embeddable":true,"href":"https:\/\/agora.xtec.cat\/ceip-serramarina-sta-coloma\/wp-json\/wp\/v2\/users\/11"}],"replies":[{"embeddable":true,"href":"https:\/\/agora.xtec.cat\/ceip-serramarina-sta-coloma\/wp-json\/wp\/v2\/comments?post=6150"}],"version-history":[{"count":3,"href":"https:\/\/agora.xtec.cat\/ceip-serramarina-sta-coloma\/wp-json\/wp\/v2\/pages\/6150\/revisions"}],"predecessor-version":[{"id":6461,"href":"https:\/\/agora.xtec.cat\/ceip-serramarina-sta-coloma\/wp-json\/wp\/v2\/pages\/6150\/revisions\/6461"}],"up":[{"embeddable":true,"href":"https:\/\/agora.xtec.cat\/ceip-serramarina-sta-coloma\/wp-json\/wp\/v2\/pages\/66"}],"wp:attachment":[{"href":"https:\/\/agora.xtec.cat\/ceip-serramarina-sta-coloma\/wp-json\/wp\/v2\/media?parent=6150"}],"curies":[{"name":"wp","href":"https:\/\/api.w.org\/{rel}","templated":true}]}}