{"id":6131,"date":"2022-01-31T16:20:35","date_gmt":"2022-01-31T15:20:35","guid":{"rendered":"https:\/\/agora.xtec.cat\/ceip-serramarina-sta-coloma\/?page_id=6131"},"modified":"2022-02-04T12:39:12","modified_gmt":"2022-02-04T11:39:12","slug":"projectes","status":"publish","type":"page","link":"https:\/\/agora.xtec.cat\/ceip-serramarina-sta-coloma\/educacio-primaria\/projectes\/","title":{"rendered":"Projectes"},"content":{"rendered":"<p><b>Qu\u00e8 s\u00f3n els projectes?<\/b><\/p>\n<p><img loading=\"lazy\" decoding=\"async\" class=\"wp-image-6340 alignright\" src=\"https:\/\/agora.xtec.cat\/ceip-serramarina-sta-coloma\/wp-content\/uploads\/usu482\/2022\/02\/Projectes-web.jpg\" alt=\"\" width=\"490\" height=\"490\" srcset=\"https:\/\/agora.xtec.cat\/ceip-serramarina-sta-coloma\/wp-content\/uploads\/usu482\/2022\/02\/Projectes-web.jpg 500w, https:\/\/agora.xtec.cat\/ceip-serramarina-sta-coloma\/wp-content\/uploads\/usu482\/2022\/02\/Projectes-web-300x300.jpg 300w, https:\/\/agora.xtec.cat\/ceip-serramarina-sta-coloma\/wp-content\/uploads\/usu482\/2022\/02\/Projectes-web-150x150.jpg 150w\" sizes=\"auto, (max-width: 490px) 100vw, 490px\" \/><\/p>\n<p><span style=\"font-weight: 400;\">La societat evoluciona i cada vegada m\u00e9s hem de preparar els nostres alumnes per donar respostes innovadores en una societat canviant i en evoluci\u00f3 constant. En<\/span><span style=\"font-weight: 400;\">focaments globalitzats. El treball per projectes \u00e9s una metodologia que es basa en el treball per part de l&#8217;alumnat per dissenyar, planificar, desenvolupar i mostrar p\u00fablicament un projecte que exemplifica els plantejaments que exposem en relaci\u00f3 amb l&#8217;adquisici\u00f3 de les compet\u00e8ncies b\u00e0siques. Per resoldre el projecte, l&#8217;alumnat necessita adquirir un conjunt de compet\u00e8ncies, tant de coneixements com d&#8217;habilitats, i des de l&#8217;escola amb el treball per projectes fomentem aquesta adquisici\u00f3 des d&#8217;un aprenentatge vivencial i significatiu.<\/span><\/p>\n<p><b>D\u2019on parteixen els nostres projectes?<\/b><\/p>\n<p><span style=\"font-weight: 400;\">Els projectes de l\u2019Escola Serra de Marina parteixen d\u2019un repte que plantegem, i a partir d\u2019aqu\u00ed desenvolupem els continguts sobre aquests temes.\u00a0 Fem protagonista a<\/span><span style=\"font-family: inherit; font-size: 1em;\">\u00a0tot l&#8217;alumnat en la construcci\u00f3 del propi coneixement perqu\u00e8 aix\u00f2 focalitza el desig de saber coses noves, la formulaci\u00f3 de preguntes, la reflexi\u00f3 sobre el propi saber, la recerca de nous coneixements i la reflexi\u00f3 sobre el propi proc\u00e9s d\u2019aprenentatge.<\/span><\/p>\n<p><b>Com treballem els proje<\/b><b>ctes?<\/b><\/p>\n<p><span style=\"font-weight: 400;\">Treballem els projectes incentivant pro<\/span><span style=\"font-family: inherit; font-size: 1em;\">cessos d&#8217;investigaci\u00f3 que suposen cercar, seleccionar i interpretar informaci\u00f3 a trav\u00e9s de fonts diverses, formulant nous dubtes i noves pregu<\/span><span style=\"font-family: inherit; font-size: 1em;\">ntes i establint relacions amb altres problemes. En dur a terme els nostres projectes, es transfereixen estrat\u00e8gies per aprendre: es representa el proc\u00e9s de construcci\u00f3 de coneixement, s&#8217;avalua el que s&#8217;ha apr\u00e8s i com s&#8217;ha apr\u00e8s. Per \u00faltim, el fet d&#8217;actuar aix\u00ed fa que s&#8217;activi la comunicaci\u00f3, el di\u00e0leg i la discussi\u00f3 en petit i gran grup per construir coneixement de forma compartida. Durant tot el proc\u00e9s de treball per projectes tenim recursos materials que ens permet consultar qualsevol dubte gaudint d&#8217;aquest suport i fomentant la recerca d&#8217;informaci\u00f3 utilitzant les eines digitals i el desig d&#8217;aprendre dels nostres alumnes.<\/span><\/p>\n<p><b>Per qu\u00e8 utilitzem aquesta metodologia?<\/b><\/p>\n<p><span style=\"font-weight: 400;\">Des<\/span><span style=\"font-weight: 400;\">\u00a0de l&#8217;escola utilitzem aquesta metodologia perqu\u00e8 dona gran rellev\u00e0ncia al treball cooperatiu. S&#8217;elaboren preguntes o hip\u00f2tesis, es prenen decisions sobre el repartiment de tasques i es posa en com\u00fa el resultat de les tasques individuals i s&#8217;elabor<\/span><span style=\"font-family: inherit; font-size: 1em;\">a col\u00b7lectivament el resultat. El nostre objectiu com escola \u00e9s afavorir que l&#8217;aprenentatge escolar sigui \u00fatil per a formar ciutadans i ciutadanes cr\u00edtics, amb opini\u00f3 pr\u00f2pia, aut\u00f2noms i que sig<\/span><span style=\"font-family: inherit; font-size: 1em;\">uin capa\u00e7os de resoldre els nous reptes en cooperaci\u00f3 amb els altres, el model que presenta els aprenentatges de manera fragmentada per disciplines s&#8217;ha de revisar i s&#8217;ha de tendir cap a enfocaments globalitzats. Aquestes experi\u00e8ncies demostren que l&#8217;aprenentatge aut\u00e8ntic es produeix quan els aprenents contextualitzen all\u00f2 que aprenen, descobreixen el m\u00f3n en companyia dels altres, s&#8217;enfronten al desafiament de plantejar i resoldre problemes reals, dirigeixen la seva pr\u00f2pia indagaci\u00f3 i se s<\/span><span style=\"font-family: inherit; font-size: 1em;\">orprenen del seu propi aprenentatge.<\/span><\/p>\n<p><img loading=\"lazy\" decoding=\"async\" class=\"wp-image-6349 aligncenter\" src=\"https:\/\/agora.xtec.cat\/ceip-serramarina-sta-coloma\/wp-content\/uploads\/usu482\/2022\/02\/Infografia-projectes-1024x640.png\" alt=\"\" width=\"757\" height=\"473\" srcset=\"https:\/\/agora.xtec.cat\/ceip-serramarina-sta-coloma\/wp-content\/uploads\/usu482\/2022\/02\/Infografia-projectes-1024x640.png 1024w, https:\/\/agora.xtec.cat\/ceip-serramarina-sta-coloma\/wp-content\/uploads\/usu482\/2022\/02\/Infografia-projectes-300x187.png 300w, https:\/\/agora.xtec.cat\/ceip-serramarina-sta-coloma\/wp-content\/uploads\/usu482\/2022\/02\/Infografia-projectes-768x480.png 768w, https:\/\/agora.xtec.cat\/ceip-serramarina-sta-coloma\/wp-content\/uploads\/usu482\/2022\/02\/Infografia-projectes-1536x960.png 1536w, https:\/\/agora.xtec.cat\/ceip-serramarina-sta-coloma\/wp-content\/uploads\/usu482\/2022\/02\/Infografia-projectes-2048x1279.png 2048w\" sizes=\"auto, (max-width: 757px) 100vw, 757px\" \/><\/p>\n<p><img loading=\"lazy\" decoding=\"async\" class=\"alignnone size-full wp-image-6391\" src=\"https:\/\/agora.xtec.cat\/ceip-serramarina-sta-coloma\/wp-content\/uploads\/usu482\/2022\/02\/Marron-y-Verde-Cuadricula-Limpia-Diseno-de-Interiores-Panel-de-Inspiracion-Collage-de-Fotos.png\" alt=\"\" width=\"1000\" height=\"800\" srcset=\"https:\/\/agora.xtec.cat\/ceip-serramarina-sta-coloma\/wp-content\/uploads\/usu482\/2022\/02\/Marron-y-Verde-Cuadricula-Limpia-Diseno-de-Interiores-Panel-de-Inspiracion-Collage-de-Fotos.png 1000w, https:\/\/agora.xtec.cat\/ceip-serramarina-sta-coloma\/wp-content\/uploads\/usu482\/2022\/02\/Marron-y-Verde-Cuadricula-Limpia-Diseno-de-Interiores-Panel-de-Inspiracion-Collage-de-Fotos-300x240.png 300w, https:\/\/agora.xtec.cat\/ceip-serramarina-sta-coloma\/wp-content\/uploads\/usu482\/2022\/02\/Marron-y-Verde-Cuadricula-Limpia-Diseno-de-Interiores-Panel-de-Inspiracion-Collage-de-Fotos-768x614.png 768w\" sizes=\"auto, (max-width: 1000px) 100vw, 1000px\" \/><\/p>\n","protected":false},"excerpt":{"rendered":"<p>Qu\u00e8 s\u00f3n els projectes?<\/p>\n<p>La societat evoluciona i cada vegada m\u00e9s hem de preparar els nostres alumnes per donar respostes innovadores en una societat canviant i en evoluci\u00f3 constant. Enfocaments globalitzats. El treball per projectes \u00e9s una metodologia que es basa en el treball per part&hellip;  <a href=\"https:\/\/agora.xtec.cat\/ceip-serramarina-sta-coloma\/educacio-primaria\/projectes\/\" title=\"Read Projectes\">Llegeix m\u00e9s\u00bb<\/a><\/p>\n","protected":false},"author":11,"featured_media":0,"parent":6119,"menu_order":0,"comment_status":"closed","ping_status":"closed","template":"","meta":{"_bbp_topic_count":0,"_bbp_reply_count":0,"_bbp_total_topic_count":0,"_bbp_total_reply_count":0,"_bbp_voice_count":0,"_bbp_anonymous_reply_count":0,"_bbp_topic_count_hidden":0,"_bbp_reply_count_hidden":0,"_bbp_forum_subforum_count":0,"footnotes":""},"class_list":["post-6131","page","type-page","status-publish","hentry"],"post_mailing_queue_ids":[],"_links":{"self":[{"href":"https:\/\/agora.xtec.cat\/ceip-serramarina-sta-coloma\/wp-json\/wp\/v2\/pages\/6131","targetHints":{"allow":["GET"]}}],"collection":[{"href":"https:\/\/agora.xtec.cat\/ceip-serramarina-sta-coloma\/wp-json\/wp\/v2\/pages"}],"about":[{"href":"https:\/\/agora.xtec.cat\/ceip-serramarina-sta-coloma\/wp-json\/wp\/v2\/types\/page"}],"author":[{"embeddable":true,"href":"https:\/\/agora.xtec.cat\/ceip-serramarina-sta-coloma\/wp-json\/wp\/v2\/users\/11"}],"replies":[{"embeddable":true,"href":"https:\/\/agora.xtec.cat\/ceip-serramarina-sta-coloma\/wp-json\/wp\/v2\/comments?post=6131"}],"version-history":[{"count":3,"href":"https:\/\/agora.xtec.cat\/ceip-serramarina-sta-coloma\/wp-json\/wp\/v2\/pages\/6131\/revisions"}],"predecessor-version":[{"id":6392,"href":"https:\/\/agora.xtec.cat\/ceip-serramarina-sta-coloma\/wp-json\/wp\/v2\/pages\/6131\/revisions\/6392"}],"up":[{"embeddable":true,"href":"https:\/\/agora.xtec.cat\/ceip-serramarina-sta-coloma\/wp-json\/wp\/v2\/pages\/6119"}],"wp:attachment":[{"href":"https:\/\/agora.xtec.cat\/ceip-serramarina-sta-coloma\/wp-json\/wp\/v2\/media?parent=6131"}],"curies":[{"name":"wp","href":"https:\/\/api.w.org\/{rel}","templated":true}]}}