{"id":6125,"date":"2022-01-31T16:20:35","date_gmt":"2022-01-31T15:20:35","guid":{"rendered":"https:\/\/agora.xtec.cat\/ceip-serramarina-sta-coloma\/?page_id=6125"},"modified":"2022-02-04T15:47:40","modified_gmt":"2022-02-04T14:47:40","slug":"terrasseta","status":"publish","type":"page","link":"https:\/\/agora.xtec.cat\/ceip-serramarina-sta-coloma\/educacio-infantil\/terrasseta\/","title":{"rendered":"Terrasseta"},"content":{"rendered":"<p><span style=\"font-weight: 400;\">D\u2019un temps en darrera, la terrasseta era un espai de joc lliure, en el qual l\u2019\u00fanica intervenci\u00f3 per part de l\u2019equip docent era la vigil\u00e0ncia. No obstant aix\u00f2, som conscients que cada vegada m\u00e9s es valora el poder del joc i temps d\u2019esbarjo, tant amb finalitats educatives com per la seva pot\u00e8ncia com eina pedag\u00f2gica.\u00a0<\/span><\/p>\n<p><span style=\"font-weight: 400;\">Avui dia, la terrasseta s\u2019ha convertit en un <\/span><b>espai d\u2019aprenentatge socia<\/b><span style=\"font-weight: 400;\">l, de <\/span><b>joc<\/b><span style=\"font-weight: 400;\">, de <\/span><b>creativitat<\/b><span style=\"font-weight: 400;\">, d\u2019<\/span><b>inclusi\u00f3<\/b><span style=\"font-weight: 400;\">, en el qual els alumnes es relacionen, es coneixen i estableixen <\/span><b>vincles<\/b><span style=\"font-weight: 400;\"> entre ells. Per\u00f2 no nom\u00e9s aix\u00f2, sin\u00f3 que dona la possibilitat d\u2019<\/span><b>imaginar<\/b><span style=\"font-weight: 400;\">, de <\/span><b>descobrir<\/b><span style=\"font-weight: 400;\">, <\/span><b>experimentar<\/b><span style=\"font-weight: 400;\">, resoldre problemes.<\/span><\/p>\n<p><img loading=\"lazy\" decoding=\"async\" class=\"alignnone size-large wp-image-6360\" src=\"https:\/\/agora.xtec.cat\/ceip-serramarina-sta-coloma\/wp-content\/uploads\/usu482\/2022\/02\/Archivo_000-1024x423.png\" alt=\"\" width=\"1024\" height=\"423\" srcset=\"https:\/\/agora.xtec.cat\/ceip-serramarina-sta-coloma\/wp-content\/uploads\/usu482\/2022\/02\/Archivo_000-1024x423.png 1024w, https:\/\/agora.xtec.cat\/ceip-serramarina-sta-coloma\/wp-content\/uploads\/usu482\/2022\/02\/Archivo_000-300x124.png 300w, https:\/\/agora.xtec.cat\/ceip-serramarina-sta-coloma\/wp-content\/uploads\/usu482\/2022\/02\/Archivo_000-768x317.png 768w, https:\/\/agora.xtec.cat\/ceip-serramarina-sta-coloma\/wp-content\/uploads\/usu482\/2022\/02\/Archivo_000-1536x634.png 1536w, https:\/\/agora.xtec.cat\/ceip-serramarina-sta-coloma\/wp-content\/uploads\/usu482\/2022\/02\/Archivo_000-2048x845.png 2048w\" sizes=\"auto, (max-width: 1024px) 100vw, 1024px\" \/><\/p>\n<p><img loading=\"lazy\" decoding=\"async\" class=\"alignnone size-full wp-image-6398\" src=\"https:\/\/agora.xtec.cat\/ceip-serramarina-sta-coloma\/wp-content\/uploads\/usu482\/2022\/02\/La-terrasseta.png\" alt=\"\" width=\"1000\" height=\"800\" srcset=\"https:\/\/agora.xtec.cat\/ceip-serramarina-sta-coloma\/wp-content\/uploads\/usu482\/2022\/02\/La-terrasseta.png 1000w, https:\/\/agora.xtec.cat\/ceip-serramarina-sta-coloma\/wp-content\/uploads\/usu482\/2022\/02\/La-terrasseta-300x240.png 300w, https:\/\/agora.xtec.cat\/ceip-serramarina-sta-coloma\/wp-content\/uploads\/usu482\/2022\/02\/La-terrasseta-768x614.png 768w\" sizes=\"auto, (max-width: 1000px) 100vw, 1000px\" \/><\/p>\n<p>&nbsp;<\/p>\n","protected":false},"excerpt":{"rendered":"<p>D\u2019un temps en darrera, la terrasseta era un espai de joc lliure, en el qual l\u2019\u00fanica intervenci\u00f3 per part de l\u2019equip docent era la vigil\u00e0ncia. No obstant aix\u00f2, som conscients que cada vegada m\u00e9s es valora el poder del joc i temps d\u2019esbarjo, tant amb&hellip;  <a href=\"https:\/\/agora.xtec.cat\/ceip-serramarina-sta-coloma\/educacio-infantil\/terrasseta\/\" title=\"Read Terrasseta\">Llegeix m\u00e9s\u00bb<\/a><\/p>\n","protected":false},"author":11,"featured_media":0,"parent":6118,"menu_order":0,"comment_status":"closed","ping_status":"closed","template":"","meta":{"_bbp_topic_count":0,"_bbp_reply_count":0,"_bbp_total_topic_count":0,"_bbp_total_reply_count":0,"_bbp_voice_count":0,"_bbp_anonymous_reply_count":0,"_bbp_topic_count_hidden":0,"_bbp_reply_count_hidden":0,"_bbp_forum_subforum_count":0,"footnotes":""},"class_list":["post-6125","page","type-page","status-publish","hentry"],"post_mailing_queue_ids":[],"_links":{"self":[{"href":"https:\/\/agora.xtec.cat\/ceip-serramarina-sta-coloma\/wp-json\/wp\/v2\/pages\/6125","targetHints":{"allow":["GET"]}}],"collection":[{"href":"https:\/\/agora.xtec.cat\/ceip-serramarina-sta-coloma\/wp-json\/wp\/v2\/pages"}],"about":[{"href":"https:\/\/agora.xtec.cat\/ceip-serramarina-sta-coloma\/wp-json\/wp\/v2\/types\/page"}],"author":[{"embeddable":true,"href":"https:\/\/agora.xtec.cat\/ceip-serramarina-sta-coloma\/wp-json\/wp\/v2\/users\/11"}],"replies":[{"embeddable":true,"href":"https:\/\/agora.xtec.cat\/ceip-serramarina-sta-coloma\/wp-json\/wp\/v2\/comments?post=6125"}],"version-history":[{"count":3,"href":"https:\/\/agora.xtec.cat\/ceip-serramarina-sta-coloma\/wp-json\/wp\/v2\/pages\/6125\/revisions"}],"predecessor-version":[{"id":6399,"href":"https:\/\/agora.xtec.cat\/ceip-serramarina-sta-coloma\/wp-json\/wp\/v2\/pages\/6125\/revisions\/6399"}],"up":[{"embeddable":true,"href":"https:\/\/agora.xtec.cat\/ceip-serramarina-sta-coloma\/wp-json\/wp\/v2\/pages\/6118"}],"wp:attachment":[{"href":"https:\/\/agora.xtec.cat\/ceip-serramarina-sta-coloma\/wp-json\/wp\/v2\/media?parent=6125"}],"curies":[{"name":"wp","href":"https:\/\/api.w.org\/{rel}","templated":true}]}}