{"id":6121,"date":"2022-01-31T16:20:35","date_gmt":"2022-01-31T15:20:35","guid":{"rendered":"https:\/\/agora.xtec.cat\/ceip-serramarina-sta-coloma\/?page_id=6121"},"modified":"2022-02-02T11:18:20","modified_gmt":"2022-02-02T10:18:20","slug":"treball-per-projectes","status":"publish","type":"page","link":"https:\/\/agora.xtec.cat\/ceip-serramarina-sta-coloma\/treball-per-projectes\/","title":{"rendered":"Treball per projectes"},"content":{"rendered":"<p><strong>Qu\u00e8 \u00e9s el treball per projectes a l\u2019Escola Serra de Marina?<\/strong><\/p>\n<p><strong>\u00a0<\/strong>El treball per projectes a l\u2019escola <strong>es basa en les experi\u00e8ncies que demostren que l\u2019aprenentatge aut\u00e8ntic es produeix quan els nens i les nenes contextualitzen all\u00f2 que aprenen<\/strong>, descobreixen el m\u00f3n en companyia des altres, s\u2019enfronten al desafiament de plantejar i resoldre problemes reals, dirigeixen la seva pr\u00f2pia investigaci\u00f3 i es sorprenen del seu propi aprenentatge.<\/p>\n<p>Per a nosaltres, <strong>treballar per projectes \u00e9s un cam\u00ed on els alumnes han d\u2019anar descobrint per si mateixos<\/strong>, tot experimentant i profunditzant en el tema escollit, sent el docent un guia en aquest proc\u00e9s d\u2019ensenyament, possibilitat que els infants siguin aut\u00f2noms i responsables dels seu proc\u00e9s d\u2019aprenentatge.<\/p>\n<p><strong>Com iniciem el projecte?<\/strong><\/p>\n<p>En tot projecte cal formular una <strong>pregunta repte<\/strong> que ser\u00e0 el motor que far\u00e0 avan\u00e7ar el nostre projecte. Aquesta pregunta ser\u00e0 el nostre punt de partida. Cada repte o tema de treball \u00e9s \u00fanic i segueix el seu propi itinerari, al qual dep\u00e8n dels interessos de cada grup d\u2019infants i d\u2019altres factor que s\u2019aniran trobant durant el proc\u00e9s, com les experi\u00e8ncies del nostre dia a dia, motivacions, connexions, interessos, observacions\u2026<a href=\"https:\/\/agora.xtec.cat\/ceip-serramarina-sta-coloma\/wp-content\/uploads\/usu482\/2022\/02\/Captura-de-pantalla-2022-02-02-a-las-11.14.32.png\"><img loading=\"lazy\" decoding=\"async\" class=\"wp-image-6283 aligncenter\" src=\"https:\/\/agora.xtec.cat\/ceip-serramarina-sta-coloma\/wp-content\/uploads\/usu482\/2022\/02\/Captura-de-pantalla-2022-02-02-a-las-11.14.32-1024x561.png\" alt=\"\" width=\"755\" height=\"414\" srcset=\"https:\/\/agora.xtec.cat\/ceip-serramarina-sta-coloma\/wp-content\/uploads\/usu482\/2022\/02\/Captura-de-pantalla-2022-02-02-a-las-11.14.32-1024x561.png 1024w, https:\/\/agora.xtec.cat\/ceip-serramarina-sta-coloma\/wp-content\/uploads\/usu482\/2022\/02\/Captura-de-pantalla-2022-02-02-a-las-11.14.32-300x164.png 300w, https:\/\/agora.xtec.cat\/ceip-serramarina-sta-coloma\/wp-content\/uploads\/usu482\/2022\/02\/Captura-de-pantalla-2022-02-02-a-las-11.14.32-768x421.png 768w, https:\/\/agora.xtec.cat\/ceip-serramarina-sta-coloma\/wp-content\/uploads\/usu482\/2022\/02\/Captura-de-pantalla-2022-02-02-a-las-11.14.32.png 1160w\" sizes=\"auto, (max-width: 755px) 100vw, 755px\" \/><\/a><\/p>\n<p><strong>Com es treballa per projectes a l&#8217;escola?<\/strong><\/p>\n<p>&nbsp;<\/p>\n<p><a href=\"https:\/\/agora.xtec.cat\/ceip-serramarina-sta-coloma\/wp-content\/uploads\/usu482\/2022\/02\/Captura-de-pantalla-2022-02-02-a-las-11.14.58.png\"><img loading=\"lazy\" decoding=\"async\" class=\"alignnone size-large wp-image-6285\" src=\"https:\/\/agora.xtec.cat\/ceip-serramarina-sta-coloma\/wp-content\/uploads\/usu482\/2022\/02\/Captura-de-pantalla-2022-02-02-a-las-11.14.58-1024x618.png\" alt=\"\" width=\"1024\" height=\"618\" srcset=\"https:\/\/agora.xtec.cat\/ceip-serramarina-sta-coloma\/wp-content\/uploads\/usu482\/2022\/02\/Captura-de-pantalla-2022-02-02-a-las-11.14.58-1024x618.png 1024w, https:\/\/agora.xtec.cat\/ceip-serramarina-sta-coloma\/wp-content\/uploads\/usu482\/2022\/02\/Captura-de-pantalla-2022-02-02-a-las-11.14.58-300x181.png 300w, https:\/\/agora.xtec.cat\/ceip-serramarina-sta-coloma\/wp-content\/uploads\/usu482\/2022\/02\/Captura-de-pantalla-2022-02-02-a-las-11.14.58-768x463.png 768w, https:\/\/agora.xtec.cat\/ceip-serramarina-sta-coloma\/wp-content\/uploads\/usu482\/2022\/02\/Captura-de-pantalla-2022-02-02-a-las-11.14.58-1536x926.png 1536w, https:\/\/agora.xtec.cat\/ceip-serramarina-sta-coloma\/wp-content\/uploads\/usu482\/2022\/02\/Captura-de-pantalla-2022-02-02-a-las-11.14.58.png 1668w\" sizes=\"auto, (max-width: 1024px) 100vw, 1024px\" \/><\/a><\/p>\n<p>&nbsp;<\/p>\n","protected":false},"excerpt":{"rendered":"<p>Qu\u00e8 \u00e9s el treball per projectes a l\u2019Escola Serra de Marina?<br \/>\n\u00a0El treball per projectes a l\u2019escola es basa en les experi\u00e8ncies que demostren que l\u2019aprenentatge aut\u00e8ntic es produeix quan els nens i les nenes contextualitzen all\u00f2 que aprenen, descobreixen el m\u00f3n en companyia des altres,&hellip;  <a href=\"https:\/\/agora.xtec.cat\/ceip-serramarina-sta-coloma\/treball-per-projectes\/\" title=\"Read Treball per projectes\">Llegeix m\u00e9s\u00bb<\/a><\/p>\n","protected":false},"author":11,"featured_media":0,"parent":0,"menu_order":0,"comment_status":"closed","ping_status":"closed","template":"","meta":{"_bbp_topic_count":0,"_bbp_reply_count":0,"_bbp_total_topic_count":0,"_bbp_total_reply_count":0,"_bbp_voice_count":0,"_bbp_anonymous_reply_count":0,"_bbp_topic_count_hidden":0,"_bbp_reply_count_hidden":0,"_bbp_forum_subforum_count":0,"footnotes":""},"class_list":["post-6121","page","type-page","status-publish","hentry"],"post_mailing_queue_ids":[],"_links":{"self":[{"href":"https:\/\/agora.xtec.cat\/ceip-serramarina-sta-coloma\/wp-json\/wp\/v2\/pages\/6121","targetHints":{"allow":["GET"]}}],"collection":[{"href":"https:\/\/agora.xtec.cat\/ceip-serramarina-sta-coloma\/wp-json\/wp\/v2\/pages"}],"about":[{"href":"https:\/\/agora.xtec.cat\/ceip-serramarina-sta-coloma\/wp-json\/wp\/v2\/types\/page"}],"author":[{"embeddable":true,"href":"https:\/\/agora.xtec.cat\/ceip-serramarina-sta-coloma\/wp-json\/wp\/v2\/users\/11"}],"replies":[{"embeddable":true,"href":"https:\/\/agora.xtec.cat\/ceip-serramarina-sta-coloma\/wp-json\/wp\/v2\/comments?post=6121"}],"version-history":[{"count":3,"href":"https:\/\/agora.xtec.cat\/ceip-serramarina-sta-coloma\/wp-json\/wp\/v2\/pages\/6121\/revisions"}],"predecessor-version":[{"id":6284,"href":"https:\/\/agora.xtec.cat\/ceip-serramarina-sta-coloma\/wp-json\/wp\/v2\/pages\/6121\/revisions\/6284"}],"wp:attachment":[{"href":"https:\/\/agora.xtec.cat\/ceip-serramarina-sta-coloma\/wp-json\/wp\/v2\/media?parent=6121"}],"curies":[{"name":"wp","href":"https:\/\/api.w.org\/{rel}","templated":true}]}}