{"id":6116,"date":"2022-01-31T16:20:35","date_gmt":"2022-01-31T15:20:35","guid":{"rendered":"https:\/\/agora.xtec.cat\/ceip-serramarina-sta-coloma\/?page_id=6116"},"modified":"2022-04-20T15:34:15","modified_gmt":"2022-04-20T13:34:15","slug":"dia-a-dia-a-lescola","status":"publish","type":"page","link":"https:\/\/agora.xtec.cat\/ceip-serramarina-sta-coloma\/dia-a-dia-a-lescola\/","title":{"rendered":"Dia a dia a l&#8217;escola"},"content":{"rendered":"<p><img loading=\"lazy\" decoding=\"async\" class=\"alignnone size-full wp-image-6742\" src=\"https:\/\/agora.xtec.cat\/ceip-serramarina-sta-coloma\/wp-content\/uploads\/usu482\/2022\/04\/Dia-a-dia-a-lescola.jpg\" alt=\"\" width=\"1000\" height=\"800\" srcset=\"https:\/\/agora.xtec.cat\/ceip-serramarina-sta-coloma\/wp-content\/uploads\/usu482\/2022\/04\/Dia-a-dia-a-lescola.jpg 1000w, https:\/\/agora.xtec.cat\/ceip-serramarina-sta-coloma\/wp-content\/uploads\/usu482\/2022\/04\/Dia-a-dia-a-lescola-300x240.jpg 300w, https:\/\/agora.xtec.cat\/ceip-serramarina-sta-coloma\/wp-content\/uploads\/usu482\/2022\/04\/Dia-a-dia-a-lescola-768x614.jpg 768w\" sizes=\"auto, (max-width: 1000px) 100vw, 1000px\" \/><\/p>\n<p>En aquesta p\u00e0gina trobareu totes aquelles activitats que anem fent en el dia a dia a l&#8217;escola. I perqu\u00e8 ho tingueu m\u00e9s f\u00e0cil just a sota d&#8217;aquestes paraules teniu un enlla\u00e7 directe a cada un dels nivells de l&#8217;escola, des de els m\u00e9s menuts (Infantil) fins als m\u00e9s grans (Prim\u00e0ria), aix\u00ed podreu veure el que m\u00e9s us agradi.<\/p>\n<p><a href=\"https:\/\/agora.xtec.cat\/ceip-serramarina-sta-coloma\/categoria\/infantil\/p3\/\">I3<\/a><\/p>\n<p><a href=\"https:\/\/agora.xtec.cat\/ceip-serramarina-sta-coloma\/categoria\/infantil\/p4\/\">I4<\/a><\/p>\n<p><a href=\"https:\/\/agora.xtec.cat\/ceip-serramarina-sta-coloma\/categoria\/infantil\/p5\/\">I5<\/a><\/p>\n<p><a href=\"https:\/\/agora.xtec.cat\/ceip-serramarina-sta-coloma\/categoria\/primaria\/1r\/\">1r<\/a><\/p>\n<p><a href=\"https:\/\/agora.xtec.cat\/ceip-serramarina-sta-coloma\/categoria\/primaria\/2n\/\">2n<\/a><\/p>\n<p><a href=\"https:\/\/agora.xtec.cat\/ceip-serramarina-sta-coloma\/categoria\/primaria\/3r\/\">3r<\/a><\/p>\n<p><a href=\"https:\/\/agora.xtec.cat\/ceip-serramarina-sta-coloma\/categoria\/primaria\/4t\/\">4t<\/a><\/p>\n<p><a href=\"https:\/\/agora.xtec.cat\/ceip-serramarina-sta-coloma\/categoria\/primaria\/5e\/\">5\u00e8<\/a><\/p>\n<p><a href=\"https:\/\/agora.xtec.cat\/ceip-serramarina-sta-coloma\/categoria\/primaria\/6e\/\">6\u00e8<\/a><\/p>\n<p>&nbsp;<\/p>\n","protected":false},"excerpt":{"rendered":"<p>En aquesta p\u00e0gina trobareu totes aquelles activitats que anem fent en el dia a dia a l&#8217;escola. I perqu\u00e8 ho tingueu m\u00e9s f\u00e0cil just a sota d&#8217;aquestes paraules teniu un enlla\u00e7 directe a cada un dels nivells de l&#8217;escola, des de els m\u00e9s menuts (Infantil)&hellip;  <a href=\"https:\/\/agora.xtec.cat\/ceip-serramarina-sta-coloma\/dia-a-dia-a-lescola\/\" title=\"Read Dia a dia a l&#8217;escola\">Llegeix m\u00e9s\u00bb<\/a><\/p>\n","protected":false},"author":11,"featured_media":0,"parent":0,"menu_order":0,"comment_status":"closed","ping_status":"closed","template":"","meta":{"_bbp_topic_count":0,"_bbp_reply_count":0,"_bbp_total_topic_count":0,"_bbp_total_reply_count":0,"_bbp_voice_count":0,"_bbp_anonymous_reply_count":0,"_bbp_topic_count_hidden":0,"_bbp_reply_count_hidden":0,"_bbp_forum_subforum_count":0,"footnotes":""},"class_list":["post-6116","page","type-page","status-publish","hentry"],"post_mailing_queue_ids":[],"_links":{"self":[{"href":"https:\/\/agora.xtec.cat\/ceip-serramarina-sta-coloma\/wp-json\/wp\/v2\/pages\/6116","targetHints":{"allow":["GET"]}}],"collection":[{"href":"https:\/\/agora.xtec.cat\/ceip-serramarina-sta-coloma\/wp-json\/wp\/v2\/pages"}],"about":[{"href":"https:\/\/agora.xtec.cat\/ceip-serramarina-sta-coloma\/wp-json\/wp\/v2\/types\/page"}],"author":[{"embeddable":true,"href":"https:\/\/agora.xtec.cat\/ceip-serramarina-sta-coloma\/wp-json\/wp\/v2\/users\/11"}],"replies":[{"embeddable":true,"href":"https:\/\/agora.xtec.cat\/ceip-serramarina-sta-coloma\/wp-json\/wp\/v2\/comments?post=6116"}],"version-history":[{"count":3,"href":"https:\/\/agora.xtec.cat\/ceip-serramarina-sta-coloma\/wp-json\/wp\/v2\/pages\/6116\/revisions"}],"predecessor-version":[{"id":6743,"href":"https:\/\/agora.xtec.cat\/ceip-serramarina-sta-coloma\/wp-json\/wp\/v2\/pages\/6116\/revisions\/6743"}],"wp:attachment":[{"href":"https:\/\/agora.xtec.cat\/ceip-serramarina-sta-coloma\/wp-json\/wp\/v2\/media?parent=6116"}],"curies":[{"name":"wp","href":"https:\/\/api.w.org\/{rel}","templated":true}]}}