{"id":26,"date":"2014-09-18T12:24:32","date_gmt":"2014-09-18T11:24:32","guid":{"rendered":"http:\/\/agora.xtec.cat\/ceip-serralavella\/?page_id=26"},"modified":"2015-08-31T12:07:21","modified_gmt":"2015-08-31T11:07:21","slug":"historia","status":"publish","type":"page","link":"https:\/\/agora.xtec.cat\/ceip-serralavella\/lescola\/historia\/","title":{"rendered":"Hist\u00f2ria"},"content":{"rendered":"<p>L\u2019Escola Serralavella \u00e9s l\u2019escola p\u00fablica d&#8217;Ullastrell on s\u2019acullen els nens i nenes de l\u2019etapa d\u2019Educaci\u00f3 Infantil i Prim\u00e0ria (3 \u2013 12 anys).<\/p>\n<p>L&#8217;origen etimol\u00f2gic del nom de l&#8217;escola, prov\u00e9 d&#8217;una tradici\u00f3 molt arrelada al poble que es celebra a mitja quaresma, concretament el dimecres del mig.<\/p>\n<p>Els avis recorden una can\u00e7\u00f3 de captiri molt llarga que cantaven quan eren xics al ritme del xerrac que serrava un tronc casa per casa. La gent, concretament les dones, que eren les mestresses de casa, els donaven ous, ametlles&#8230;<\/p>\n<p>Aquesta tradici\u00f3 estesa abans per tot el Vall\u00e8s, tan sols perdura aqu\u00ed.<\/p>\n<p>Mantenint la tradici\u00f3, les festes de Serralavella han anat prenent import\u00e0ncia dins del poble celebrant unes festes d\u2019hivern on hi participa activament l\u2019escola.<\/p>\n<p>El fet d&#8217;haver triat, l&#8217;any 1985, el nom d&#8217;aquesta tradici\u00f3 com a nom de l\u2019escola pressuposa la voluntat de mantenir-la viva. Aix\u00ed doncs, trobem una escola arrelada a les seves tradicions i, a la vegada, en proc\u00e9s constant de canvi, una escola actual i viva.<\/p>\n<p>Ha anat evolucionant des de ser una escola rural unit\u00e0ria, passant per ser escola organitzada per cicles, fins l\u2019any 2003 en que va passar a ser una escola d\u2019una l\u00ednia sencera on es va acabar l\u2019ampliaci\u00f3 de l\u2019edifici. Just es va acabar l\u2019edifici va sorgir la necessitat de desdoblar els nous grups de l\u2019escola i, per tant, el treball de la comunitat educativa per aconseguir un nou centre que reun\u00eds les condicions necess\u00e0ries.<\/p>\n<p>Fins el curs 2013-2014, l\u2019escola ha estat de dues l\u00ednies complertes i l\u2019edifici actual, d\u2019una sola l\u00ednia, ha obligat a tenir els grups dividits en diferents espais externs al centre; amb dues aules a l\u2019edifici de l\u2019Ajuntament i sis aules en uns m\u00f2duls prefabricats a 300m de l\u2019escola, amb l\u2019obligaci\u00f3 d\u2019haver de travessar la carretera en cada despla\u00e7ament.<\/p>\n<p>Finalment, l\u2019any 2011 comencen les obres per construir un nou edifici escolar. Despr\u00e9s d\u2019un any d\u2019aturades degut a les males condicions econ\u00f2miques derivades de la crisi, al desembre de l\u2019any 2014 s\u2019acaba l\u2019edifici i es pot realitzar el trasllat a les noves instal\u00b7lacions. L\u2019escola ha estat inaugurada per la Molt Honorable Consellera d\u2019Ensenyament Sra. Irene Rigau el 18 de gener de 2015.<\/p>\n","protected":false},"excerpt":{"rendered":"<p>L\u2019Escola Serralavella \u00e9s l\u2019escola p\u00fablica d&#8217;Ullastrell on s\u2019acullen els nens i nenes de l\u2019etapa d\u2019Educaci\u00f3 Infantil i Prim\u00e0ria (3 \u2013 12 anys). L&#8217;origen etimol\u00f2gic del nom de l&#8217;escola, prov\u00e9 d&#8217;una tradici\u00f3 molt arrelada al poble que es celebra a mitja quaresma, concretament el dimecres del mig. Els avis recorden una can\u00e7\u00f3 de captiri molt llarga [&hellip;]<\/p>\n","protected":false},"author":2,"featured_media":0,"parent":22,"menu_order":40,"comment_status":"closed","ping_status":"closed","template":"page-templates\/side-menu.php","meta":{"_bbp_topic_count":0,"_bbp_reply_count":0,"_bbp_total_topic_count":0,"_bbp_total_reply_count":0,"_bbp_voice_count":0,"_bbp_anonymous_reply_count":0,"_bbp_topic_count_hidden":0,"_bbp_reply_count_hidden":0,"_bbp_forum_subforum_count":0,"site-sidebar-layout":"default","site-content-layout":"","ast-site-content-layout":"","site-content-style":"default","site-sidebar-style":"default","ast-global-header-display":"","ast-banner-title-visibility":"","ast-main-header-display":"","ast-hfb-above-header-display":"","ast-hfb-below-header-display":"","ast-hfb-mobile-header-display":"","site-post-title":"","ast-breadcrumbs-content":"","ast-featured-img":"","footer-sml-layout":"","theme-transparent-header-meta":"","adv-header-id-meta":"","stick-header-meta":"","header-above-stick-meta":"","header-main-stick-meta":"","header-below-stick-meta":"","astra-migrate-meta-layouts":"default","ast-page-background-enabled":"default","ast-page-background-meta":{"desktop":{"background-color":"var(--ast-global-color-4)","background-image":"","background-repeat":"repeat","background-position":"center center","background-size":"auto","background-attachment":"scroll","background-type":"","background-media":"","overlay-type":"","overlay-color":"","overlay-opacity":"","overlay-gradient":""},"tablet":{"background-color":"","background-image":"","background-repeat":"repeat","background-position":"center center","background-size":"auto","background-attachment":"scroll","background-type":"","background-media":"","overlay-type":"","overlay-color":"","overlay-opacity":"","overlay-gradient":""},"mobile":{"background-color":"","background-image":"","background-repeat":"repeat","background-position":"center center","background-size":"auto","background-attachment":"scroll","background-type":"","background-media":"","overlay-type":"","overlay-color":"","overlay-opacity":"","overlay-gradient":""}},"ast-content-background-meta":{"desktop":{"background-color":"var(--ast-global-color-5)","background-image":"","background-repeat":"repeat","background-position":"center center","background-size":"auto","background-attachment":"scroll","background-type":"","background-media":"","overlay-type":"","overlay-color":"","overlay-opacity":"","overlay-gradient":""},"tablet":{"background-color":"var(--ast-global-color-5)","background-image":"","background-repeat":"repeat","background-position":"center center","background-size":"auto","background-attachment":"scroll","background-type":"","background-media":"","overlay-type":"","overlay-color":"","overlay-opacity":"","overlay-gradient":""},"mobile":{"background-color":"var(--ast-global-color-5)","background-image":"","background-repeat":"repeat","background-position":"center center","background-size":"auto","background-attachment":"scroll","background-type":"","background-media":"","overlay-type":"","overlay-color":"","overlay-opacity":"","overlay-gradient":""}},"footnotes":""},"class_list":["post-26","page","type-page","status-publish","hentry"],"post_mailing_queue_ids":[],"_links":{"self":[{"href":"https:\/\/agora.xtec.cat\/ceip-serralavella\/wp-json\/wp\/v2\/pages\/26","targetHints":{"allow":["GET"]}}],"collection":[{"href":"https:\/\/agora.xtec.cat\/ceip-serralavella\/wp-json\/wp\/v2\/pages"}],"about":[{"href":"https:\/\/agora.xtec.cat\/ceip-serralavella\/wp-json\/wp\/v2\/types\/page"}],"author":[{"embeddable":true,"href":"https:\/\/agora.xtec.cat\/ceip-serralavella\/wp-json\/wp\/v2\/users\/2"}],"replies":[{"embeddable":true,"href":"https:\/\/agora.xtec.cat\/ceip-serralavella\/wp-json\/wp\/v2\/comments?post=26"}],"version-history":[{"count":3,"href":"https:\/\/agora.xtec.cat\/ceip-serralavella\/wp-json\/wp\/v2\/pages\/26\/revisions"}],"predecessor-version":[{"id":235,"href":"https:\/\/agora.xtec.cat\/ceip-serralavella\/wp-json\/wp\/v2\/pages\/26\/revisions\/235"}],"up":[{"embeddable":true,"href":"https:\/\/agora.xtec.cat\/ceip-serralavella\/wp-json\/wp\/v2\/pages\/22"}],"wp:attachment":[{"href":"https:\/\/agora.xtec.cat\/ceip-serralavella\/wp-json\/wp\/v2\/media?parent=26"}],"curies":[{"name":"wp","href":"https:\/\/api.w.org\/{rel}","templated":true}]}}