{"id":1842,"date":"2023-10-13T16:19:18","date_gmt":"2023-10-13T14:19:18","guid":{"rendered":"https:\/\/agora.xtec.cat\/ceip-serralavella\/?page_id=1842"},"modified":"2023-10-13T16:27:06","modified_gmt":"2023-10-13T14:27:06","slug":"escola-verda","status":"publish","type":"page","link":"https:\/\/agora.xtec.cat\/ceip-serralavella\/projectes-de-centre\/escola-verda\/","title":{"rendered":"Escola Verda"},"content":{"rendered":"<p>L&#8217;escola Serralavella va rebre el distintiu d&#8217;<strong>Escola Verda<\/strong> l&#8217;any 2020 i, des de llavors participem en la <a href=\"https:\/\/mediambient.gencat.cat\/ca\/05_ambits_dactuacio\/educacio_i_sostenibilitat\/educacio_per_a_la_sostenibilitat\/escoles_verdes\/index.html\" target=\"_blank\" rel=\"noopener\">Xarxa d&#8217;Escoles Verdes<\/a>, amb l&#8217;objectiu d&#8217;implementar noves mesures per aconseguir ser una comunitat m\u00e9s sostenible.<\/p>\n<p><a href=\"https:\/\/agora.xtec.cat\/ceip-serralavella\/wp-content\/uploads\/usu452\/2023\/10\/baixa.png\"><img loading=\"lazy\" decoding=\"async\" class=\"alignleft size-full wp-image-1839\" src=\"https:\/\/agora.xtec.cat\/ceip-serralavella\/wp-content\/uploads\/usu452\/2023\/10\/baixa.png\" alt=\"\" width=\"236\" height=\"213\" \/><\/a><\/p>\n<p>Algunes de les diferents mesures que hem implementat s\u00f3n:<\/p>\n<ul>\n<li>Creaci\u00f3 d&#8217;un equip de treball estable:\u00a0<strong>Equip Docent<\/strong><\/li>\n<li>Implementaci\u00f3 d&#8217;embolcalls i envasos reutilitzables per a l&#8217;esmorzar:<strong> Alumnat i docents<\/strong><\/li>\n<li>\u00das d&#8217;ampolles d&#8217;aigua individuals. <strong>Alumnat i docents<\/strong><\/li>\n<li>Recollida selectiva a totes les aules: paper i cart\u00f3, pl\u00e0stic, org\u00e0nic i resta.<\/li>\n<li>Recollida selectiva a tota l&#8217;escola, amb la creaci\u00f3 d&#8217;una mini deixalleria (en col\u00b7laboraci\u00f3 de la responsable del Punt Verd d&#8217;Ullastrell): cart\u00f3, pl\u00e0stic, org\u00e0nic, resta, vidre, piles, embalums, c\u00e0psules, etc.<\/li>\n<li>Posada en marxa del projecte \u201cCompostador\u201d: <strong>Responsables: alumnat de 5\u00e8 de prim\u00e0ria\u00a0<\/strong><\/li>\n<li>Posada en marxa dels horts d&#8217;aula a Educaci\u00f3 Infantil i de l&#8217;hort de prim\u00e0ria (en col\u00b7laboraci\u00f3 amb el Projecte \u201cFem escola, Fem societat\u201d).<\/li>\n<li>Participaci\u00f3 en el Projecte Rius.\u00a0<strong>Alumnat de 4t de Prim\u00e0ria.<\/strong><\/li>\n<\/ul>\n<p>Consulteu m\u00e9s informaci\u00f3 sobre la <a href=\"https:\/\/mediambient.gencat.cat\/ca\/05_ambits_dactuacio\/educacio_i_sostenibilitat\/educacio_per_a_la_sostenibilitat\/escoles_verdes\/index.html\" target=\"_blank\" rel=\"noopener\">Xarxa d&#8217;Escoles Verdes<\/a><\/p>\n","protected":false},"excerpt":{"rendered":"<p>L&#8217;escola Serralavella va rebre el distintiu d&#8217;Escola Verda l&#8217;any 2020 i, des de llavors participem en la Xarxa d&#8217;Escoles Verdes, amb l&#8217;objectiu d&#8217;implementar noves mesures per aconseguir ser una comunitat m\u00e9s sostenible. Algunes de les diferents mesures que hem implementat s\u00f3n: Creaci\u00f3 d&#8217;un equip de treball estable:\u00a0Equip Docent Implementaci\u00f3 d&#8217;embolcalls i envasos reutilitzables per a [&hellip;]<\/p>\n","protected":false},"author":1,"featured_media":0,"parent":1838,"menu_order":0,"comment_status":"open","ping_status":"open","template":"page-templates\/side-menu.php","meta":{"_bbp_topic_count":0,"_bbp_reply_count":0,"_bbp_total_topic_count":0,"_bbp_total_reply_count":0,"_bbp_voice_count":0,"_bbp_anonymous_reply_count":0,"_bbp_topic_count_hidden":0,"_bbp_reply_count_hidden":0,"_bbp_forum_subforum_count":0,"site-sidebar-layout":"default","site-content-layout":"","ast-site-content-layout":"","site-content-style":"default","site-sidebar-style":"default","ast-global-header-display":"","ast-banner-title-visibility":"","ast-main-header-display":"","ast-hfb-above-header-display":"","ast-hfb-below-header-display":"","ast-hfb-mobile-header-display":"","site-post-title":"","ast-breadcrumbs-content":"","ast-featured-img":"","footer-sml-layout":"","theme-transparent-header-meta":"","adv-header-id-meta":"","stick-header-meta":"","header-above-stick-meta":"","header-main-stick-meta":"","header-below-stick-meta":"","astra-migrate-meta-layouts":"default","ast-page-background-enabled":"default","ast-page-background-meta":{"desktop":{"background-color":"var(--ast-global-color-4)","background-image":"","background-repeat":"repeat","background-position":"center center","background-size":"auto","background-attachment":"scroll","background-type":"","background-media":"","overlay-type":"","overlay-color":"","overlay-opacity":"","overlay-gradient":""},"tablet":{"background-color":"","background-image":"","background-repeat":"repeat","background-position":"center center","background-size":"auto","background-attachment":"scroll","background-type":"","background-media":"","overlay-type":"","overlay-color":"","overlay-opacity":"","overlay-gradient":""},"mobile":{"background-color":"","background-image":"","background-repeat":"repeat","background-position":"center center","background-size":"auto","background-attachment":"scroll","background-type":"","background-media":"","overlay-type":"","overlay-color":"","overlay-opacity":"","overlay-gradient":""}},"ast-content-background-meta":{"desktop":{"background-color":"var(--ast-global-color-5)","background-image":"","background-repeat":"repeat","background-position":"center center","background-size":"auto","background-attachment":"scroll","background-type":"","background-media":"","overlay-type":"","overlay-color":"","overlay-opacity":"","overlay-gradient":""},"tablet":{"background-color":"var(--ast-global-color-5)","background-image":"","background-repeat":"repeat","background-position":"center center","background-size":"auto","background-attachment":"scroll","background-type":"","background-media":"","overlay-type":"","overlay-color":"","overlay-opacity":"","overlay-gradient":""},"mobile":{"background-color":"var(--ast-global-color-5)","background-image":"","background-repeat":"repeat","background-position":"center center","background-size":"auto","background-attachment":"scroll","background-type":"","background-media":"","overlay-type":"","overlay-color":"","overlay-opacity":"","overlay-gradient":""}},"footnotes":""},"class_list":["post-1842","page","type-page","status-publish","hentry"],"post_mailing_queue_ids":[],"_links":{"self":[{"href":"https:\/\/agora.xtec.cat\/ceip-serralavella\/wp-json\/wp\/v2\/pages\/1842","targetHints":{"allow":["GET"]}}],"collection":[{"href":"https:\/\/agora.xtec.cat\/ceip-serralavella\/wp-json\/wp\/v2\/pages"}],"about":[{"href":"https:\/\/agora.xtec.cat\/ceip-serralavella\/wp-json\/wp\/v2\/types\/page"}],"author":[{"embeddable":true,"href":"https:\/\/agora.xtec.cat\/ceip-serralavella\/wp-json\/wp\/v2\/users\/1"}],"replies":[{"embeddable":true,"href":"https:\/\/agora.xtec.cat\/ceip-serralavella\/wp-json\/wp\/v2\/comments?post=1842"}],"version-history":[{"count":2,"href":"https:\/\/agora.xtec.cat\/ceip-serralavella\/wp-json\/wp\/v2\/pages\/1842\/revisions"}],"predecessor-version":[{"id":1847,"href":"https:\/\/agora.xtec.cat\/ceip-serralavella\/wp-json\/wp\/v2\/pages\/1842\/revisions\/1847"}],"up":[{"embeddable":true,"href":"https:\/\/agora.xtec.cat\/ceip-serralavella\/wp-json\/wp\/v2\/pages\/1838"}],"wp:attachment":[{"href":"https:\/\/agora.xtec.cat\/ceip-serralavella\/wp-json\/wp\/v2\/media?parent=1842"}],"curies":[{"name":"wp","href":"https:\/\/api.w.org\/{rel}","templated":true}]}}