{"id":34,"date":"2014-09-18T12:32:18","date_gmt":"2014-09-18T11:32:18","guid":{"rendered":"http:\/\/agora.xtec.cat\/ceip-serradelobac\/?page_id=34"},"modified":"2026-02-03T16:42:33","modified_gmt":"2026-02-03T15:42:33","slug":"oferta-educativa","status":"publish","type":"page","link":"https:\/\/agora.xtec.cat\/ceip-serradelobac\/lescola\/oferta-educativa\/","title":{"rendered":"Equip Hum\u00e0"},"content":{"rendered":"<h2><strong>EQUIP HUM\u00c0 CURS 2025-2026<\/strong><\/h2>\n<p><strong>EQUIP DIRECTIU:<\/strong><\/p>\n<p>Xavi Meneses (Director)<\/p>\n<p>Nerea Sim\u00f3n (Cap d&#8217;Estudis)<\/p>\n<p>Joaqu\u00edn Vera (Secretari)<\/p>\n<p>&nbsp;<\/p>\n<p><strong>TUTORIES:\u00a0\u00a0<\/strong><\/p>\n<p><strong>I3: <\/strong>Anna Guillam\u00f3n, Patricia Mu\u00f1oz i Laura S\u00e1nchez Gala<\/p>\n<p><strong>I4: <\/strong>Cristina Morales i Sonsoles Hern\u00e1ndez<\/p>\n<p><strong>I5: <\/strong>Alicia Tom\u00e1s (Cristina Coca) i Vanessa Creus (Iris Jim\u00e9nez)<\/p>\n<p><strong>1r: <\/strong>Esther Or\u00fas i Ruth Alonso<\/p>\n<p><strong>2n: <\/strong>Alba Santisteban i Mireia Anglada<\/p>\n<p><strong>3r: <\/strong>Anna Barroso i Estefania Lorenzo<\/p>\n<p><strong> 4t: <\/strong>Miguel Serrabona i Aina Guitart<\/p>\n<p><strong>5\u00e8: <\/strong>Oriol Santos i Teresa Ferrer<\/p>\n<p><strong>6\u00e8: <\/strong>\u00a0N\u00faria Ram\u00edrez i Mariona L\u00e1zaro (Christopher Ferrer)<\/p>\n<p><strong>REFOR\u00c7: <\/strong>Silvia Rojas i Laura S\u00e1nchez Gala<\/p>\n<p><strong>COORDINADORES: <\/strong>Mariona L\u00e1zaro, Anna Barroso, Esther Or\u00fas i Eva M\u00aa Ordo\u00f1o<\/p>\n<p><strong>EDUCACI\u00d3 F\u00cdSICA: <\/strong>Lourdes Berbel<\/p>\n<p><strong>EDUCACI\u00d3 ESPECIAL: <\/strong>Ana Gonz\u00e1lez, Laura Garc\u00eda ,\u00a0Sonia Requena i Anna Nogu\u00e9s (SIEI)<\/p>\n<p><strong>ENGLISH: <\/strong>Mireia Sala, Andrea Lao i Mireia Valera<\/p>\n<p><strong>M\u00daSICA: <\/strong>Marc Serra<\/p>\n<p><strong>AULA D&#8217;ACOLLIDA: <\/strong>Eva M\u00aa Oro\u00f1o<\/p>\n<p><strong>T\u00c8CNICA D&#8217;EDUCACI\u00d3 INFANTIL:\u00a0<\/strong>Sonia Cascales<\/p>\n<p><strong>EDUCADORA D&#8217;EDUCACI\u00d3 ESPECIAL:\u00a0<\/strong>Raquel Fern\u00e1ndez<\/p>\n<p><strong>VETLLADORA:<\/strong> Cristina Gallego i S\u00edlvia Ortiz.<\/p>\n<p><strong>ADMINISTRATIVA:\u00a0<\/strong>Susanna Llop<\/p>\n<p><strong>OFICIAL DE SERVEIS:\u00a0<\/strong>Santi<\/p>\n<p><strong>NETEJA: <\/strong>Maria Teresa, Mayte i Antonia Romero.<\/p>\n<p><strong>COORDINADORA MENJADOR: <\/strong>Omayma<\/p>\n<p><strong>CUINERA I AJUDANTS: <\/strong>Gemma Pala<\/p>\n<p><strong>LaFact FUPAR<\/strong>:<\/p>\n<p><a href=\"https:\/\/agora.xtec.cat\/ceip-serradelobac\/wp-content\/uploads\/usu892\/2023\/09\/descarga.png\"><img loading=\"lazy\" decoding=\"async\" class=\"alignnone size-full wp-image-14089\" src=\"https:\/\/agora.xtec.cat\/ceip-serradelobac\/wp-content\/uploads\/usu892\/2023\/09\/descarga.png\" alt=\"\" width=\"382\" height=\"132\" srcset=\"https:\/\/agora.xtec.cat\/ceip-serradelobac\/wp-content\/uploads\/usu892\/2023\/09\/descarga.png 382w, https:\/\/agora.xtec.cat\/ceip-serradelobac\/wp-content\/uploads\/usu892\/2023\/09\/descarga-300x104.png 300w\" sizes=\"auto, (max-width: 382px) 100vw, 382px\" \/><\/a><\/p>\n<ul>\n<li style=\"text-align: left;\"><b>Raquel\u00a0 <\/b>&#8211;&gt; educadora i conductora de l&#8217;activitat de l&#8217;hort<\/li>\n<li style=\"text-align: left;\"><b>Alba Colet<\/b> &#8211;&gt; monitora de l&#8217;hort<\/li>\n<li style=\"text-align: left;\"><b style=\"font-family: inherit; font-size: 1em;\">Alberto Lopez<\/b><span style=\"font-family: inherit; font-size: 1em;\"> &#8211;&gt; monitor de l&#8217;hort<\/span><\/li>\n<li style=\"text-align: left;\"><b style=\"font-family: inherit; font-size: 1em;\">Xavi Garcia<\/b><span style=\"font-family: inherit; font-size: 1em;\"> &#8211;&gt; monitor de l&#8217;hort<\/span><\/li>\n<li style=\"text-align: left;\"><b style=\"font-family: inherit; font-size: 1em;\">Joan Vidal\u00a0<\/b><span style=\"font-family: inherit; font-size: 1em;\">&#8211;&gt; monitor de l&#8217;hort<\/span><\/li>\n<li style=\"text-align: left;\"><b style=\"font-family: inherit; font-size: 1em;\">David Montesinos<\/b><span style=\"font-family: inherit; font-size: 1em;\"> &#8211;&gt; monitor de l&#8217;hort<\/span><\/li>\n<li style=\"text-align: left;\"><b style=\"font-family: inherit; font-size: 1em;\">Gabriel Molinos<\/b><span style=\"font-family: inherit; font-size: 1em;\"> &#8211;&gt; monitor de l&#8217;hort<\/span><\/li>\n<li style=\"text-align: left;\"><b style=\"font-family: inherit; font-size: 1em;\">Andrea G\u00f3mez <\/b><span style=\"font-family: inherit; font-size: 1em;\">&#8211;&gt; monitora de l&#8217;hort + recicladora de paper<\/span><\/li>\n<li style=\"text-align: left;\"><b style=\"font-family: inherit; font-size: 1em;\">F\u00e0tima Vega<\/b><span style=\"font-family: inherit; font-size: 1em;\"> &#8211;&gt; monitora de l&#8217;hort + recicladora de paper<\/span><\/li>\n<li style=\"text-align: left;\"><b style=\"font-family: inherit; font-size: 1em;\">Elena Rib\u00f3\u00a0<\/b><span style=\"font-family: inherit; font-size: 1em;\">&#8211;&gt; monitora de l&#8217;hort + suport a menjador<\/span><\/li>\n<li style=\"text-align: left;\"><b style=\"font-family: inherit; font-size: 1em;\">Albert Almirall<\/b><span style=\"font-family: inherit; font-size: 1em;\"> &#8211;&gt; monitor de l&#8217;hort + suport a menjador<\/span><\/li>\n<li style=\"text-align: left;\"><b style=\"font-family: inherit; font-size: 1em;\">David Sol\u00e0<\/b><span style=\"font-family: inherit; font-size: 1em;\"> &#8211;&gt; monitor de l&#8217;hort<\/span><\/li>\n<li style=\"text-align: left;\"><b style=\"font-family: inherit; font-size: 1em;\">Hamza Dourgal\u00a0<\/b><span style=\"font-family: inherit; font-size: 1em;\">&#8211;&gt; monitor de l&#8217;hort<\/span><\/li>\n<li style=\"text-align: left;\"><b style=\"font-family: inherit; font-size: 1em;\">Judith Carvajal<\/b><span style=\"font-family: inherit; font-size: 1em;\"> &#8211;&gt; monitora de l&#8217;hort + suport a menjador<\/span><\/li>\n<li style=\"text-align: left;\"><b style=\"font-family: inherit; font-size: 1em;\">Ram\u00f3n Verdiell\u00a0<\/b><span style=\"font-family: inherit; font-size: 1em;\">&#8211;&gt; monitor de l&#8217;hort + suport a menjador<\/span><\/li>\n<li style=\"text-align: left;\"><b style=\"font-family: inherit; font-size: 1em;\">Raquel Aguayo<\/b><span style=\"font-family: inherit; font-size: 1em;\"> &#8211;&gt; monitora de l&#8217;hort + suport a l&#8217;aula<\/span><\/li>\n<li style=\"text-align: left;\"><b style=\"font-family: inherit; font-size: 1em;\">S\u00edlvia Diaz<\/b><span style=\"font-family: inherit; font-size: 1em;\"> &#8211;&gt; suport a l&#8217;aula<\/span><\/li>\n<\/ul>\n","protected":false},"excerpt":{"rendered":"<p>EQUIP HUM\u00c0 CURS 2025-2026<br \/>\nEQUIP DIRECTIU:<br \/>\nXavi Meneses (Director)<br \/>\nNerea Sim\u00f3n (Cap d&#8217;Estudis)<br \/>\nJoaqu\u00edn Vera (Secretari)<br \/>\n&nbsp;<br \/>\nTUTORIES:\u00a0\u00a0<br \/>\nI3: Anna Guillam\u00f3n, Patricia Mu\u00f1oz i Laura S\u00e1nchez Gala<br \/>\nI4: Cristina Morales i Sonsoles Hern\u00e1ndez<br \/>\nI5: Alicia Tom\u00e1s (Cristina Coca) i Vanessa Creus (Iris Jim\u00e9nez)<br \/>\n1r: Esther Or\u00fas i Ruth Alonso<br \/>\n2n: Alba Santisteban i Mireia Anglada<br \/>\n3r: Anna&hellip;  <a href=\"https:\/\/agora.xtec.cat\/ceip-serradelobac\/lescola\/oferta-educativa\/\" title=\"Read Equip Hum\u00e0\">Llegeix m\u00e9s\u00bb<\/a><\/p>\n","protected":false},"author":1,"featured_media":0,"parent":22,"menu_order":60,"comment_status":"closed","ping_status":"closed","template":"page-templates\/side-menu.php","meta":{"_bbp_topic_count":0,"_bbp_reply_count":0,"_bbp_total_topic_count":0,"_bbp_total_reply_count":0,"_bbp_voice_count":0,"_bbp_anonymous_reply_count":0,"_bbp_topic_count_hidden":0,"_bbp_reply_count_hidden":0,"_bbp_forum_subforum_count":0,"footnotes":""},"class_list":["post-34","page","type-page","status-publish","hentry"],"post_mailing_queue_ids":[],"_links":{"self":[{"href":"https:\/\/agora.xtec.cat\/ceip-serradelobac\/wp-json\/wp\/v2\/pages\/34","targetHints":{"allow":["GET"]}}],"collection":[{"href":"https:\/\/agora.xtec.cat\/ceip-serradelobac\/wp-json\/wp\/v2\/pages"}],"about":[{"href":"https:\/\/agora.xtec.cat\/ceip-serradelobac\/wp-json\/wp\/v2\/types\/page"}],"author":[{"embeddable":true,"href":"https:\/\/agora.xtec.cat\/ceip-serradelobac\/wp-json\/wp\/v2\/users\/1"}],"replies":[{"embeddable":true,"href":"https:\/\/agora.xtec.cat\/ceip-serradelobac\/wp-json\/wp\/v2\/comments?post=34"}],"version-history":[{"count":9,"href":"https:\/\/agora.xtec.cat\/ceip-serradelobac\/wp-json\/wp\/v2\/pages\/34\/revisions"}],"predecessor-version":[{"id":15784,"href":"https:\/\/agora.xtec.cat\/ceip-serradelobac\/wp-json\/wp\/v2\/pages\/34\/revisions\/15784"}],"up":[{"embeddable":true,"href":"https:\/\/agora.xtec.cat\/ceip-serradelobac\/wp-json\/wp\/v2\/pages\/22"}],"wp:attachment":[{"href":"https:\/\/agora.xtec.cat\/ceip-serradelobac\/wp-json\/wp\/v2\/media?parent=34"}],"curies":[{"name":"wp","href":"https:\/\/api.w.org\/{rel}","templated":true}]}}