{"id":1376,"date":"2017-12-10T20:00:52","date_gmt":"2017-12-10T19:00:52","guid":{"rendered":"http:\/\/agora.xtec.cat\/ceip-serradelobac\/?page_id=1376"},"modified":"2020-05-09T12:44:17","modified_gmt":"2020-05-09T10:44:17","slug":"teatre","status":"publish","type":"page","link":"https:\/\/agora.xtec.cat\/ceip-serradelobac\/projecte-educatiu\/teatre\/","title":{"rendered":"Teatre"},"content":{"rendered":"<p>&nbsp;<\/p>\n<p>Cada curs escolar tots els nivells de l&#8217;escola treballen i representen una obra de teatre. Aquest \u00e9s un treball competencial on es donen la m\u00e0 de forma interdisplinar un munt d&#8217;aspectes de diverses \u00e0rees: literatura, expressi\u00f3 oral (intensitat, pron\u00fancia, entonaci\u00f3) , expressi\u00f3 art\u00edstica (elaboraci\u00f3 de decorats, atrezzo,can\u00e7ons, danses), educaci\u00f3 en valors (cohesi\u00f3 de grup, autoestima, respecte,cooperaci\u00f3), educaci\u00f3 f\u00edsica (expressi\u00f3 corporal i facial; moviment i coordinaci\u00f3 espaial), etc,&#8230;<\/p>\n<p><span style=\"font-weight: 400;\">El teatre \u00e9s un mitj\u00e0 per expressar sentiments, per explicar hist\u00f2ries, per connectar amb<\/span><\/p>\n<p><span style=\"font-weight: 400;\">altres persones. El teatre \u00e9s una activitat que potencia les capacitats comunicatives i pot ajudar de manera molt efica\u00e7 en l\u2019educaci\u00f3 de l\u2019expressi\u00f3 corporal i oral dels infants. Un dels trets d\u2019identitat de la nostra escola diu literalment : \u201c&#8230;, a tots els nivells de l\u2019escola es treballar\u00e0 cada any el Projecte del Teatre (on literatura, expressi\u00f3 pl\u00e0stica, m\u00fasica, oralitat, valors, etc &#8230;es donen la m\u00e0 de forma interdisciplin\u00e0ria).<\/span><\/p>\n<p><span style=\"font-weight: 400;\">Fem representacions convidant de p\u00fablic a les fam\u00edlies nom\u00e9s al final de cicle en els cursos de prim\u00e0ria (\u00e9s a dir 2n, 4t i 6\u00e8). A la resta de cursos s\u00f3n els mateixos companys d\u2019altres classes els qui fan de p\u00fablic, i tamb\u00e9 hem convidat en ocasions a amics i amigues de l\u2019escola d\u2019Ed. Especial\u00a0 F\u00e0tima i de l\u2019escola bressol Coloraines que venen a veure l\u2019obra que representen els nens i nenes de P-5.<\/span><\/p>\n<p>Les representacions es graven en video i s&#8217;exposen a la p\u00e0gina web del centre per a la seva divulgaci\u00f3. Als cursos de 2n, 4t i 6\u00e8 les fam\u00edlies poden assistir com a p\u00fablic.<\/p>\n\r\n\t<div class=\"slideshow_container slideshow_container_style-light\" style=\"height: 300px; \" data-slideshow-id=\"1373\" data-style-name=\"style-light\" data-style-version=\"2.3.1\" >\r\n\r\n\t\t\t\t\t<div class=\"slideshow_loading_icon\"><\/div>\r\n\t\t\r\n\t\t<div class=\"slideshow_content\" style=\"display: none;\">\r\n\r\n\t\t\t<div class=\"slideshow_view\">\r\n\t\t\t\t<div class=\"slideshow_slide slideshow_slide_image\">\r\n\t\t\t\t\t\t\t\t\t\t\t<img src=\"https:\/\/agora.xtec.cat\/ceip-serradelobac\/wp-content\/uploads\/usu892\/2018\/01\/CIMG1434.jpg\" alt=\"CIMG1434\" width=\"640\" height=\"480\" \/>\r\n\t\t\t\t\t\t\t\t\t\t<div class=\"slideshow_description_box slideshow_transparent\">\r\n\t\t\t\t\t\t<div class=\"slideshow_title\">CIMG1434<\/div>\t\t\t\t\t\t\t\t\t\t\t<\/div>\r\n\t\t\t\t<\/div>\r\n\r\n\t\t\t\t\t\t<div style=\"clear: both;\"><\/div><\/div><div class=\"slideshow_view\">\r\n\t\t\t\t<div class=\"slideshow_slide slideshow_slide_image\">\r\n\t\t\t\t\t\t\t\t\t\t\t<img src=\"https:\/\/agora.xtec.cat\/ceip-serradelobac\/wp-content\/uploads\/usu892\/2018\/01\/CIMG1152.jpg\" alt=\"CIMG1152\" width=\"640\" height=\"480\" \/>\r\n\t\t\t\t\t\t\t\t\t\t<div class=\"slideshow_description_box slideshow_transparent\">\r\n\t\t\t\t\t\t<div class=\"slideshow_title\">CIMG1152<\/div>\t\t\t\t\t\t\t\t\t\t\t<\/div>\r\n\t\t\t\t<\/div>\r\n\r\n\t\t\t\t\t\t<div style=\"clear: both;\"><\/div><\/div><div class=\"slideshow_view\">\r\n\t\t\t\t<div class=\"slideshow_slide slideshow_slide_image\">\r\n\t\t\t\t\t\t\t\t\t\t\t<img src=\"https:\/\/agora.xtec.cat\/ceip-serradelobac\/wp-content\/uploads\/usu892\/2018\/01\/CIMG1132.jpg\" alt=\"CIMG1132\" width=\"640\" height=\"480\" \/>\r\n\t\t\t\t\t\t\t\t\t\t<div class=\"slideshow_description_box slideshow_transparent\">\r\n\t\t\t\t\t\t<div class=\"slideshow_title\">CIMG1132<\/div>\t\t\t\t\t\t\t\t\t\t\t<\/div>\r\n\t\t\t\t<\/div>\r\n\r\n\t\t\t\t\t\t<div style=\"clear: both;\"><\/div><\/div><div class=\"slideshow_view\">\r\n\t\t\t\t<div class=\"slideshow_slide slideshow_slide_image\">\r\n\t\t\t\t\t\t\t\t\t\t\t<img src=\"https:\/\/agora.xtec.cat\/ceip-serradelobac\/wp-content\/uploads\/usu892\/2018\/01\/CIMG0757.jpg\" alt=\"CIMG0757\" width=\"640\" height=\"480\" \/>\r\n\t\t\t\t\t\t\t\t\t\t<div class=\"slideshow_description_box slideshow_transparent\">\r\n\t\t\t\t\t\t<div class=\"slideshow_title\">CIMG0757<\/div>\t\t\t\t\t\t\t\t\t\t\t<\/div>\r\n\t\t\t\t<\/div>\r\n\r\n\t\t\t\t\t\t<div style=\"clear: both;\"><\/div><\/div><div class=\"slideshow_view\">\r\n\t\t\t\t<div class=\"slideshow_slide slideshow_slide_image\">\r\n\t\t\t\t\t\t\t\t\t\t\t<img src=\"https:\/\/agora.xtec.cat\/ceip-serradelobac\/wp-content\/uploads\/usu892\/2018\/01\/CIMG0743.jpg\" alt=\"CIMG0743\" width=\"640\" height=\"480\" \/>\r\n\t\t\t\t\t\t\t\t\t\t<div class=\"slideshow_description_box slideshow_transparent\">\r\n\t\t\t\t\t\t<div class=\"slideshow_title\">CIMG0743<\/div>\t\t\t\t\t\t\t\t\t\t\t<\/div>\r\n\t\t\t\t<\/div>\r\n\r\n\t\t\t\t\t\t<div style=\"clear: both;\"><\/div><\/div><div class=\"slideshow_view\">\r\n\t\t\t\t<div class=\"slideshow_slide slideshow_slide_image\">\r\n\t\t\t\t\t\t\t\t\t\t\t<img src=\"https:\/\/agora.xtec.cat\/ceip-serradelobac\/wp-content\/uploads\/usu892\/2017\/12\/Sin-t\u00edtulo-2.jpg\" alt=\"Mag d&#039;Oz\" width=\"636\" height=\"328\" \/>\r\n\t\t\t\t\t\t\t\t\t\t<div class=\"slideshow_description_box slideshow_transparent\">\r\n\t\t\t\t\t\t<div class=\"slideshow_title\">Mag d&#039;Oz<\/div>\t\t\t\t\t\t\t\t\t\t\t<\/div>\r\n\t\t\t\t<\/div>\r\n\r\n\t\t\t\t\t\t<div style=\"clear: both;\"><\/div><\/div><div class=\"slideshow_view\">\r\n\t\t\t\t<div class=\"slideshow_slide slideshow_slide_image\">\r\n\t\t\t\t\t\t\t\t\t\t\t<img src=\"https:\/\/agora.xtec.cat\/ceip-serradelobac\/wp-content\/uploads\/usu892\/2017\/12\/Sin-t\u00edtulo-1.jpg\" alt=\"Pastorets\" width=\"635\" height=\"335\" \/>\r\n\t\t\t\t\t\t\t\t\t\t<div class=\"slideshow_description_box slideshow_transparent\">\r\n\t\t\t\t\t\t<div class=\"slideshow_title\">Pastorets<\/div>\t\t\t\t\t\t\t\t\t\t\t<\/div>\r\n\t\t\t\t<\/div>\r\n\r\n\t\t\t\t\t\t<div style=\"clear: both;\"><\/div><\/div>\r\n\t\t<\/div>\r\n\r\n\t\t<div class=\"slideshow_controlPanel slideshow_transparent\" style=\"display: none;\"><ul><li class=\"slideshow_togglePlay\" data-play-text=\"Visualitza\" data-pause-text=\"Pausa\"><\/li><\/ul><\/div>\r\n\r\n\t\t<div class=\"slideshow_button slideshow_previous slideshow_transparent\" role=\"button\" data-previous-text=\"Anterior\" style=\"display: none;\"><\/div>\r\n\t\t<div class=\"slideshow_button slideshow_next slideshow_transparent\" role=\"button\" data-next-text=\"Seg\u00fcent\" style=\"display: none;\"><\/div>\r\n\r\n\t\t<div class=\"slideshow_pagination\" style=\"display: none;\" data-go-to-text=\"V\u00e9s a la diapositiva\"><div class=\"slideshow_pagination_center\"><\/div><\/div>\r\n\r\n\t\t<!-- WordPress Slideshow Version 2.3.1 -->\r\n\r\n\t\t\t<\/div>\r\n\r\n\n","protected":false},"excerpt":{"rendered":"<p>&nbsp;<br \/>\nCada curs escolar tots els nivells de l&#8217;escola treballen i representen una obra de teatre. Aquest \u00e9s un treball competencial on es donen la m\u00e0 de forma interdisplinar un munt d&#8217;aspectes de diverses \u00e0rees: literatura, expressi\u00f3 oral (intensitat, pron\u00fancia, entonaci\u00f3) , expressi\u00f3 art\u00edstica (elaboraci\u00f3 de&hellip;  <a href=\"https:\/\/agora.xtec.cat\/ceip-serradelobac\/projecte-educatiu\/teatre\/\" title=\"Read Teatre\">Llegeix m\u00e9s\u00bb<\/a><\/p>\n","protected":false},"author":1,"featured_media":0,"parent":64,"menu_order":0,"comment_status":"closed","ping_status":"closed","template":"page-templates\/side-menu.php","meta":{"_bbp_topic_count":0,"_bbp_reply_count":0,"_bbp_total_topic_count":0,"_bbp_total_reply_count":0,"_bbp_voice_count":0,"_bbp_anonymous_reply_count":0,"_bbp_topic_count_hidden":0,"_bbp_reply_count_hidden":0,"_bbp_forum_subforum_count":0,"footnotes":""},"class_list":["post-1376","page","type-page","status-publish","hentry"],"post_mailing_queue_ids":[],"_links":{"self":[{"href":"https:\/\/agora.xtec.cat\/ceip-serradelobac\/wp-json\/wp\/v2\/pages\/1376","targetHints":{"allow":["GET"]}}],"collection":[{"href":"https:\/\/agora.xtec.cat\/ceip-serradelobac\/wp-json\/wp\/v2\/pages"}],"about":[{"href":"https:\/\/agora.xtec.cat\/ceip-serradelobac\/wp-json\/wp\/v2\/types\/page"}],"author":[{"embeddable":true,"href":"https:\/\/agora.xtec.cat\/ceip-serradelobac\/wp-json\/wp\/v2\/users\/1"}],"replies":[{"embeddable":true,"href":"https:\/\/agora.xtec.cat\/ceip-serradelobac\/wp-json\/wp\/v2\/comments?post=1376"}],"version-history":[{"count":3,"href":"https:\/\/agora.xtec.cat\/ceip-serradelobac\/wp-json\/wp\/v2\/pages\/1376\/revisions"}],"predecessor-version":[{"id":11163,"href":"https:\/\/agora.xtec.cat\/ceip-serradelobac\/wp-json\/wp\/v2\/pages\/1376\/revisions\/11163"}],"up":[{"embeddable":true,"href":"https:\/\/agora.xtec.cat\/ceip-serradelobac\/wp-json\/wp\/v2\/pages\/64"}],"wp:attachment":[{"href":"https:\/\/agora.xtec.cat\/ceip-serradelobac\/wp-json\/wp\/v2\/media?parent=1376"}],"curies":[{"name":"wp","href":"https:\/\/api.w.org\/{rel}","templated":true}]}}