{"id":11063,"date":"2020-03-19T17:52:10","date_gmt":"2020-03-19T16:52:10","guid":{"rendered":"http:\/\/agora.xtec.cat\/ceip-serradelobac\/?page_id=11063"},"modified":"2020-03-19T18:05:00","modified_gmt":"2020-03-19T17:05:00","slug":"tallers-intercicles","status":"publish","type":"page","link":"https:\/\/agora.xtec.cat\/ceip-serradelobac\/projecte-educatiu\/tallers-intercicles\/","title":{"rendered":"Tallers intercicles"},"content":{"rendered":"<p><span style=\"font-weight: 400;\">Els tallers intercicles consisteixen en la interrelaci\u00f3 de diferents infants del mateix cicle educatiu entorn unes propostes d\u2019activitats variades. Afavoreixen l&#8217;aprenentatge cooperatiu, estimulen l\u2019autonomia i desenvolupen les capacitats manipulatives i intel\u00b7lectuals. <\/span><\/p>\n<p><span style=\"font-weight: 400;\">Els tallers es fan a tots els cicles educatius: a cicle infantil, cicle inicial, mitj\u00e0 i superior. La r\u00e0tio d\u2019alumnes per taller baixa perqu\u00e8 els especialistes \u00a0tamb\u00e9 entomen tallers espec\u00edfics. <\/span><\/p>\n<p><span style=\"font-weight: 400;\">A l\u2019escola fem tallers des de les diferents \u00e0rees curriculars amb una metodologia global i vivencial, on l\u2019alumnat \u00e9s actiu i protagonista en el seu proc\u00e9s d\u2019aprenentatge. Fem tallers de pl\u00e0stica, d\u2019experimentaci\u00f3, de construccions, de llum i ombres, de ioga, etc. Els tallers generalment es canvien cada trimestre exceptuant el de Rob\u00f2tica i el d\u2019Angl\u00e8s que es mantenen fixes durant tot el curs.<\/span><\/p>\n<p><span style=\"font-weight: 400;\">Dins dels tallers de l\u2019\u00e0rea visual i pl\u00e0stica treballem autores destacades i reconegudes (pintores, escultores, il\u00b7lustradores) per tal de donar visualitzaci\u00f3 a les dones i treballar aix\u00ed la coeducaci\u00f3 com a valor intr\u00ednsec. <\/span><\/p>\n<p><span style=\"font-weight: 400;\">Cada divendres, a partir del segon trimestre, un grup d\u2019infants del cicle d\u2019Educaci\u00f3 Infantil es despla\u00e7a cap a l\u2019Escola Municipal d\u2019Educaci\u00f3 Especial F\u00e0tima per fer un taller amb el seu alumnat. Es tracta d\u2019un projecte de col.laboraci\u00f3 entre escoles que vam iniciar el curs 2018\/2019 amb una valoraci\u00f3 molt positiva d\u2019ambdues parts. Un cop m\u00e9s, l\u2019educaci\u00f3 en la diversitat l\u2019entenem com una forma de viure. <\/span><\/p>\n<p>&nbsp;<\/p>\n","protected":false},"excerpt":{"rendered":"<p>Els tallers intercicles consisteixen en la interrelaci\u00f3 de diferents infants del mateix cicle educatiu entorn unes propostes d\u2019activitats variades. Afavoreixen l&#8217;aprenentatge cooperatiu, estimulen l\u2019autonomia i desenvolupen les capacitats manipulatives i intel\u00b7lectuals.<br \/>\nEls tallers es fan a tots els cicles educatius: a cicle infantil, cicle inicial,&hellip;  <a href=\"https:\/\/agora.xtec.cat\/ceip-serradelobac\/projecte-educatiu\/tallers-intercicles\/\" title=\"Read Tallers intercicles\">Llegeix m\u00e9s\u00bb<\/a><\/p>\n","protected":false},"author":5,"featured_media":0,"parent":64,"menu_order":0,"comment_status":"closed","ping_status":"closed","template":"","meta":{"_bbp_topic_count":0,"_bbp_reply_count":0,"_bbp_total_topic_count":0,"_bbp_total_reply_count":0,"_bbp_voice_count":0,"_bbp_anonymous_reply_count":0,"_bbp_topic_count_hidden":0,"_bbp_reply_count_hidden":0,"_bbp_forum_subforum_count":0,"footnotes":""},"class_list":["post-11063","page","type-page","status-publish","hentry"],"post_mailing_queue_ids":[],"_links":{"self":[{"href":"https:\/\/agora.xtec.cat\/ceip-serradelobac\/wp-json\/wp\/v2\/pages\/11063","targetHints":{"allow":["GET"]}}],"collection":[{"href":"https:\/\/agora.xtec.cat\/ceip-serradelobac\/wp-json\/wp\/v2\/pages"}],"about":[{"href":"https:\/\/agora.xtec.cat\/ceip-serradelobac\/wp-json\/wp\/v2\/types\/page"}],"author":[{"embeddable":true,"href":"https:\/\/agora.xtec.cat\/ceip-serradelobac\/wp-json\/wp\/v2\/users\/5"}],"replies":[{"embeddable":true,"href":"https:\/\/agora.xtec.cat\/ceip-serradelobac\/wp-json\/wp\/v2\/comments?post=11063"}],"version-history":[{"count":2,"href":"https:\/\/agora.xtec.cat\/ceip-serradelobac\/wp-json\/wp\/v2\/pages\/11063\/revisions"}],"predecessor-version":[{"id":11087,"href":"https:\/\/agora.xtec.cat\/ceip-serradelobac\/wp-json\/wp\/v2\/pages\/11063\/revisions\/11087"}],"up":[{"embeddable":true,"href":"https:\/\/agora.xtec.cat\/ceip-serradelobac\/wp-json\/wp\/v2\/pages\/64"}],"wp:attachment":[{"href":"https:\/\/agora.xtec.cat\/ceip-serradelobac\/wp-json\/wp\/v2\/media?parent=11063"}],"curies":[{"name":"wp","href":"https:\/\/api.w.org\/{rel}","templated":true}]}}