{"id":66,"date":"2021-08-01T12:40:47","date_gmt":"2021-08-01T10:40:47","guid":{"rendered":"http:\/\/agora.xtec.cat\/ceip-santsalvador\/?page_id=66"},"modified":"2021-08-02T10:07:49","modified_gmt":"2021-08-02T08:07:49","slug":"serveis","status":"publish","type":"page","link":"https:\/\/agora.xtec.cat\/ceip-santsalvador\/serveis\/","title":{"rendered":"Serveis"},"content":{"rendered":"<p>En aquesta secci\u00f3 trobareu informacions dels <strong>serveis que ofereix el centre<\/strong> sobre:<\/p>\n<ul>\n<li><strong>el menjador escolar<\/strong><\/li>\n<li><strong>l&#8217;acollida matinal<\/strong><\/li>\n<li><strong>les activitats extraescolars<\/strong><\/li>\n<li>altres serveis digitals en l\u00ednia com ara<strong> Moodle, blogs, tutoria o gesti\u00f3 acad\u00e8mica, aplicacions m\u00f2bils&#8230;<\/strong><\/li>\n<\/ul>\n","protected":false},"excerpt":{"rendered":"<p>En aquesta secci\u00f3 trobareu informacions dels serveis que ofereix el centre sobre:<\/p>\n<ul>\n<li>el menjador escolar<\/li>\n<li>l&#8217;acollida matinal<\/li>\n<li>les activitats extraescolars<\/li>\n<li>altres serveis digitals en l\u00ednia com ara Moodle, blogs, tutoria o gesti\u00f3 acad\u00e8mica, aplicacions m\u00f2bils&#8230;<\/li>\n<\/ul>\n","protected":false},"author":1,"featured_media":0,"parent":0,"menu_order":0,"comment_status":"closed","ping_status":"closed","template":"page-templates\/side-menu.php","meta":{"footnotes":""},"class_list":["post-66","page","type-page","status-publish","hentry"],"post_mailing_queue_ids":[],"_links":{"self":[{"href":"https:\/\/agora.xtec.cat\/ceip-santsalvador\/wp-json\/wp\/v2\/pages\/66","targetHints":{"allow":["GET"]}}],"collection":[{"href":"https:\/\/agora.xtec.cat\/ceip-santsalvador\/wp-json\/wp\/v2\/pages"}],"about":[{"href":"https:\/\/agora.xtec.cat\/ceip-santsalvador\/wp-json\/wp\/v2\/types\/page"}],"author":[{"embeddable":true,"href":"https:\/\/agora.xtec.cat\/ceip-santsalvador\/wp-json\/wp\/v2\/users\/1"}],"replies":[{"embeddable":true,"href":"https:\/\/agora.xtec.cat\/ceip-santsalvador\/wp-json\/wp\/v2\/comments?post=66"}],"version-history":[{"count":2,"href":"https:\/\/agora.xtec.cat\/ceip-santsalvador\/wp-json\/wp\/v2\/pages\/66\/revisions"}],"predecessor-version":[{"id":814,"href":"https:\/\/agora.xtec.cat\/ceip-santsalvador\/wp-json\/wp\/v2\/pages\/66\/revisions\/814"}],"wp:attachment":[{"href":"https:\/\/agora.xtec.cat\/ceip-santsalvador\/wp-json\/wp\/v2\/media?parent=66"}],"curies":[{"name":"wp","href":"https:\/\/api.w.org\/{rel}","templated":true}]}}