{"id":8113,"date":"2022-04-05T12:26:01","date_gmt":"2022-04-05T10:26:01","guid":{"rendered":"https:\/\/agora.xtec.cat\/ceip-santperesantpau\/?page_id=8113"},"modified":"2026-03-13T10:02:18","modified_gmt":"2026-03-13T09:02:18","slug":"ilec-programa-dimpuls-a-la-lectura","status":"publish","type":"page","link":"https:\/\/agora.xtec.cat\/ceip-santperesantpau\/ilec-programa-dimpuls-a-la-lectura\/","title":{"rendered":"ILEC (Programa d&#8217;Impuls de la Lectura)"},"content":{"rendered":"<p><a href=\"https:\/\/agora.xtec.cat\/ceip-santperesantpau\/wp-content\/uploads\/usu188\/2022\/04\/images-1.jpg\"><img loading=\"lazy\" decoding=\"async\" class=\" wp-image-8119 alignleft\" src=\"https:\/\/agora.xtec.cat\/ceip-santperesantpau\/wp-content\/uploads\/usu188\/2022\/04\/images-1.jpg\" alt=\"\" width=\"185\" height=\"208\" \/><\/a>Realitzem l&#8217;impuls a la lectura realitzant diversos tallers amb els nens des d&#8217;I3 fins a 6\u00e8.<\/p>\n<p>Fomentem els 30 minuts de lectura diaris a Prim\u00e0ria, amb lectures individual i\u00a0 col\u00b7lectives amb\u00a0 l&#8217;objectiu de millorar l&#8217;\u00e8xit escolar de tot l&#8217;alumnat.<\/p>\n<p>Potenciem la lectura sistem\u00e0tica per augmentar la compet\u00e8ncia comunicativa i ling\u00fc\u00edstica i el desenvolupament de l&#8217;h\u00e0bit lector dels infants i joves.<\/p>\n<p>Creiem que la compet\u00e8ncia lectora \u00e9s la base de molts aprenentatges\u00a0 i un requisit per participar amb \u00e8xits en bona part dels \u00e0mbits de la vida adulta.<\/p>\n<p><a href=\"https:\/\/xtec.gencat.cat\/ca\/projectes\/lectura\/impulslectura\/\">M\u00e9s informaci\u00f3 del programa<\/a><\/p>\n","protected":false},"excerpt":{"rendered":"<p>Realitzem l&#8217;impuls a la lectura realitzant diversos tallers amb els nens des d&#8217;I3 fins a 6\u00e8. Fomentem els 30 minuts de lectura diaris a Prim\u00e0ria, amb lectures individual i\u00a0 col\u00b7lectives amb\u00a0 l&#8217;objectiu de millorar l&#8217;\u00e8xit escolar de tot l&#8217;alumnat. Potenciem la lectura sistem\u00e0tica per augmentar la compet\u00e8ncia comunicativa i ling\u00fc\u00edstica i el desenvolupament de l&#8217;h\u00e0bit [&hellip;]<\/p>\n","protected":false},"author":1,"featured_media":0,"parent":0,"menu_order":0,"comment_status":"closed","ping_status":"closed","template":"","meta":{"_bbp_topic_count":0,"_bbp_reply_count":0,"_bbp_total_topic_count":0,"_bbp_total_reply_count":0,"_bbp_voice_count":0,"_bbp_anonymous_reply_count":0,"_bbp_topic_count_hidden":0,"_bbp_reply_count_hidden":0,"_bbp_forum_subforum_count":0,"site-sidebar-layout":"default","site-content-layout":"","ast-site-content-layout":"default","site-content-style":"default","site-sidebar-style":"default","ast-global-header-display":"","ast-banner-title-visibility":"","ast-main-header-display":"","ast-hfb-above-header-display":"","ast-hfb-below-header-display":"","ast-hfb-mobile-header-display":"","site-post-title":"","ast-breadcrumbs-content":"","ast-featured-img":"","footer-sml-layout":"","theme-transparent-header-meta":"default","adv-header-id-meta":"","stick-header-meta":"","header-above-stick-meta":"","header-main-stick-meta":"","header-below-stick-meta":"","astra-migrate-meta-layouts":"set","ast-page-background-enabled":"default","ast-page-background-meta":{"desktop":{"background-color":"var(--ast-global-color-4)","background-image":"","background-repeat":"repeat","background-position":"center center","background-size":"auto","background-attachment":"scroll","background-type":"","background-media":"","overlay-type":"","overlay-color":"","overlay-opacity":"","overlay-gradient":""},"tablet":{"background-color":"","background-image":"","background-repeat":"repeat","background-position":"center center","background-size":"auto","background-attachment":"scroll","background-type":"","background-media":"","overlay-type":"","overlay-color":"","overlay-opacity":"","overlay-gradient":""},"mobile":{"background-color":"","background-image":"","background-repeat":"repeat","background-position":"center center","background-size":"auto","background-attachment":"scroll","background-type":"","background-media":"","overlay-type":"","overlay-color":"","overlay-opacity":"","overlay-gradient":""}},"ast-content-background-meta":{"desktop":{"background-color":"var(--ast-global-color-5)","background-image":"","background-repeat":"repeat","background-position":"center center","background-size":"auto","background-attachment":"scroll","background-type":"","background-media":"","overlay-type":"","overlay-color":"","overlay-opacity":"","overlay-gradient":""},"tablet":{"background-color":"var(--ast-global-color-5)","background-image":"","background-repeat":"repeat","background-position":"center center","background-size":"auto","background-attachment":"scroll","background-type":"","background-media":"","overlay-type":"","overlay-color":"","overlay-opacity":"","overlay-gradient":""},"mobile":{"background-color":"var(--ast-global-color-5)","background-image":"","background-repeat":"repeat","background-position":"center center","background-size":"auto","background-attachment":"scroll","background-type":"","background-media":"","overlay-type":"","overlay-color":"","overlay-opacity":"","overlay-gradient":""}},"footnotes":""},"class_list":["post-8113","page","type-page","status-publish","hentry"],"post_mailing_queue_ids":[],"_links":{"self":[{"href":"https:\/\/agora.xtec.cat\/ceip-santperesantpau\/wp-json\/wp\/v2\/pages\/8113","targetHints":{"allow":["GET"]}}],"collection":[{"href":"https:\/\/agora.xtec.cat\/ceip-santperesantpau\/wp-json\/wp\/v2\/pages"}],"about":[{"href":"https:\/\/agora.xtec.cat\/ceip-santperesantpau\/wp-json\/wp\/v2\/types\/page"}],"author":[{"embeddable":true,"href":"https:\/\/agora.xtec.cat\/ceip-santperesantpau\/wp-json\/wp\/v2\/users\/1"}],"replies":[{"embeddable":true,"href":"https:\/\/agora.xtec.cat\/ceip-santperesantpau\/wp-json\/wp\/v2\/comments?post=8113"}],"version-history":[{"count":5,"href":"https:\/\/agora.xtec.cat\/ceip-santperesantpau\/wp-json\/wp\/v2\/pages\/8113\/revisions"}],"predecessor-version":[{"id":9791,"href":"https:\/\/agora.xtec.cat\/ceip-santperesantpau\/wp-json\/wp\/v2\/pages\/8113\/revisions\/9791"}],"wp:attachment":[{"href":"https:\/\/agora.xtec.cat\/ceip-santperesantpau\/wp-json\/wp\/v2\/media?parent=8113"}],"curies":[{"name":"wp","href":"https:\/\/api.w.org\/{rel}","templated":true}]}}

<p><a href="https://agora.xtec.cat/ceip-santperesantpau/wp-content/uploads/usu188/2022/04/images-1.jpg"><img loading="lazy" decoding="async" class=" wp-image-8119 alignleft" src="https://agora.xtec.cat/ceip-santperesantpau/wp-content/uploads/usu188/2022/04/images-1.jpg" alt="" width="185" height="208" /></a>Realitzem l&#8217;impuls a la lectura realitzant diversos tallers amb els nens des d&#8217;I3 fins a 6è.</p>
<p>Fomentem els 30 minuts de lectura diaris a Primària, amb lectures individual i  col·lectives amb  l&#8217;objectiu de millorar l&#8217;èxit escolar de tot l&#8217;alumnat.</p>
<p>Potenciem la lectura sistemàtica per augmentar la competència comunicativa i lingüística i el desenvolupament de l&#8217;hàbit lector dels infants i joves.</p>
<p>Creiem que la competència lectora és la base de molts aprenentatges  i un requisit per participar amb èxits en bona part dels àmbits de la vida adulta.</p>
<p><a href="https://xtec.gencat.cat/ca/projectes/lectura/impulslectura/">Més informació del programa</a></p>

<p>Realitzem l&#8217;impuls a la lectura realitzant diversos tallers amb els nens des d&#8217;I3 fins a 6è. Fomentem els 30 minuts de lectura diaris a Primària, amb lectures individual i  col·lectives amb  l&#8217;objectiu de millorar l&#8217;èxit escolar de tot l&#8217;alumnat. Potenciem la lectura sistemàtica per augmentar la competència comunicativa i lingüística i el desenvolupament de l&#8217;hàbit [&hellip;]</p>
