{"id":8105,"date":"2022-04-05T12:17:14","date_gmt":"2022-04-05T10:17:14","guid":{"rendered":"https:\/\/agora.xtec.cat\/ceip-santperesantpau\/?page_id=8105"},"modified":"2026-03-13T10:00:14","modified_gmt":"2026-03-13T09:00:14","slug":"escola-verda","status":"publish","type":"page","link":"https:\/\/agora.xtec.cat\/ceip-santperesantpau\/escola-verda\/","title":{"rendered":"Escola Verda"},"content":{"rendered":"<p style=\"text-align: justify;\"><a href=\"https:\/\/agora.xtec.cat\/ceip-santperesantpau\/wp-content\/uploads\/usu188\/2022\/04\/20220309_150749.jpg\"><img loading=\"lazy\" decoding=\"async\" class=\"wp-image-8110 alignleft\" src=\"https:\/\/agora.xtec.cat\/ceip-santperesantpau\/wp-content\/uploads\/usu188\/2022\/04\/20220309_150749-1024x577.jpg\" alt=\"\" width=\"467\" height=\"263\" srcset=\"https:\/\/agora.xtec.cat\/ceip-santperesantpau\/wp-content\/uploads\/usu188\/2022\/04\/20220309_150749-1024x577.jpg 1024w, https:\/\/agora.xtec.cat\/ceip-santperesantpau\/wp-content\/uploads\/usu188\/2022\/04\/20220309_150749-300x169.jpg 300w, https:\/\/agora.xtec.cat\/ceip-santperesantpau\/wp-content\/uploads\/usu188\/2022\/04\/20220309_150749-768x432.jpg 768w, https:\/\/agora.xtec.cat\/ceip-santperesantpau\/wp-content\/uploads\/usu188\/2022\/04\/20220309_150749.jpg 1156w\" sizes=\"auto, (max-width: 467px) 100vw, 467px\" \/><\/a>Aquest projecte pret\u00e9n proporcionar a l&#8217;alumnat els coneixements, les habilitats i les actituds necess\u00e0ries per que pugui viure en el m\u00f3n respectant-lo amb voluntat de millorar-lo. Per aix\u00f2 ens plantegem vertebrar diferents aspectes sobre el coneixement del medi natural, i que permetin a l&#8217;alumnat incidir en la millora del seu entorn i a fer-ne un \u00fas sostenible. Prendre consci\u00e8ncia de la necessitat d&#8217;actuar coherentment i amb responsabilitat dins l&#8217;\u00e0mbit escolar integrant tota la comunitat educativa en l&#8217;execuci\u00f3 d&#8217;aquest projecte.<\/p>\n<p style=\"text-align: justify;\">Aix\u00ed, des del curs 2021-2022 s&#8217;han engegat projectes d&#8217;hort escolar i d&#8217;Aula Verda de Natura, anomenada &#8220;L&#8217;aula sota el cel&#8221;. En contacte amb entitats com Cel Rogent o Ematsa, promovem activitats dins i fora de l&#8217;escola on fomentem el consum responsable, el reciclatge i la consci\u00e8ncia sobre el respecte per l&#8217;entorn que ens envolta.<\/p>\n","protected":false},"excerpt":{"rendered":"<p>Aquest projecte pret\u00e9n proporcionar a l&#8217;alumnat els coneixements, les habilitats i les actituds necess\u00e0ries per que pugui viure en el m\u00f3n respectant-lo amb voluntat de millorar-lo. Per aix\u00f2 ens plantegem vertebrar diferents aspectes sobre el coneixement del medi natural, i que permetin a l&#8217;alumnat incidir en la millora del seu entorn i a fer-ne un [&hellip;]<\/p>\n","protected":false},"author":1,"featured_media":0,"parent":0,"menu_order":0,"comment_status":"closed","ping_status":"closed","template":"","meta":{"_bbp_topic_count":0,"_bbp_reply_count":0,"_bbp_total_topic_count":0,"_bbp_total_reply_count":0,"_bbp_voice_count":0,"_bbp_anonymous_reply_count":0,"_bbp_topic_count_hidden":0,"_bbp_reply_count_hidden":0,"_bbp_forum_subforum_count":0,"site-sidebar-layout":"default","site-content-layout":"","ast-site-content-layout":"default","site-content-style":"default","site-sidebar-style":"default","ast-global-header-display":"","ast-banner-title-visibility":"","ast-main-header-display":"","ast-hfb-above-header-display":"","ast-hfb-below-header-display":"","ast-hfb-mobile-header-display":"","site-post-title":"","ast-breadcrumbs-content":"","ast-featured-img":"","footer-sml-layout":"","theme-transparent-header-meta":"default","adv-header-id-meta":"","stick-header-meta":"","header-above-stick-meta":"","header-main-stick-meta":"","header-below-stick-meta":"","astra-migrate-meta-layouts":"set","ast-page-background-enabled":"default","ast-page-background-meta":{"desktop":{"background-color":"var(--ast-global-color-4)","background-image":"","background-repeat":"repeat","background-position":"center center","background-size":"auto","background-attachment":"scroll","background-type":"","background-media":"","overlay-type":"","overlay-color":"","overlay-opacity":"","overlay-gradient":""},"tablet":{"background-color":"","background-image":"","background-repeat":"repeat","background-position":"center center","background-size":"auto","background-attachment":"scroll","background-type":"","background-media":"","overlay-type":"","overlay-color":"","overlay-opacity":"","overlay-gradient":""},"mobile":{"background-color":"","background-image":"","background-repeat":"repeat","background-position":"center center","background-size":"auto","background-attachment":"scroll","background-type":"","background-media":"","overlay-type":"","overlay-color":"","overlay-opacity":"","overlay-gradient":""}},"ast-content-background-meta":{"desktop":{"background-color":"var(--ast-global-color-5)","background-image":"","background-repeat":"repeat","background-position":"center center","background-size":"auto","background-attachment":"scroll","background-type":"","background-media":"","overlay-type":"","overlay-color":"","overlay-opacity":"","overlay-gradient":""},"tablet":{"background-color":"var(--ast-global-color-5)","background-image":"","background-repeat":"repeat","background-position":"center center","background-size":"auto","background-attachment":"scroll","background-type":"","background-media":"","overlay-type":"","overlay-color":"","overlay-opacity":"","overlay-gradient":""},"mobile":{"background-color":"var(--ast-global-color-5)","background-image":"","background-repeat":"repeat","background-position":"center center","background-size":"auto","background-attachment":"scroll","background-type":"","background-media":"","overlay-type":"","overlay-color":"","overlay-opacity":"","overlay-gradient":""}},"footnotes":""},"class_list":["post-8105","page","type-page","status-publish","hentry"],"post_mailing_queue_ids":[],"_links":{"self":[{"href":"https:\/\/agora.xtec.cat\/ceip-santperesantpau\/wp-json\/wp\/v2\/pages\/8105","targetHints":{"allow":["GET"]}}],"collection":[{"href":"https:\/\/agora.xtec.cat\/ceip-santperesantpau\/wp-json\/wp\/v2\/pages"}],"about":[{"href":"https:\/\/agora.xtec.cat\/ceip-santperesantpau\/wp-json\/wp\/v2\/types\/page"}],"author":[{"embeddable":true,"href":"https:\/\/agora.xtec.cat\/ceip-santperesantpau\/wp-json\/wp\/v2\/users\/1"}],"replies":[{"embeddable":true,"href":"https:\/\/agora.xtec.cat\/ceip-santperesantpau\/wp-json\/wp\/v2\/comments?post=8105"}],"version-history":[{"count":6,"href":"https:\/\/agora.xtec.cat\/ceip-santperesantpau\/wp-json\/wp\/v2\/pages\/8105\/revisions"}],"predecessor-version":[{"id":9789,"href":"https:\/\/agora.xtec.cat\/ceip-santperesantpau\/wp-json\/wp\/v2\/pages\/8105\/revisions\/9789"}],"wp:attachment":[{"href":"https:\/\/agora.xtec.cat\/ceip-santperesantpau\/wp-json\/wp\/v2\/media?parent=8105"}],"curies":[{"name":"wp","href":"https:\/\/api.w.org\/{rel}","templated":true}]}}

<p style="text-align: justify;"><a href="https://agora.xtec.cat/ceip-santperesantpau/wp-content/uploads/usu188/2022/04/20220309_150749.jpg"><img loading="lazy" decoding="async" class="wp-image-8110 alignleft" src="https://agora.xtec.cat/ceip-santperesantpau/wp-content/uploads/usu188/2022/04/20220309_150749-1024x577.jpg" alt="" width="467" height="263" srcset="https://agora.xtec.cat/ceip-santperesantpau/wp-content/uploads/usu188/2022/04/20220309_150749-1024x577.jpg 1024w, https://agora.xtec.cat/ceip-santperesantpau/wp-content/uploads/usu188/2022/04/20220309_150749-300x169.jpg 300w, https://agora.xtec.cat/ceip-santperesantpau/wp-content/uploads/usu188/2022/04/20220309_150749-768x432.jpg 768w, https://agora.xtec.cat/ceip-santperesantpau/wp-content/uploads/usu188/2022/04/20220309_150749.jpg 1156w" sizes="auto, (max-width: 467px) 100vw, 467px" /></a>Aquest projecte pretén proporcionar a l&#8217;alumnat els coneixements, les habilitats i les actituds necessàries per que pugui viure en el món respectant-lo amb voluntat de millorar-lo. Per això ens plantegem vertebrar diferents aspectes sobre el coneixement del medi natural, i que permetin a l&#8217;alumnat incidir en la millora del seu entorn i a fer-ne un ús sostenible. Prendre consciència de la necessitat d&#8217;actuar coherentment i amb responsabilitat dins l&#8217;àmbit escolar integrant tota la comunitat educativa en l&#8217;execució d&#8217;aquest projecte.</p>
<p style="text-align: justify;">Així, des del curs 2021-2022 s&#8217;han engegat projectes d&#8217;hort escolar i d&#8217;Aula Verda de Natura, anomenada &#8220;L&#8217;aula sota el cel&#8221;. En contacte amb entitats com Cel Rogent o Ematsa, promovem activitats dins i fora de l&#8217;escola on fomentem el consum responsable, el reciclatge i la consciència sobre el respecte per l&#8217;entorn que ens envolta.</p>

<p>Aquest projecte pretén proporcionar a l&#8217;alumnat els coneixements, les habilitats i les actituds necessàries per que pugui viure en el món respectant-lo amb voluntat de millorar-lo. Per això ens plantegem vertebrar diferents aspectes sobre el coneixement del medi natural, i que permetin a l&#8217;alumnat incidir en la millora del seu entorn i a fer-ne un [&hellip;]</p>
