{"id":8099,"date":"2022-04-05T12:12:48","date_gmt":"2022-04-05T10:12:48","guid":{"rendered":"https:\/\/agora.xtec.cat\/ceip-santperesantpau\/?page_id=8099"},"modified":"2026-03-13T10:06:14","modified_gmt":"2026-03-13T09:06:14","slug":"suport-vital-basic","status":"publish","type":"page","link":"https:\/\/agora.xtec.cat\/ceip-santperesantpau\/suport-vital-basic\/","title":{"rendered":"Suport Vital B\u00e0sic"},"content":{"rendered":"<p><a href=\"https:\/\/agora.xtec.cat\/ceip-santperesantpau\/wp-content\/uploads\/usu188\/2022\/04\/images-1-1.jpg\"><img loading=\"lazy\" decoding=\"async\" class=\"wp-image-8150 alignleft\" src=\"https:\/\/agora.xtec.cat\/ceip-santperesantpau\/wp-content\/uploads\/usu188\/2022\/04\/images-1-1.jpg\" alt=\"\" width=\"209\" height=\"209\" srcset=\"https:\/\/agora.xtec.cat\/ceip-santperesantpau\/wp-content\/uploads\/usu188\/2022\/04\/images-1-1.jpg 225w, https:\/\/agora.xtec.cat\/ceip-santperesantpau\/wp-content\/uploads\/usu188\/2022\/04\/images-1-1-150x150.jpg 150w\" sizes=\"auto, (max-width: 209px) 100vw, 209px\" \/><\/a>El Consell Catal\u00e0 de Ressuscitaci\u00f3 (CCR), d&#8217;acord a les directrius de l&#8217;European Resuscitation Council (ERC) de el qual forma part, impulsa accions per formar els ciutadans en les habilitats per a fer front al problema que representa l&#8217;aturada card\u00edaca sobtat, la qual \u00e9s responsable de m\u00e9s de 350.000 mort a l&#8217;any, fora dels hospitals, a Europa. Aquesta xifra a Catalunya suposa una mort sobtada cada dues hores i mitja, es a dir vora als 100 morts cada dia a Catalunya.<\/p>\n<p>A la nostra escola disposem de varis mestres formats en Suport Vital b\u00e0sic els quals realitzen sessions de formaci\u00f3 tant a nens com a els altres companys. Tamb\u00e9 una vegada a l&#8217;any realitzem juntament amb altres escoles de la zona i d&#8217;Institut de Sant Pere i Sant pau el dia de l&#8217;aturada card\u00edaca en el qual ens reunim tots juntament amb el servei d&#8217;emerg\u00e8ncies de Tarragona. Els alumnes de l&#8217; Institut realitzen un simulacre d&#8217;atenci\u00f3 per aturada cardio respirat\u00f2ria.<\/p>\n<p><a href=\"https:\/\/ccr.cat\/ensenyament-del-suport-vital-a-les-escoles-programa-del-consell-catala-de-ressuscitacio-i-departament-densenyament-de-la-generalitat-de-catalunya\/\">M\u00e9s informaci\u00f3<\/a><\/p>\n","protected":false},"excerpt":{"rendered":"<p>El Consell Catal\u00e0 de Ressuscitaci\u00f3 (CCR), d&#8217;acord a les directrius de l&#8217;European Resuscitation Council (ERC) de el qual forma part, impulsa accions per formar els ciutadans en les habilitats per a fer front al problema que representa l&#8217;aturada card\u00edaca sobtat, la qual \u00e9s responsable de m\u00e9s de 350.000 mort a l&#8217;any, fora dels hospitals, a [&hellip;]<\/p>\n","protected":false},"author":1,"featured_media":0,"parent":0,"menu_order":0,"comment_status":"closed","ping_status":"closed","template":"","meta":{"_bbp_topic_count":0,"_bbp_reply_count":0,"_bbp_total_topic_count":0,"_bbp_total_reply_count":0,"_bbp_voice_count":0,"_bbp_anonymous_reply_count":0,"_bbp_topic_count_hidden":0,"_bbp_reply_count_hidden":0,"_bbp_forum_subforum_count":0,"site-sidebar-layout":"default","site-content-layout":"","ast-site-content-layout":"default","site-content-style":"default","site-sidebar-style":"default","ast-global-header-display":"","ast-banner-title-visibility":"","ast-main-header-display":"","ast-hfb-above-header-display":"","ast-hfb-below-header-display":"","ast-hfb-mobile-header-display":"","site-post-title":"","ast-breadcrumbs-content":"","ast-featured-img":"","footer-sml-layout":"","theme-transparent-header-meta":"default","adv-header-id-meta":"","stick-header-meta":"","header-above-stick-meta":"","header-main-stick-meta":"","header-below-stick-meta":"","astra-migrate-meta-layouts":"set","ast-page-background-enabled":"default","ast-page-background-meta":{"desktop":{"background-color":"var(--ast-global-color-4)","background-image":"","background-repeat":"repeat","background-position":"center center","background-size":"auto","background-attachment":"scroll","background-type":"","background-media":"","overlay-type":"","overlay-color":"","overlay-opacity":"","overlay-gradient":""},"tablet":{"background-color":"","background-image":"","background-repeat":"repeat","background-position":"center center","background-size":"auto","background-attachment":"scroll","background-type":"","background-media":"","overlay-type":"","overlay-color":"","overlay-opacity":"","overlay-gradient":""},"mobile":{"background-color":"","background-image":"","background-repeat":"repeat","background-position":"center center","background-size":"auto","background-attachment":"scroll","background-type":"","background-media":"","overlay-type":"","overlay-color":"","overlay-opacity":"","overlay-gradient":""}},"ast-content-background-meta":{"desktop":{"background-color":"var(--ast-global-color-5)","background-image":"","background-repeat":"repeat","background-position":"center center","background-size":"auto","background-attachment":"scroll","background-type":"","background-media":"","overlay-type":"","overlay-color":"","overlay-opacity":"","overlay-gradient":""},"tablet":{"background-color":"var(--ast-global-color-5)","background-image":"","background-repeat":"repeat","background-position":"center center","background-size":"auto","background-attachment":"scroll","background-type":"","background-media":"","overlay-type":"","overlay-color":"","overlay-opacity":"","overlay-gradient":""},"mobile":{"background-color":"var(--ast-global-color-5)","background-image":"","background-repeat":"repeat","background-position":"center center","background-size":"auto","background-attachment":"scroll","background-type":"","background-media":"","overlay-type":"","overlay-color":"","overlay-opacity":"","overlay-gradient":""}},"footnotes":""},"class_list":["post-8099","page","type-page","status-publish","hentry"],"post_mailing_queue_ids":[],"_links":{"self":[{"href":"https:\/\/agora.xtec.cat\/ceip-santperesantpau\/wp-json\/wp\/v2\/pages\/8099","targetHints":{"allow":["GET"]}}],"collection":[{"href":"https:\/\/agora.xtec.cat\/ceip-santperesantpau\/wp-json\/wp\/v2\/pages"}],"about":[{"href":"https:\/\/agora.xtec.cat\/ceip-santperesantpau\/wp-json\/wp\/v2\/types\/page"}],"author":[{"embeddable":true,"href":"https:\/\/agora.xtec.cat\/ceip-santperesantpau\/wp-json\/wp\/v2\/users\/1"}],"replies":[{"embeddable":true,"href":"https:\/\/agora.xtec.cat\/ceip-santperesantpau\/wp-json\/wp\/v2\/comments?post=8099"}],"version-history":[{"count":4,"href":"https:\/\/agora.xtec.cat\/ceip-santperesantpau\/wp-json\/wp\/v2\/pages\/8099\/revisions"}],"predecessor-version":[{"id":9793,"href":"https:\/\/agora.xtec.cat\/ceip-santperesantpau\/wp-json\/wp\/v2\/pages\/8099\/revisions\/9793"}],"wp:attachment":[{"href":"https:\/\/agora.xtec.cat\/ceip-santperesantpau\/wp-json\/wp\/v2\/media?parent=8099"}],"curies":[{"name":"wp","href":"https:\/\/api.w.org\/{rel}","templated":true}]}}