{"id":8065,"date":"2022-04-05T15:20:34","date_gmt":"2022-04-05T13:20:34","guid":{"rendered":"https:\/\/agora.xtec.cat\/ceip-santperesantpau\/?page_id=8065"},"modified":"2022-05-24T21:53:33","modified_gmt":"2022-05-24T19:53:33","slug":"avaluacio","status":"publish","type":"page","link":"https:\/\/agora.xtec.cat\/ceip-santperesantpau\/avaluacio\/","title":{"rendered":"Avaluaci\u00f3 i millora"},"content":{"rendered":"<p style=\"text-align: center;\"><a href=\"https:\/\/agora.xtec.cat\/ceip-santperesantpau\/wp-content\/uploads\/usu188\/2022\/05\/avaluacio-2.jpg\"><img loading=\"lazy\" decoding=\"async\" class=\"alignnone wp-image-8407\" src=\"https:\/\/agora.xtec.cat\/ceip-santperesantpau\/wp-content\/uploads\/usu188\/2022\/05\/avaluacio-2.jpg\" alt=\"\" width=\"340\" height=\"147\" srcset=\"https:\/\/agora.xtec.cat\/ceip-santperesantpau\/wp-content\/uploads\/usu188\/2022\/05\/avaluacio-2.jpg 474w, https:\/\/agora.xtec.cat\/ceip-santperesantpau\/wp-content\/uploads\/usu188\/2022\/05\/avaluacio-2-300x130.jpg 300w\" sizes=\"auto, (max-width: 340px) 100vw, 340px\" \/><\/a><\/p>\n<p>La comissi\u00f3 d&#8217;Estrat\u00e8gia Digital es reuneix diverses vegades al llarg del curs escolar. Durant aquestes reunions es parla de les activitats a realitzar en funci\u00f3 dels objectius acordats. Es planifiquen les activitats i es realitza una avaluaci\u00f3 continuada de l&#8217;Estrat\u00e8gia Digital de Centre.<\/p>\n<p>Tamb\u00e9 es revisen\u00a0els <strong>objectius<\/strong> establerts i es determina\u00a0 el grau d\u2019assoliment. Si es creu necessari, depenent de les caracter\u00edstiques dels alumnes i dels mestres que imparteixen aquestes activitats es decideix ampliar o modificar les que es creguin oportunes.<\/p>\n<p>A partir d\u2019aqu\u00ed, la Comissi\u00f3 d\u2019Estrat\u00e8gia Digital del Centre ha d\u2019encetar un <strong>proc\u00e9s de reflexi\u00f3<\/strong>. Si \u00e9s un dels primers cursos d\u2019aplicaci\u00f3 de l\u2019Estrat\u00e8gia Digital, \u00e9s possible que calgui revisar algun dels objectius, com ja hem dit abans, la seva definici\u00f3, la seva temporitzaci\u00f3 o canviar algunes de les activitats.<\/p>\n<p>Si l\u2019Estrat\u00e8gia Digital de Centre est\u00e0 arribant al final de la seva planificaci\u00f3, caldr\u00e0 plantejar-se la diagnosi per actualitzar-la. Aquesta revisi\u00f3 i actualitzaci\u00f3 implicar\u00e0 un canvi en els objectius i en les activitats.<\/p>\n<p style=\"text-align: center;\"><a href=\"https:\/\/agora.xtec.cat\/ceip-santperesantpau\/wp-content\/uploads\/usu188\/2022\/05\/Escola-de.png\"><img loading=\"lazy\" decoding=\"async\" class=\"alignnone  wp-image-8433\" src=\"https:\/\/agora.xtec.cat\/ceip-santperesantpau\/wp-content\/uploads\/usu188\/2022\/05\/Escola-de.png\" alt=\"\" width=\"531\" height=\"344\" srcset=\"https:\/\/agora.xtec.cat\/ceip-santperesantpau\/wp-content\/uploads\/usu188\/2022\/05\/Escola-de.png 624w, https:\/\/agora.xtec.cat\/ceip-santperesantpau\/wp-content\/uploads\/usu188\/2022\/05\/Escola-de-300x194.png 300w\" sizes=\"auto, (max-width: 531px) 100vw, 531px\" \/><\/a><\/p>\n","protected":false},"excerpt":{"rendered":"<p>La comissi\u00f3 d&#8217;Estrat\u00e8gia Digital es reuneix diverses vegades al llarg del curs escolar. Durant aquestes reunions es parla de les activitats a realitzar en funci\u00f3 dels objectius acordats. Es planifiquen les activitats i es realitza una avaluaci\u00f3 continuada de l&#8217;Estrat\u00e8gia Digital de Centre. Tamb\u00e9 es revisen\u00a0els objectius establerts i es determina\u00a0 el grau d\u2019assoliment. Si [&hellip;]<\/p>\n","protected":false},"author":1,"featured_media":0,"parent":0,"menu_order":0,"comment_status":"closed","ping_status":"closed","template":"","meta":{"_bbp_topic_count":0,"_bbp_reply_count":0,"_bbp_total_topic_count":0,"_bbp_total_reply_count":0,"_bbp_voice_count":0,"_bbp_anonymous_reply_count":0,"_bbp_topic_count_hidden":0,"_bbp_reply_count_hidden":0,"_bbp_forum_subforum_count":0,"site-sidebar-layout":"default","site-content-layout":"","ast-site-content-layout":"","site-content-style":"default","site-sidebar-style":"default","ast-global-header-display":"","ast-banner-title-visibility":"","ast-main-header-display":"","ast-hfb-above-header-display":"","ast-hfb-below-header-display":"","ast-hfb-mobile-header-display":"","site-post-title":"","ast-breadcrumbs-content":"","ast-featured-img":"","footer-sml-layout":"","theme-transparent-header-meta":"","adv-header-id-meta":"","stick-header-meta":"","header-above-stick-meta":"","header-main-stick-meta":"","header-below-stick-meta":"","astra-migrate-meta-layouts":"default","ast-page-background-enabled":"default","ast-page-background-meta":{"desktop":{"background-color":"var(--ast-global-color-4)","background-image":"","background-repeat":"repeat","background-position":"center center","background-size":"auto","background-attachment":"scroll","background-type":"","background-media":"","overlay-type":"","overlay-color":"","overlay-opacity":"","overlay-gradient":""},"tablet":{"background-color":"","background-image":"","background-repeat":"repeat","background-position":"center center","background-size":"auto","background-attachment":"scroll","background-type":"","background-media":"","overlay-type":"","overlay-color":"","overlay-opacity":"","overlay-gradient":""},"mobile":{"background-color":"","background-image":"","background-repeat":"repeat","background-position":"center center","background-size":"auto","background-attachment":"scroll","background-type":"","background-media":"","overlay-type":"","overlay-color":"","overlay-opacity":"","overlay-gradient":""}},"ast-content-background-meta":{"desktop":{"background-color":"var(--ast-global-color-5)","background-image":"","background-repeat":"repeat","background-position":"center center","background-size":"auto","background-attachment":"scroll","background-type":"","background-media":"","overlay-type":"","overlay-color":"","overlay-opacity":"","overlay-gradient":""},"tablet":{"background-color":"var(--ast-global-color-5)","background-image":"","background-repeat":"repeat","background-position":"center center","background-size":"auto","background-attachment":"scroll","background-type":"","background-media":"","overlay-type":"","overlay-color":"","overlay-opacity":"","overlay-gradient":""},"mobile":{"background-color":"var(--ast-global-color-5)","background-image":"","background-repeat":"repeat","background-position":"center center","background-size":"auto","background-attachment":"scroll","background-type":"","background-media":"","overlay-type":"","overlay-color":"","overlay-opacity":"","overlay-gradient":""}},"footnotes":""},"class_list":["post-8065","page","type-page","status-publish","hentry"],"post_mailing_queue_ids":[],"_links":{"self":[{"href":"https:\/\/agora.xtec.cat\/ceip-santperesantpau\/wp-json\/wp\/v2\/pages\/8065","targetHints":{"allow":["GET"]}}],"collection":[{"href":"https:\/\/agora.xtec.cat\/ceip-santperesantpau\/wp-json\/wp\/v2\/pages"}],"about":[{"href":"https:\/\/agora.xtec.cat\/ceip-santperesantpau\/wp-json\/wp\/v2\/types\/page"}],"author":[{"embeddable":true,"href":"https:\/\/agora.xtec.cat\/ceip-santperesantpau\/wp-json\/wp\/v2\/users\/1"}],"replies":[{"embeddable":true,"href":"https:\/\/agora.xtec.cat\/ceip-santperesantpau\/wp-json\/wp\/v2\/comments?post=8065"}],"version-history":[{"count":3,"href":"https:\/\/agora.xtec.cat\/ceip-santperesantpau\/wp-json\/wp\/v2\/pages\/8065\/revisions"}],"predecessor-version":[{"id":8434,"href":"https:\/\/agora.xtec.cat\/ceip-santperesantpau\/wp-json\/wp\/v2\/pages\/8065\/revisions\/8434"}],"wp:attachment":[{"href":"https:\/\/agora.xtec.cat\/ceip-santperesantpau\/wp-json\/wp\/v2\/media?parent=8065"}],"curies":[{"name":"wp","href":"https:\/\/api.w.org\/{rel}","templated":true}]}}