{"id":6380,"date":"2020-09-15T15:57:19","date_gmt":"2020-09-15T13:57:19","guid":{"rendered":"https:\/\/agora.xtec.cat\/ceip-santperesantpau\/?page_id=6380"},"modified":"2023-01-11T16:23:17","modified_gmt":"2023-01-11T15:23:17","slug":"projecte-linguistic","status":"publish","type":"page","link":"https:\/\/agora.xtec.cat\/ceip-santperesantpau\/lescola\/projecte-linguistic\/","title":{"rendered":"Projecte Ling\u00fc\u00edstic"},"content":{"rendered":"<p>La normalitzaci\u00f3 ling\u00fc\u00edstica als centres d\u2019educaci\u00f3 infantil i prim\u00e0ria com a objectiu b\u00e0sic del nostre sistema educatiu i els canvis que es van produint dins la nostra comunitat educativa ens ha generat la necessitat d\u2019elaborar un projecte ling\u00fc\u00edstic m\u00e9s ampli i actualitzat, amb l\u2019objectiu d\u2019aconseguir una plena normalitzaci\u00f3 de l\u2019\u00fas de la llengua i la integraci\u00f3 a la cultura catalana.<\/p>\n<p>&#8211; El projecte ling\u00fc\u00edstic \u00e9s una de les parts fonamentals del Projecte Educatiu de Centre.<\/p>\n<p>&#8211; El nostre projecte promou la sensibilitzaci\u00f3, foment i consolidaci\u00f3 de l\u2019educaci\u00f3 intercultural i de la llengua catalana com a eix vertebrador d\u2019un projecte educatiu basat en el pluriling\u00fcisme.<\/p>\n<p>&#8211; Garanteix la integraci\u00f3 escolar i cohesi\u00f3 social de tot l\u2019alumnat, amb independ\u00e8ncia de la llengua, cultura, condici\u00f3 social i origen promovent la igualtat d\u2019oportunitats per tal d\u2019evitar qualsevol tipus de marginaci\u00f3.<\/p>\n<p>&#8211; El centre vetllar\u00e0 perqu\u00e8 l&#8217;escola sigui l&#8217;espai on l&#8217;alumne adquireixi els senyals d&#8217;identitat nacionals propis de la nostra personalitat col\u00b7lectiva: la hist\u00f2ria, la cultura, el patrimoni, les tradicions i, sobretot, la llengua pr\u00f2pia han de ser-hi presents de manera fonamental per tal de desenvolupar la comunicaci\u00f3 i l&#8217;expressi\u00f3, el sentiment de pertinen\u00e7a i estimaci\u00f3 del pa\u00eds, la relaci\u00f3 amb l&#8217;entorn, l&#8217;obertura al m\u00f3n i la iniciaci\u00f3 a participar en la societat que els envolta.<\/p>\n<p>&#8211; El projecte ling\u00fc\u00edstic regula l\u2019\u00fas de les lleng\u00fces; catalana, castellana i anglesa en els diferents \u00e0mbits del centre i com a tal \u00e9s un instrument que vincula a fam\u00edlies, alumnat, professorat i personal no docent del centre.<\/p>\n<p>Per veure el Projecte Ling\u00fc\u00edstic feu clic a <a href=\"https:\/\/agora.xtec.cat\/ceip-santperesantpau\/wp-content\/uploads\/usu188\/2023\/01\/Projecte-Linguistic.pdf\">Projecte Ling\u00fc\u00edstic<\/a><\/p>\n","protected":false},"excerpt":{"rendered":"<p>La normalitzaci\u00f3 ling\u00fc\u00edstica als centres d\u2019educaci\u00f3 infantil i prim\u00e0ria com a objectiu b\u00e0sic del nostre sistema educatiu i els canvis que es van produint dins la nostra comunitat educativa ens ha generat la necessitat d\u2019elaborar un projecte ling\u00fc\u00edstic m\u00e9s ampli i actualitzat, amb l\u2019objectiu d\u2019aconseguir una plena normalitzaci\u00f3 de l\u2019\u00fas de la llengua i la [&hellip;]<\/p>\n","protected":false},"author":1,"featured_media":0,"parent":22,"menu_order":0,"comment_status":"closed","ping_status":"closed","template":"","meta":{"_bbp_topic_count":0,"_bbp_reply_count":0,"_bbp_total_topic_count":0,"_bbp_total_reply_count":0,"_bbp_voice_count":0,"_bbp_anonymous_reply_count":0,"_bbp_topic_count_hidden":0,"_bbp_reply_count_hidden":0,"_bbp_forum_subforum_count":0,"site-sidebar-layout":"default","site-content-layout":"","ast-site-content-layout":"","site-content-style":"default","site-sidebar-style":"default","ast-global-header-display":"","ast-banner-title-visibility":"","ast-main-header-display":"","ast-hfb-above-header-display":"","ast-hfb-below-header-display":"","ast-hfb-mobile-header-display":"","site-post-title":"","ast-breadcrumbs-content":"","ast-featured-img":"","footer-sml-layout":"","theme-transparent-header-meta":"","adv-header-id-meta":"","stick-header-meta":"","header-above-stick-meta":"","header-main-stick-meta":"","header-below-stick-meta":"","astra-migrate-meta-layouts":"default","ast-page-background-enabled":"default","ast-page-background-meta":{"desktop":{"background-color":"var(--ast-global-color-4)","background-image":"","background-repeat":"repeat","background-position":"center center","background-size":"auto","background-attachment":"scroll","background-type":"","background-media":"","overlay-type":"","overlay-color":"","overlay-opacity":"","overlay-gradient":""},"tablet":{"background-color":"","background-image":"","background-repeat":"repeat","background-position":"center center","background-size":"auto","background-attachment":"scroll","background-type":"","background-media":"","overlay-type":"","overlay-color":"","overlay-opacity":"","overlay-gradient":""},"mobile":{"background-color":"","background-image":"","background-repeat":"repeat","background-position":"center center","background-size":"auto","background-attachment":"scroll","background-type":"","background-media":"","overlay-type":"","overlay-color":"","overlay-opacity":"","overlay-gradient":""}},"ast-content-background-meta":{"desktop":{"background-color":"var(--ast-global-color-5)","background-image":"","background-repeat":"repeat","background-position":"center center","background-size":"auto","background-attachment":"scroll","background-type":"","background-media":"","overlay-type":"","overlay-color":"","overlay-opacity":"","overlay-gradient":""},"tablet":{"background-color":"var(--ast-global-color-5)","background-image":"","background-repeat":"repeat","background-position":"center center","background-size":"auto","background-attachment":"scroll","background-type":"","background-media":"","overlay-type":"","overlay-color":"","overlay-opacity":"","overlay-gradient":""},"mobile":{"background-color":"var(--ast-global-color-5)","background-image":"","background-repeat":"repeat","background-position":"center center","background-size":"auto","background-attachment":"scroll","background-type":"","background-media":"","overlay-type":"","overlay-color":"","overlay-opacity":"","overlay-gradient":""}},"footnotes":""},"class_list":["post-6380","page","type-page","status-publish","hentry"],"post_mailing_queue_ids":[],"_links":{"self":[{"href":"https:\/\/agora.xtec.cat\/ceip-santperesantpau\/wp-json\/wp\/v2\/pages\/6380","targetHints":{"allow":["GET"]}}],"collection":[{"href":"https:\/\/agora.xtec.cat\/ceip-santperesantpau\/wp-json\/wp\/v2\/pages"}],"about":[{"href":"https:\/\/agora.xtec.cat\/ceip-santperesantpau\/wp-json\/wp\/v2\/types\/page"}],"author":[{"embeddable":true,"href":"https:\/\/agora.xtec.cat\/ceip-santperesantpau\/wp-json\/wp\/v2\/users\/1"}],"replies":[{"embeddable":true,"href":"https:\/\/agora.xtec.cat\/ceip-santperesantpau\/wp-json\/wp\/v2\/comments?post=6380"}],"version-history":[{"count":3,"href":"https:\/\/agora.xtec.cat\/ceip-santperesantpau\/wp-json\/wp\/v2\/pages\/6380\/revisions"}],"predecessor-version":[{"id":8984,"href":"https:\/\/agora.xtec.cat\/ceip-santperesantpau\/wp-json\/wp\/v2\/pages\/6380\/revisions\/8984"}],"up":[{"embeddable":true,"href":"https:\/\/agora.xtec.cat\/ceip-santperesantpau\/wp-json\/wp\/v2\/pages\/22"}],"wp:attachment":[{"href":"https:\/\/agora.xtec.cat\/ceip-santperesantpau\/wp-json\/wp\/v2\/media?parent=6380"}],"curies":[{"name":"wp","href":"https:\/\/api.w.org\/{rel}","templated":true}]}}