{"id":3687,"date":"2018-11-09T13:53:54","date_gmt":"2018-11-09T12:53:54","guid":{"rendered":"http:\/\/agora.xtec.cat\/ceip-santperesantpau\/?page_id=3687"},"modified":"2026-03-17T13:07:59","modified_gmt":"2026-03-17T12:07:59","slug":"claustre","status":"publish","type":"page","link":"https:\/\/agora.xtec.cat\/ceip-santperesantpau\/lescola\/claustre\/","title":{"rendered":"Claustre"},"content":{"rendered":"<p><strong>Equip Directiu<\/strong><\/p>\n<table style=\"height: 159px; width: 50.0362%; border-collapse: collapse; background-color: #fafafa; border-color: #ffffff; border-style: solid;\">\n<tbody>\n<tr style=\"height: 53px;\">\n<td style=\"background-color: #eba9a9; width: 35.8296%; height: 53px;\"><strong>Directora<\/strong><\/td>\n<td style=\"width: 64.0236%; height: 53px;\">Adriana S\u00e1nchez<\/td>\n<\/tr>\n<tr style=\"height: 53px;\">\n<td style=\"background-color: #eba9a9; width: 35.8296%; height: 53px;\"><strong>Cap d\u2019Estudis<\/strong><\/td>\n<td style=\"width: 64.0236%; height: 53px;\">Ignasi S\u00e1nchez<\/td>\n<\/tr>\n<tr style=\"height: 53px;\">\n<td style=\"background-color: #eba9a9; width: 35.8296%; height: 53px;\"><strong>Secretaria<\/strong><\/td>\n<td style=\"width: 64.0236%; height: 53px;\">Laura Su\u00e1rez<\/td>\n<\/tr>\n<\/tbody>\n<\/table>\n<p><strong>Educaci\u00f3 Infantil<\/strong><\/p>\n<table style=\"width: 59.2213%; border-collapse: collapse; background-color: #d3edd3; height: 265px;\">\n<tbody>\n<tr style=\"height: 53px;\">\n<td style=\"width: 18.0005%; height: 53px;\"><strong>I3<\/strong><\/td>\n<td style=\"width: 49.8963%; height: 53px; background-color: #f7f7f7;\">Montse Cancela \/ Dolors Marco<\/td>\n<\/tr>\n<tr style=\"height: 53px;\">\n<td style=\"width: 18.0005%; height: 53px;\"><strong>I4<\/strong><\/td>\n<td style=\"width: 49.8963%; height: 53px; background-color: #f7f7f7;\">C\u00e8lia Ib\u00e1\u00f1ez<\/td>\n<\/tr>\n<tr style=\"height: 53px;\">\n<td style=\"width: 18.0005%; height: 53px;\"><strong>I5<\/strong><\/td>\n<td style=\"width: 49.8963%; height: 53px; background-color: #f7f7f7;\">Ester Ferr\u00e9<\/td>\n<\/tr>\n<tr style=\"height: 53px;\">\n<td style=\"width: 18.0005%; height: 53px;\"><strong>TEI<\/strong><\/td>\n<td style=\"width: 49.8963%; height: 53px; background-color: #f7f7f7;\">Mireia Lobera<\/td>\n<\/tr>\n<tr style=\"height: 53px;\">\n<td style=\"width: 18.0005%; height: 53px;\"><strong>Suport Infantil<\/strong><\/td>\n<td style=\"width: 49.8963%; height: 53px; background-color: #f7f7f7;\">Amparo Navarro, Estel Mu\u00f1oz i Mar Bonet<\/td>\n<\/tr>\n<\/tbody>\n<\/table>\n<p><strong>Educaci\u00f3 Prim\u00e0ria<\/strong><\/p>\n<table style=\"height: 265px; width: 59.2213%; border-collapse: collapse; background-color: #d3e9ed;\">\n<tbody>\n<tr style=\"height: 53px;\">\n<td style=\"width: 18.0005%; height: 53px;\"><strong>1r d&#8217;EP<\/strong><\/td>\n<td style=\"width: 49.8963%; height: 53px; background-color: #f7f7f7;\">Nerea Gagino<\/td>\n<\/tr>\n<tr style=\"height: 53px;\">\n<td style=\"width: 18.0005%; height: 53px;\"><strong>2n d&#8217;EP<\/strong><\/td>\n<td style=\"width: 49.8963%; height: 53px; background-color: #f7f7f7;\">Bel\u00e9n Zaragoza<\/td>\n<\/tr>\n<tr style=\"height: 53px;\">\n<td style=\"width: 18.0005%; height: 53px;\"><strong>3r d&#8217;EP<\/strong><\/td>\n<td style=\"width: 49.8963%; height: 53px; background-color: #f7f7f7;\">Andrea Ruiz<\/td>\n<\/tr>\n<tr style=\"height: 53px;\">\n<td style=\"width: 18.0005%; height: 53px;\"><strong>4t d&#8217;EP<\/strong><\/td>\n<td style=\"width: 49.8963%; height: 53px; background-color: #f7f7f7;\">Siro L\u00f3pez<\/td>\n<\/tr>\n<tr style=\"height: 53px;\">\n<td style=\"width: 18.0005%; height: 53px;\"><strong>5\u00e8 d&#8217;EP<\/strong><\/td>\n<td style=\"width: 49.8963%; height: 53px; background-color: #f7f7f7;\">Sebasti\u00e0 Gin\u00e9<\/td>\n<\/tr>\n<tr>\n<td style=\"width: 18.0005%;\"><strong>6\u00e8 d&#8217;EP<\/strong><\/td>\n<td style=\"width: 49.8963%; background-color: #f7f7f7;\">Aleix Clotet<\/td>\n<\/tr>\n<\/tbody>\n<\/table>\n<p><strong>Especialistes<\/strong><\/p>\n<table style=\"height: 367px; width: 90.6687%; border-collapse: collapse; background-color: #ffd0a1;\">\n<tbody>\n<tr style=\"height: 53px;\">\n<td style=\"width: 14.5016%; height: 53px;\"><strong>Educaci\u00f3 Especial<\/strong><\/td>\n<td style=\"width: 51.8564%; height: 53px; background-color: #f7f7f7;\">Neus Tous<\/td>\n<\/tr>\n<tr>\n<td style=\"width: 14.5016%;\"><strong>Angl\u00e8s<\/strong><\/td>\n<td style=\"width: 51.8564%; background-color: #f7f7f7;\">Laura Su\u00e1rez, L\u00eddia Zaragoza, Andrea Ruiz<\/td>\n<\/tr>\n<tr style=\"height: 53px;\">\n<td style=\"width: 14.5016%; height: 53px;\"><strong>M\u00fasica<\/strong><\/td>\n<td style=\"width: 51.8564%; height: 53px; background-color: #f7f7f7;\">Siro L\u00f3pez<\/td>\n<\/tr>\n<tr style=\"height: 53px;\">\n<td style=\"width: 14.5016%; height: 53px;\"><strong>Educaci\u00f3 F\u00edsica<\/strong><\/td>\n<td style=\"width: 51.8564%; height: 53px; background-color: #f7f7f7;\">Carlos Mendoza<\/td>\n<\/tr>\n<tr style=\"height: 53px;\">\n<td style=\"width: 14.5016%; height: 53px;\"><strong>Religi\u00f3<\/strong><\/td>\n<td style=\"width: 51.8564%; height: 53px; background-color: #f7f7f7;\">Maribel Rodr\u00edguez<\/td>\n<\/tr>\n<tr style=\"height: 53px;\">\n<td style=\"width: 14.5016%; height: 53px;\"><strong>Aula d&#8217;Acollida<\/strong><\/td>\n<td style=\"width: 51.8564%; height: 53px; background-color: #f7f7f7;\">T\u00e0nia L\u00f3pez<\/td>\n<\/tr>\n<tr>\n<td style=\"width: 14.5016%;\"><strong>Suport Prim\u00e0ria<\/strong><\/td>\n<td style=\"width: 51.8564%; background-color: #f7f7f7;\">L\u00eddia Zaragoza, Celsa S\u00e1nchez, Maribel Rodr\u00edguez, Ignasi S\u00e1nchez<\/td>\n<\/tr>\n<tr>\n<td style=\"width: 14.5016%;\"><strong>SIEI<\/strong><\/td>\n<td style=\"width: 51.8564%; background-color: #f7f7f7;\">Javier Domingo, Lourdes Rodr\u00edguez, S\u00edlvia Valle, Adela Sebasti\u00e1n<\/td>\n<\/tr>\n<\/tbody>\n<\/table>\n<p><strong>Coordinacions<\/strong><\/p>\n<table style=\"height: 362px; width: 68.038%; border-collapse: collapse; background-color: #f9defa;\">\n<tbody>\n<tr style=\"height: 53px;\">\n<td style=\"width: 10.4837%; height: 53px;\"><strong>Educaci\u00f3 Infantil<\/strong><\/td>\n<td style=\"width: 24.2732%; height: 53px; background-color: #f7f7f7;\">C\u00e8lia Ib\u00e1\u00f1ez<\/td>\n<\/tr>\n<tr style=\"height: 53px;\">\n<td style=\"width: 10.4837%; height: 53px;\"><strong>Educaci\u00f3 Prim\u00e0ria<\/strong><\/td>\n<td style=\"width: 24.2732%; background-color: #f7f7f7; height: 53px;\">Nerea Gagino<\/td>\n<\/tr>\n<tr style=\"height: 53px;\">\n<td style=\"width: 10.4837%; height: 53px;\"><strong>Digital<\/strong><\/td>\n<td style=\"width: 24.2732%; height: 53px; background-color: #f7f7f7;\">Carlos Mendoza<\/td>\n<\/tr>\n<tr style=\"height: 53px;\">\n<td style=\"width: 10.4837%; height: 53px;\"><strong>Riscos laborals<\/strong><\/td>\n<td style=\"width: 24.2732%; height: 53px; background-color: #f7f7f7;\">T\u00e0nia L\u00f3pez<\/td>\n<\/tr>\n<tr style=\"height: 53px;\">\n<td style=\"width: 10.4837%; height: 53px;\"><strong>Escola Verda<\/strong><\/td>\n<td style=\"width: 24.2732%; height: 53px; background-color: #f7f7f7;\">Lourdes Rodr\u00edguez<\/td>\n<\/tr>\n<tr style=\"height: 53px;\">\n<td style=\"width: 10.4837%; height: 44px;\"><strong>LIC<\/strong><\/td>\n<td style=\"width: 24.2732%; height: 44px; background-color: #f7f7f7;\">Neus Tous<\/td>\n<\/tr>\n<tr style=\"height: 53px;\">\n<td style=\"width: 10.4837%; height: 53px;\"><strong>COCOBE<\/strong><\/td>\n<td style=\"width: 24.2732%; background-color: #f7f7f7; height: 53px;\">Aleix Clotet<\/td>\n<\/tr>\n<\/tbody>\n<\/table>\n<table style=\"height: 63px; width: 68.038%; border-collapse: collapse; background-color: #deccd1;\">\n<tbody>\n<tr style=\"height: 53px;\">\n<td style=\"width: 10.4837%; height: 10px;\"><strong>Administrativa<\/strong><\/td>\n<td style=\"width: 24.2732%; height: 10px; background-color: #f7f7f7;\">Olga Palliso<\/td>\n<\/tr>\n<tr style=\"height: 53px;\">\n<td style=\"width: 10.4837%; height: 53px;\"><strong>Consergeria<\/strong><\/td>\n<td style=\"width: 24.2732%; background-color: #f7f7f7; height: 53px;\">Flor Robles<\/td>\n<\/tr>\n<tr>\n<td style=\"width: 10.4837%;\"><strong>EAP<\/strong><\/td>\n<td style=\"width: 24.2732%; background-color: #f7f7f7;\">Vanessa Aranda<\/td>\n<\/tr>\n<\/tbody>\n<\/table>\n<p>&nbsp;<\/p>\n","protected":false},"excerpt":{"rendered":"<p>Equip Directiu Directora Adriana S\u00e1nchez Cap d\u2019Estudis Ignasi S\u00e1nchez Secretaria Laura Su\u00e1rez Educaci\u00f3 Infantil I3 Montse Cancela \/ Dolors Marco I4 C\u00e8lia Ib\u00e1\u00f1ez I5 Ester Ferr\u00e9 TEI Mireia Lobera Suport Infantil Amparo Navarro, Estel Mu\u00f1oz i Mar Bonet Educaci\u00f3 Prim\u00e0ria 1r d&#8217;EP Nerea Gagino 2n d&#8217;EP Bel\u00e9n Zaragoza 3r d&#8217;EP Andrea Ruiz 4t d&#8217;EP Siro [&hellip;]<\/p>\n","protected":false},"author":1,"featured_media":0,"parent":22,"menu_order":90,"comment_status":"closed","ping_status":"closed","template":"","meta":{"_bbp_topic_count":0,"_bbp_reply_count":0,"_bbp_total_topic_count":0,"_bbp_total_reply_count":0,"_bbp_voice_count":0,"_bbp_anonymous_reply_count":0,"_bbp_topic_count_hidden":0,"_bbp_reply_count_hidden":0,"_bbp_forum_subforum_count":0,"site-sidebar-layout":"default","site-content-layout":"","ast-site-content-layout":"default","site-content-style":"default","site-sidebar-style":"default","ast-global-header-display":"","ast-banner-title-visibility":"","ast-main-header-display":"","ast-hfb-above-header-display":"","ast-hfb-below-header-display":"","ast-hfb-mobile-header-display":"","site-post-title":"","ast-breadcrumbs-content":"","ast-featured-img":"","footer-sml-layout":"","theme-transparent-header-meta":"default","adv-header-id-meta":"","stick-header-meta":"","header-above-stick-meta":"","header-main-stick-meta":"","header-below-stick-meta":"","astra-migrate-meta-layouts":"set","ast-page-background-enabled":"default","ast-page-background-meta":{"desktop":{"background-color":"var(--ast-global-color-4)","background-image":"","background-repeat":"repeat","background-position":"center center","background-size":"auto","background-attachment":"scroll","background-type":"","background-media":"","overlay-type":"","overlay-color":"","overlay-opacity":"","overlay-gradient":""},"tablet":{"background-color":"","background-image":"","background-repeat":"repeat","background-position":"center center","background-size":"auto","background-attachment":"scroll","background-type":"","background-media":"","overlay-type":"","overlay-color":"","overlay-opacity":"","overlay-gradient":""},"mobile":{"background-color":"","background-image":"","background-repeat":"repeat","background-position":"center center","background-size":"auto","background-attachment":"scroll","background-type":"","background-media":"","overlay-type":"","overlay-color":"","overlay-opacity":"","overlay-gradient":""}},"ast-content-background-meta":{"desktop":{"background-color":"var(--ast-global-color-5)","background-image":"","background-repeat":"repeat","background-position":"center center","background-size":"auto","background-attachment":"scroll","background-type":"","background-media":"","overlay-type":"","overlay-color":"","overlay-opacity":"","overlay-gradient":""},"tablet":{"background-color":"var(--ast-global-color-5)","background-image":"","background-repeat":"repeat","background-position":"center center","background-size":"auto","background-attachment":"scroll","background-type":"","background-media":"","overlay-type":"","overlay-color":"","overlay-opacity":"","overlay-gradient":""},"mobile":{"background-color":"var(--ast-global-color-5)","background-image":"","background-repeat":"repeat","background-position":"center center","background-size":"auto","background-attachment":"scroll","background-type":"","background-media":"","overlay-type":"","overlay-color":"","overlay-opacity":"","overlay-gradient":""}},"footnotes":""},"class_list":["post-3687","page","type-page","status-publish","hentry"],"post_mailing_queue_ids":[],"_links":{"self":[{"href":"https:\/\/agora.xtec.cat\/ceip-santperesantpau\/wp-json\/wp\/v2\/pages\/3687","targetHints":{"allow":["GET"]}}],"collection":[{"href":"https:\/\/agora.xtec.cat\/ceip-santperesantpau\/wp-json\/wp\/v2\/pages"}],"about":[{"href":"https:\/\/agora.xtec.cat\/ceip-santperesantpau\/wp-json\/wp\/v2\/types\/page"}],"author":[{"embeddable":true,"href":"https:\/\/agora.xtec.cat\/ceip-santperesantpau\/wp-json\/wp\/v2\/users\/1"}],"replies":[{"embeddable":true,"href":"https:\/\/agora.xtec.cat\/ceip-santperesantpau\/wp-json\/wp\/v2\/comments?post=3687"}],"version-history":[{"count":6,"href":"https:\/\/agora.xtec.cat\/ceip-santperesantpau\/wp-json\/wp\/v2\/pages\/3687\/revisions"}],"predecessor-version":[{"id":9804,"href":"https:\/\/agora.xtec.cat\/ceip-santperesantpau\/wp-json\/wp\/v2\/pages\/3687\/revisions\/9804"}],"up":[{"embeddable":true,"href":"https:\/\/agora.xtec.cat\/ceip-santperesantpau\/wp-json\/wp\/v2\/pages\/22"}],"wp:attachment":[{"href":"https:\/\/agora.xtec.cat\/ceip-santperesantpau\/wp-json\/wp\/v2\/media?parent=3687"}],"curies":[{"name":"wp","href":"https:\/\/api.w.org\/{rel}","templated":true}]}}

<p><strong>Equip Directiu</strong></p>
<table style="height: 159px; width: 50.0362%; border-collapse: collapse; background-color: #fafafa; border-color: #ffffff; border-style: solid;">
<tbody>
<tr style="height: 53px;">
<td style="background-color: #eba9a9; width: 35.8296%; height: 53px;"><strong>Directora</strong></td>
<td style="width: 64.0236%; height: 53px;">Adriana Sánchez</td>
</tr>
<tr style="height: 53px;">
<td style="background-color: #eba9a9; width: 35.8296%; height: 53px;"><strong>Cap d’Estudis</strong></td>
<td style="width: 64.0236%; height: 53px;">Ignasi Sánchez</td>
</tr>
<tr style="height: 53px;">
<td style="background-color: #eba9a9; width: 35.8296%; height: 53px;"><strong>Secretaria</strong></td>
<td style="width: 64.0236%; height: 53px;">Laura Suárez</td>
</tr>
</tbody>
</table>
<p><strong>Educació Infantil</strong></p>
<table style="width: 59.2213%; border-collapse: collapse; background-color: #d3edd3; height: 265px;">
<tbody>
<tr style="height: 53px;">
<td style="width: 18.0005%; height: 53px;"><strong>I3</strong></td>
<td style="width: 49.8963%; height: 53px; background-color: #f7f7f7;">Montse Cancela / Dolors Marco</td>
</tr>
<tr style="height: 53px;">
<td style="width: 18.0005%; height: 53px;"><strong>I4</strong></td>
<td style="width: 49.8963%; height: 53px; background-color: #f7f7f7;">Cèlia Ibáñez</td>
</tr>
<tr style="height: 53px;">
<td style="width: 18.0005%; height: 53px;"><strong>I5</strong></td>
<td style="width: 49.8963%; height: 53px; background-color: #f7f7f7;">Ester Ferré</td>
</tr>
<tr style="height: 53px;">
<td style="width: 18.0005%; height: 53px;"><strong>TEI</strong></td>
<td style="width: 49.8963%; height: 53px; background-color: #f7f7f7;">Mireia Lobera</td>
</tr>
<tr style="height: 53px;">
<td style="width: 18.0005%; height: 53px;"><strong>Suport Infantil</strong></td>
<td style="width: 49.8963%; height: 53px; background-color: #f7f7f7;">Amparo Navarro, Estel Muñoz i Mar Bonet</td>
</tr>
</tbody>
</table>
<p><strong>Educació Primària</strong></p>
<table style="height: 265px; width: 59.2213%; border-collapse: collapse; background-color: #d3e9ed;">
<tbody>
<tr style="height: 53px;">
<td style="width: 18.0005%; height: 53px;"><strong>1r d&#8217;EP</strong></td>
<td style="width: 49.8963%; height: 53px; background-color: #f7f7f7;">Nerea Gagino</td>
</tr>
<tr style="height: 53px;">
<td style="width: 18.0005%; height: 53px;"><strong>2n d&#8217;EP</strong></td>
<td style="width: 49.8963%; height: 53px; background-color: #f7f7f7;">Belén Zaragoza</td>
</tr>
<tr style="height: 53px;">
<td style="width: 18.0005%; height: 53px;"><strong>3r d&#8217;EP</strong></td>
<td style="width: 49.8963%; height: 53px; background-color: #f7f7f7;">Andrea Ruiz</td>
</tr>
<tr style="height: 53px;">
<td style="width: 18.0005%; height: 53px;"><strong>4t d&#8217;EP</strong></td>
<td style="width: 49.8963%; height: 53px; background-color: #f7f7f7;">Siro López</td>
</tr>
<tr style="height: 53px;">
<td style="width: 18.0005%; height: 53px;"><strong>5è d&#8217;EP</strong></td>
<td style="width: 49.8963%; height: 53px; background-color: #f7f7f7;">Sebastià Giné</td>
</tr>
<tr>
<td style="width: 18.0005%;"><strong>6è d&#8217;EP</strong></td>
<td style="width: 49.8963%; background-color: #f7f7f7;">Aleix Clotet</td>
</tr>
</tbody>
</table>
<p><strong>Especialistes</strong></p>
<table style="height: 367px; width: 90.6687%; border-collapse: collapse; background-color: #ffd0a1;">
<tbody>
<tr style="height: 53px;">
<td style="width: 14.5016%; height: 53px;"><strong>Educació Especial</strong></td>
<td style="width: 51.8564%; height: 53px; background-color: #f7f7f7;">Neus Tous</td>
</tr>
<tr>
<td style="width: 14.5016%;"><strong>Anglès</strong></td>
<td style="width: 51.8564%; background-color: #f7f7f7;">Laura Suárez, Lídia Zaragoza, Andrea Ruiz</td>
</tr>
<tr style="height: 53px;">
<td style="width: 14.5016%; height: 53px;"><strong>Música</strong></td>
<td style="width: 51.8564%; height: 53px; background-color: #f7f7f7;">Siro López</td>
</tr>
<tr style="height: 53px;">
<td style="width: 14.5016%; height: 53px;"><strong>Educació Física</strong></td>
<td style="width: 51.8564%; height: 53px; background-color: #f7f7f7;">Carlos Mendoza</td>
</tr>
<tr style="height: 53px;">
<td style="width: 14.5016%; height: 53px;"><strong>Religió</strong></td>
<td style="width: 51.8564%; height: 53px; background-color: #f7f7f7;">Maribel Rodríguez</td>
</tr>
<tr style="height: 53px;">
<td style="width: 14.5016%; height: 53px;"><strong>Aula d&#8217;Acollida</strong></td>
<td style="width: 51.8564%; height: 53px; background-color: #f7f7f7;">Tània López</td>
</tr>
<tr>
<td style="width: 14.5016%;"><strong>Suport Primària</strong></td>
<td style="width: 51.8564%; background-color: #f7f7f7;">Lídia Zaragoza, Celsa Sánchez, Maribel Rodríguez, Ignasi Sánchez</td>
</tr>
<tr>
<td style="width: 14.5016%;"><strong>SIEI</strong></td>
<td style="width: 51.8564%; background-color: #f7f7f7;">Javier Domingo, Lourdes Rodríguez, Sílvia Valle, Adela Sebastián</td>
</tr>
</tbody>
</table>
<p><strong>Coordinacions</strong></p>
<table style="height: 362px; width: 68.038%; border-collapse: collapse; background-color: #f9defa;">
<tbody>
<tr style="height: 53px;">
<td style="width: 10.4837%; height: 53px;"><strong>Educació Infantil</strong></td>
<td style="width: 24.2732%; height: 53px; background-color: #f7f7f7;">Cèlia Ibáñez</td>
</tr>
<tr style="height: 53px;">
<td style="width: 10.4837%; height: 53px;"><strong>Educació Primària</strong></td>
<td style="width: 24.2732%; background-color: #f7f7f7; height: 53px;">Nerea Gagino</td>
</tr>
<tr style="height: 53px;">
<td style="width: 10.4837%; height: 53px;"><strong>Digital</strong></td>
<td style="width: 24.2732%; height: 53px; background-color: #f7f7f7;">Carlos Mendoza</td>
</tr>
<tr style="height: 53px;">
<td style="width: 10.4837%; height: 53px;"><strong>Riscos laborals</strong></td>
<td style="width: 24.2732%; height: 53px; background-color: #f7f7f7;">Tània López</td>
</tr>
<tr style="height: 53px;">
<td style="width: 10.4837%; height: 53px;"><strong>Escola Verda</strong></td>
<td style="width: 24.2732%; height: 53px; background-color: #f7f7f7;">Lourdes Rodríguez</td>
</tr>
<tr style="height: 53px;">
<td style="width: 10.4837%; height: 44px;"><strong>LIC</strong></td>
<td style="width: 24.2732%; height: 44px; background-color: #f7f7f7;">Neus Tous</td>
</tr>
<tr style="height: 53px;">
<td style="width: 10.4837%; height: 53px;"><strong>COCOBE</strong></td>
<td style="width: 24.2732%; background-color: #f7f7f7; height: 53px;">Aleix Clotet</td>
</tr>
</tbody>
</table>
<table style="height: 63px; width: 68.038%; border-collapse: collapse; background-color: #deccd1;">
<tbody>
<tr style="height: 53px;">
<td style="width: 10.4837%; height: 10px;"><strong>Administrativa</strong></td>
<td style="width: 24.2732%; height: 10px; background-color: #f7f7f7;">Olga Palliso</td>
</tr>
<tr style="height: 53px;">
<td style="width: 10.4837%; height: 53px;"><strong>Consergeria</strong></td>
<td style="width: 24.2732%; background-color: #f7f7f7; height: 53px;">Flor Robles</td>
</tr>
<tr>
<td style="width: 10.4837%;"><strong>EAP</strong></td>
<td style="width: 24.2732%; background-color: #f7f7f7;">Vanessa Aranda</td>
</tr>
</tbody>
</table>
<p>&nbsp;</p>

<p>Equip Directiu Directora Adriana Sánchez Cap d’Estudis Ignasi Sánchez Secretaria Laura Suárez Educació Infantil I3 Montse Cancela / Dolors Marco I4 Cèlia Ibáñez I5 Ester Ferré TEI Mireia Lobera Suport Infantil Amparo Navarro, Estel Muñoz i Mar Bonet Educació Primària 1r d&#8217;EP Nerea Gagino 2n d&#8217;EP Belén Zaragoza 3r d&#8217;EP Andrea Ruiz 4t d&#8217;EP Siro [&hellip;]</p>
