{"id":9590,"date":"2022-03-20T00:10:14","date_gmt":"2022-03-19T23:10:14","guid":{"rendered":"https:\/\/agora.xtec.cat\/ceip-santmiquel\/?page_id=9590"},"modified":"2022-03-19T16:41:31","modified_gmt":"2022-03-19T15:41:31","slug":"pindola-familiar-num-67","status":"publish","type":"page","link":"https:\/\/agora.xtec.cat\/ceip-santmiquel\/ampa\/pindoles-familiars\/pindola-familiar-num-67\/","title":{"rendered":"P\u00edndola familiar n\u00fam. 67"},"content":{"rendered":"<div><a href=\"https:\/\/agora.xtec.cat\/ceip-santmiquel\/wp-content\/uploads\/usu1043\/2022\/03\/videojocs.jpeg\"><img loading=\"lazy\" decoding=\"async\" class=\"alignnone wp-image-9591\" src=\"https:\/\/agora.xtec.cat\/ceip-santmiquel\/wp-content\/uploads\/usu1043\/2022\/03\/videojocs.jpeg\" alt=\"\" width=\"452\" height=\"565\" srcset=\"https:\/\/agora.xtec.cat\/ceip-santmiquel\/wp-content\/uploads\/usu1043\/2022\/03\/videojocs.jpeg 640w, https:\/\/agora.xtec.cat\/ceip-santmiquel\/wp-content\/uploads\/usu1043\/2022\/03\/videojocs-240x300.jpeg 240w\" sizes=\"auto, (max-width: 452px) 100vw, 452px\" \/><\/a><\/div>\n<div>\u200bLa p\u00edndola d&#8217;aquest mes \u00e9s aquesta xerrada interessant que t\u00e9 lloc dem\u00e0 passat, 22 de mar\u00e7.<\/div>\n<div>Seguint amb el Pla d&#8217;estrat\u00e8gia digital del centre i amb la voluntat de cr\u00e9ixer digitalment plegats us animen a fer la inscripci\u00f3 telem\u00e0tica i participar-hi.<\/div>\n<div><\/div>\n<div><a href=\"https:\/\/www.llavorsdevincle.org\/activitats\/videojocs-xarxes-socials-i-adolescents-una-combinacio-de-risc\/\">https:\/\/www.llavorsdevincle.org\/activitats\/videojocs-xarxes-socials-i-adolescents-una-combinacio-de-risc\/<\/a><\/div>\n<div><\/div>\n<div>\n<p>Desitgem que sigui del vostre inter\u00e8s!!!<\/p>\n<div><\/div>\n<\/div>\n","protected":false},"excerpt":{"rendered":"<p>\u200bLa p\u00edndola d&#8217;aquest mes \u00e9s aquesta xerrada interessant que t\u00e9 lloc dem\u00e0 passat, 22 de mar\u00e7. Seguint amb el Pla d&#8217;estrat\u00e8gia digital del centre i amb la voluntat de cr\u00e9ixer digitalment plegats us animen a fer la inscripci\u00f3 telem\u00e0tica i participar-hi. https:\/\/www.llavorsdevincle.org\/activitats\/videojocs-xarxes-socials-i-adolescents-una-combinacio-de-risc\/ Desitgem que sigui del vostre inter\u00e8s!!!<\/p>\n","protected":false},"author":1,"featured_media":0,"parent":642,"menu_order":-67,"comment_status":"closed","ping_status":"closed","template":"page-templates\/side-menu.php","meta":{"_bbp_topic_count":0,"_bbp_reply_count":0,"_bbp_total_topic_count":0,"_bbp_total_reply_count":0,"_bbp_voice_count":0,"_bbp_anonymous_reply_count":0,"_bbp_topic_count_hidden":0,"_bbp_reply_count_hidden":0,"_bbp_forum_subforum_count":0,"site-sidebar-layout":"default","site-content-layout":"","ast-site-content-layout":"","site-content-style":"default","site-sidebar-style":"default","ast-global-header-display":"","ast-banner-title-visibility":"","ast-main-header-display":"","ast-hfb-above-header-display":"","ast-hfb-below-header-display":"","ast-hfb-mobile-header-display":"","site-post-title":"","ast-breadcrumbs-content":"","ast-featured-img":"","footer-sml-layout":"","theme-transparent-header-meta":"","adv-header-id-meta":"","stick-header-meta":"","header-above-stick-meta":"","header-main-stick-meta":"","header-below-stick-meta":"","astra-migrate-meta-layouts":"default","ast-page-background-enabled":"default","ast-page-background-meta":{"desktop":{"background-color":"var(--ast-global-color-4)","background-image":"","background-repeat":"repeat","background-position":"center center","background-size":"auto","background-attachment":"scroll","background-type":"","background-media":"","overlay-type":"","overlay-color":"","overlay-opacity":"","overlay-gradient":""},"tablet":{"background-color":"","background-image":"","background-repeat":"repeat","background-position":"center center","background-size":"auto","background-attachment":"scroll","background-type":"","background-media":"","overlay-type":"","overlay-color":"","overlay-opacity":"","overlay-gradient":""},"mobile":{"background-color":"","background-image":"","background-repeat":"repeat","background-position":"center center","background-size":"auto","background-attachment":"scroll","background-type":"","background-media":"","overlay-type":"","overlay-color":"","overlay-opacity":"","overlay-gradient":""}},"ast-content-background-meta":{"desktop":{"background-color":"var(--ast-global-color-5)","background-image":"","background-repeat":"repeat","background-position":"center center","background-size":"auto","background-attachment":"scroll","background-type":"","background-media":"","overlay-type":"","overlay-color":"","overlay-opacity":"","overlay-gradient":""},"tablet":{"background-color":"var(--ast-global-color-5)","background-image":"","background-repeat":"repeat","background-position":"center center","background-size":"auto","background-attachment":"scroll","background-type":"","background-media":"","overlay-type":"","overlay-color":"","overlay-opacity":"","overlay-gradient":""},"mobile":{"background-color":"var(--ast-global-color-5)","background-image":"","background-repeat":"repeat","background-position":"center center","background-size":"auto","background-attachment":"scroll","background-type":"","background-media":"","overlay-type":"","overlay-color":"","overlay-opacity":"","overlay-gradient":""}},"footnotes":""},"class_list":["post-9590","page","type-page","status-publish","hentry"],"post_mailing_queue_ids":[],"_links":{"self":[{"href":"https:\/\/agora.xtec.cat\/ceip-santmiquel\/wp-json\/wp\/v2\/pages\/9590","targetHints":{"allow":["GET"]}}],"collection":[{"href":"https:\/\/agora.xtec.cat\/ceip-santmiquel\/wp-json\/wp\/v2\/pages"}],"about":[{"href":"https:\/\/agora.xtec.cat\/ceip-santmiquel\/wp-json\/wp\/v2\/types\/page"}],"author":[{"embeddable":true,"href":"https:\/\/agora.xtec.cat\/ceip-santmiquel\/wp-json\/wp\/v2\/users\/1"}],"replies":[{"embeddable":true,"href":"https:\/\/agora.xtec.cat\/ceip-santmiquel\/wp-json\/wp\/v2\/comments?post=9590"}],"version-history":[{"count":3,"href":"https:\/\/agora.xtec.cat\/ceip-santmiquel\/wp-json\/wp\/v2\/pages\/9590\/revisions"}],"predecessor-version":[{"id":9594,"href":"https:\/\/agora.xtec.cat\/ceip-santmiquel\/wp-json\/wp\/v2\/pages\/9590\/revisions\/9594"}],"up":[{"embeddable":true,"href":"https:\/\/agora.xtec.cat\/ceip-santmiquel\/wp-json\/wp\/v2\/pages\/642"}],"wp:attachment":[{"href":"https:\/\/agora.xtec.cat\/ceip-santmiquel\/wp-json\/wp\/v2\/media?parent=9590"}],"curies":[{"name":"wp","href":"https:\/\/api.w.org\/{rel}","templated":true}]}}