{"id":13487,"date":"2025-06-20T00:05:33","date_gmt":"2025-06-19T22:05:33","guid":{"rendered":"https:\/\/agora.xtec.cat\/ceip-santmiquel\/?page_id=13487"},"modified":"2025-06-18T06:36:51","modified_gmt":"2025-06-18T04:36:51","slug":"pindola-familiar-num-100","status":"publish","type":"page","link":"https:\/\/agora.xtec.cat\/ceip-santmiquel\/ampa\/pindoles-familiars\/pindola-familiar-num-100\/","title":{"rendered":"P\u00edndola familiar n\u00fam. 100"},"content":{"rendered":"<p>Avui, 20 de juny, puntuals amb la cita mensual us fem arribar la p\u00edndola n\u00fam. 100, la darrera de l\u2019equip directiu actual.<\/p>\n<p>S\u00ed, heu llegit b\u00e9&#8230;100 p\u00edndoles!, a 10 p\u00edndoles per any fa un total de 10 anys! Certament, un n\u00famero rod\u00f3 que fa si no mostrar la voluntat de servei, tant de bo hagin estat aix\u00f2&#8230;un servei a les fam\u00edlies.<\/p>\n<p>Si ho hem aconseguit? No tenim resposta per aquesta pregunta&#8230; la resposta la teniu i sabeu vosaltres!<\/p>\n<p><a href=\"https:\/\/agora.xtec.cat\/ceip-santmiquel\/wp-content\/uploads\/usu1043\/2025\/06\/petit-princep.jpg\"><img loading=\"lazy\" decoding=\"async\" class=\"alignnone wp-image-13488\" src=\"https:\/\/agora.xtec.cat\/ceip-santmiquel\/wp-content\/uploads\/usu1043\/2025\/06\/petit-princep.jpg\" alt=\"\" width=\"586\" height=\"334\" srcset=\"https:\/\/agora.xtec.cat\/ceip-santmiquel\/wp-content\/uploads\/usu1043\/2025\/06\/petit-princep.jpg 896w, https:\/\/agora.xtec.cat\/ceip-santmiquel\/wp-content\/uploads\/usu1043\/2025\/06\/petit-princep-300x171.jpg 300w, https:\/\/agora.xtec.cat\/ceip-santmiquel\/wp-content\/uploads\/usu1043\/2025\/06\/petit-princep-768x438.jpg 768w\" sizes=\"auto, (max-width: 586px) 100vw, 586px\" \/><\/a><\/p>\n<p>Diu la guineu al petit pr\u00edncep: \u201cL\u2019essencial \u00e9s invisible als ulls\u201d, bonica frase, oi? Per\u00f2 moltes vegades en virtut de la fama d\u2019aquesta frase obviem les paraules anteriors de la guineu.<\/p>\n<p>Aquesta, la guineu abans li diu al pr\u00edncep: \u201cNom\u00e9s es veu amb el cor\u201d. Hem volgut veure-hi, fer-ho i posar-hi el cor en l\u2019escrit de cada dia 20 de mes. Ho hem fet amb el desig d\u2019obrir la vista, la ment, de formar-nos tots plegats, de tenir models, de tenir referents, de despertar el vostre esperit cr\u00edtic&#8230;. tot amb la intenci\u00f3 de posar-nos i posar-vos en disposici\u00f3 d\u2019ajudar a aquells\/es que s\u00f3n la ra\u00f3 per estar aqu\u00ed&#8230; els infants de l\u2019escola Sant Miquel.<\/p>\n<p>Gr\u00e0cies per acompanyar-nos\u00a0 durant aquests temps amb les p\u00edndoles familiars.<\/p>\n","protected":false},"excerpt":{"rendered":"<p>Avui, 20 de juny, puntuals amb la cita mensual us fem arribar la p\u00edndola n\u00fam. 100, la darrera de l\u2019equip directiu actual. S\u00ed, heu llegit b\u00e9&#8230;100 p\u00edndoles!, a 10 p\u00edndoles per any fa un total de 10 anys! Certament, un n\u00famero rod\u00f3 que fa si no mostrar la voluntat de servei, tant de bo hagin [&hellip;]<\/p>\n","protected":false},"author":1,"featured_media":0,"parent":642,"menu_order":-100,"comment_status":"closed","ping_status":"closed","template":"page-templates\/side-menu.php","meta":{"_bbp_topic_count":0,"_bbp_reply_count":0,"_bbp_total_topic_count":0,"_bbp_total_reply_count":0,"_bbp_voice_count":0,"_bbp_anonymous_reply_count":0,"_bbp_topic_count_hidden":0,"_bbp_reply_count_hidden":0,"_bbp_forum_subforum_count":0,"site-sidebar-layout":"default","site-content-layout":"","ast-site-content-layout":"","site-content-style":"default","site-sidebar-style":"default","ast-global-header-display":"","ast-banner-title-visibility":"","ast-main-header-display":"","ast-hfb-above-header-display":"","ast-hfb-below-header-display":"","ast-hfb-mobile-header-display":"","site-post-title":"","ast-breadcrumbs-content":"","ast-featured-img":"","footer-sml-layout":"","theme-transparent-header-meta":"","adv-header-id-meta":"","stick-header-meta":"","header-above-stick-meta":"","header-main-stick-meta":"","header-below-stick-meta":"","astra-migrate-meta-layouts":"default","ast-page-background-enabled":"default","ast-page-background-meta":{"desktop":{"background-color":"var(--ast-global-color-4)","background-image":"","background-repeat":"repeat","background-position":"center center","background-size":"auto","background-attachment":"scroll","background-type":"","background-media":"","overlay-type":"","overlay-color":"","overlay-opacity":"","overlay-gradient":""},"tablet":{"background-color":"","background-image":"","background-repeat":"repeat","background-position":"center center","background-size":"auto","background-attachment":"scroll","background-type":"","background-media":"","overlay-type":"","overlay-color":"","overlay-opacity":"","overlay-gradient":""},"mobile":{"background-color":"","background-image":"","background-repeat":"repeat","background-position":"center center","background-size":"auto","background-attachment":"scroll","background-type":"","background-media":"","overlay-type":"","overlay-color":"","overlay-opacity":"","overlay-gradient":""}},"ast-content-background-meta":{"desktop":{"background-color":"var(--ast-global-color-5)","background-image":"","background-repeat":"repeat","background-position":"center center","background-size":"auto","background-attachment":"scroll","background-type":"","background-media":"","overlay-type":"","overlay-color":"","overlay-opacity":"","overlay-gradient":""},"tablet":{"background-color":"var(--ast-global-color-5)","background-image":"","background-repeat":"repeat","background-position":"center center","background-size":"auto","background-attachment":"scroll","background-type":"","background-media":"","overlay-type":"","overlay-color":"","overlay-opacity":"","overlay-gradient":""},"mobile":{"background-color":"var(--ast-global-color-5)","background-image":"","background-repeat":"repeat","background-position":"center center","background-size":"auto","background-attachment":"scroll","background-type":"","background-media":"","overlay-type":"","overlay-color":"","overlay-opacity":"","overlay-gradient":""}},"footnotes":""},"class_list":["post-13487","page","type-page","status-publish","hentry"],"post_mailing_queue_ids":[],"_links":{"self":[{"href":"https:\/\/agora.xtec.cat\/ceip-santmiquel\/wp-json\/wp\/v2\/pages\/13487","targetHints":{"allow":["GET"]}}],"collection":[{"href":"https:\/\/agora.xtec.cat\/ceip-santmiquel\/wp-json\/wp\/v2\/pages"}],"about":[{"href":"https:\/\/agora.xtec.cat\/ceip-santmiquel\/wp-json\/wp\/v2\/types\/page"}],"author":[{"embeddable":true,"href":"https:\/\/agora.xtec.cat\/ceip-santmiquel\/wp-json\/wp\/v2\/users\/1"}],"replies":[{"embeddable":true,"href":"https:\/\/agora.xtec.cat\/ceip-santmiquel\/wp-json\/wp\/v2\/comments?post=13487"}],"version-history":[{"count":2,"href":"https:\/\/agora.xtec.cat\/ceip-santmiquel\/wp-json\/wp\/v2\/pages\/13487\/revisions"}],"predecessor-version":[{"id":13490,"href":"https:\/\/agora.xtec.cat\/ceip-santmiquel\/wp-json\/wp\/v2\/pages\/13487\/revisions\/13490"}],"up":[{"embeddable":true,"href":"https:\/\/agora.xtec.cat\/ceip-santmiquel\/wp-json\/wp\/v2\/pages\/642"}],"wp:attachment":[{"href":"https:\/\/agora.xtec.cat\/ceip-santmiquel\/wp-json\/wp\/v2\/media?parent=13487"}],"curies":[{"name":"wp","href":"https:\/\/api.w.org\/{rel}","templated":true}]}}