{"id":481,"date":"2017-07-31T19:05:16","date_gmt":"2017-07-31T17:05:16","guid":{"rendered":"http:\/\/agora.xtec.cat\/ceip-santjordi-svhorts\/?page_id=481"},"modified":"2020-02-23T17:39:28","modified_gmt":"2020-02-23T16:39:28","slug":"festes","status":"publish","type":"page","link":"https:\/\/agora.xtec.cat\/ceip-santjordi-svhorts\/lescola\/festes\/","title":{"rendered":"Festes"},"content":{"rendered":"<p><span style=\"font-weight: bold; color: #000000;\">A l&#8217;Escola la paraula festa vol dir treballar, compartir, col.laborar; vol dir agrupaments diversificats per cicles; vol dir conviv\u00e8ncia; vol dir col.laborar amb les fam\u00edlies.<\/span><br style=\"font-weight: bold; color: #000000;\" \/><span style=\"font-weight: bold; color: #000000;\">Tamb\u00e9 englobem en l&#8217;\u00e0mbit de les festes i tradicions el conjunt d&#8217;activitats\u00a0pedag\u00f2giques que serveixin per sensibilitzar i potenciar aspectes clau del nostre projecte educatiu.<\/span><br style=\"font-weight: bold; color: #000000;\" \/><span style=\"color: #000000;\"><span style=\"font-weight: bold;\">A l&#8217;escola celebrem diferents festes: Castanyada, Nadal, Carnaval, Sant Jordi , Fi de curs i d&#8217;altres que tenen a veure amb les tradicions.<\/span><\/span><\/p>\n<p><strong><span style=\"color: #800080;\">CARNAVAL 2020<\/span><\/strong><\/p>\n<p>&nbsp;<\/p>\n<p><a href=\"https:\/\/agora.xtec.cat\/ceip-santjordi-svhorts\/wp-content\/uploads\/usu129\/2020\/02\/pORTADA_CARNAVAL_2020.png\"><img loading=\"lazy\" decoding=\"async\" class=\"aligncenter size-full wp-image-1237\" src=\"https:\/\/agora.xtec.cat\/ceip-santjordi-svhorts\/wp-content\/uploads\/usu129\/2020\/02\/pORTADA_CARNAVAL_2020.png\" alt=\"\" width=\"323\" height=\"235\" srcset=\"https:\/\/agora.xtec.cat\/ceip-santjordi-svhorts\/wp-content\/uploads\/usu129\/2020\/02\/pORTADA_CARNAVAL_2020.png 323w, https:\/\/agora.xtec.cat\/ceip-santjordi-svhorts\/wp-content\/uploads\/usu129\/2020\/02\/pORTADA_CARNAVAL_2020-300x218.png 300w\" sizes=\"auto, (max-width: 323px) 100vw, 323px\" \/><\/a><\/p>\n<p>&nbsp;<\/p>\n<p><a href=\"https:\/\/photos.app.goo.gl\/ek2ZoCcZxTo3FL1Y6\">Tallers de Carnaval<\/a><\/p>\n<p><a href=\"https:\/\/photos.app.goo.gl\/ftLXN3YubECNoELv8\">Fotos de grup<\/a><\/p>\n<p><a href=\"https:\/\/photos.app.goo.gl\/6REB8KNb9ghZBhyh6\">Desfilada i rua<\/a><\/p>\n<p>&nbsp;<\/p>\n<p><strong><span style=\"color: #993366;\">COL\u00d2NIES TORREFERRANA 2019<\/span><\/strong><\/p>\n<p style=\"text-align: center;\"><a href=\"https:\/\/agora.xtec.cat\/ceip-santjordi-svhorts\/wp-content\/uploads\/usu129\/2019\/04\/Torreferrana.jpg\"><img loading=\"lazy\" decoding=\"async\" class=\"size-full wp-image-1060 alignleft\" src=\"https:\/\/agora.xtec.cat\/ceip-santjordi-svhorts\/wp-content\/uploads\/usu129\/2019\/04\/Torreferrana.jpg\" alt=\"\" width=\"257\" height=\"196\" \/><\/a><\/p>\n<p>&nbsp;<\/p>\n<p>&nbsp;<\/p>\n<p>&nbsp;<\/p>\n<p>&nbsp;<\/p>\n<p>&nbsp;<\/p>\n<p style=\"text-align: left;\">PODEU VEURE LES <a href=\"https:\/\/photos.app.goo.gl\/PyZewfk4WkuC1MRT9\">FOTOS AQU\u00cd<\/a><\/p>\n<p><strong><span style=\"color: #993366;\">SANT JORDI 2019<\/span><\/strong><\/p>\n<p>&nbsp;<\/p>\n<p><strong><span style=\"color: #993366;\">CARNAVAL 2019: CI\u00c8NCIA FICCI\u00d3<\/span><\/strong><\/p>\n<p>El dilluns va comen\u00e7ar la setmana boja de Carnaval de l&#8217;Escola Sant Jordi. A la p\u00e0gina de festes de la web anirem penjant les imatges de cada dia perqu\u00e8 aneu fent seguiment. Per comen\u00e7ar aqu\u00ed us deixem les instant\u00e0nies del preg\u00f3.<\/p>\n<p><a href=\"https:\/\/photos.app.goo.gl\/DN6bzn2ED2Brvyd68\">Fotos Preg\u00f3 2019<\/a><\/p>\n<p><a href=\"https:\/\/photos.app.goo.gl\/CBi84zkkgY2xFQ6z8\">1a Consigna: Porta un peluix.<\/a><\/p>\n<p><a href=\"https:\/\/photos.app.goo.gl\/gzS5cncmjBLrFQn7A\">2a Consigna: Complement de superheroi.<\/a><\/p>\n<p><a href=\"https:\/\/photos.app.goo.gl\/KHy9jqMDL1h9MAHd9\">3a Consigna: Pijama<\/a><\/p>\n<p>El divendres dia 1 de mar\u00e7 ha estat un dia molt especial i desitjat per tota la Comunitat Educativa de l&#8217;escola Sant Jordi ja que celebravem el dia de Carnaval.<\/p>\n<p>Durant el mat\u00ed es van realitzar tallers de manualitats .<\/p>\n<p>A la tarda ens vam endinsar en el m\u00f3n de la Ci\u00e8ncia ficci\u00f3 amb una desfilada i la rua pel poble.<\/p>\n<p>Moltes gr\u00e0cies a les fam\u00edlies que ens han ajudat a que aquest Carnaval hagi estat tot un \u00e8xit.<\/p>\n<p>I com diu la can\u00e7\u00f3 que vam ballar tots plegats: <strong>Viu intensament segur que tens talent en tot el que vulguis ser , confia en tu mateix&#8230;<\/strong><\/p>\n<p>Aqu\u00ed us deixem les fotos de tot el dia.<\/p>\n<p><a href=\"https:\/\/photos.app.goo.gl\/7gAusrJkcmjZ9JdF6\">Tallers de Carnaval<\/a><\/p>\n<p><a href=\"https:\/\/photos.app.goo.gl\/kL8tHuaLafLEZqN57\">Fotos grup<\/a><\/p>\n<p><a href=\"https:\/\/photos.app.goo.gl\/FoHGCrikzTmRZQtQ8\">Rua Carnaval<\/a><\/p>\n<p>&nbsp;<\/p>\n<p><strong><span style=\"color: #993366;\">NADAL 2018<\/span><\/strong><\/p>\n<p>Dins de les diferents activitats de Nadal i de final de trimestre, el dia 19 de desembre els alumnes de l&#8217;escola Sant Jordi van realitzar tallers d&#8217;Educaci\u00f3 Visual i Pl\u00e0stica amb l&#8217;ajut de les fam\u00edlies.<\/p>\n<p>Mireu el resultat!!!<\/p>\n<p><a href=\"https:\/\/photos.app.goo.gl\/Y2kkV5hZAeCGJfrv6\">FOTOS<\/a><\/p>\n<p>CONCERT<\/p>\n<p>El 21 de desembre es va realitzar a l&#8217;Escola Sant Jordi el tradicional concert de Nadal.<\/p>\n<p>Aqu\u00ed us deixem una mostra de v\u00eddeos i fotografies de darrer dia del trimestre.<\/p>\n<p><a href=\"https:\/\/photos.app.goo.gl\/cwE2TyK5NXbaEXo1A\">FOTOS<\/a><\/p>\n<p><iframe loading=\"lazy\" src=\"https:\/\/www.youtube.com\/embed\/zT90KQyVpd8\" width=\"560\" height=\"315\" frameborder=\"0\" allowfullscreen=\"allowfullscreen\" data-mce-fragment=\"1\"><\/iframe><\/p>\n<p><iframe loading=\"lazy\" src=\"https:\/\/www.youtube.com\/embed\/xj6z5cuDzXU\" width=\"560\" height=\"315\" frameborder=\"0\" allowfullscreen=\"allowfullscreen\" data-mce-fragment=\"1\"><\/iframe><\/p>\n<p><iframe loading=\"lazy\" src=\"https:\/\/www.youtube.com\/embed\/GfS4KxGaKHc\" width=\"560\" height=\"315\" frameborder=\"0\" allowfullscreen=\"allowfullscreen\" data-mce-fragment=\"1\"><\/iframe><\/p>\n<p><iframe loading=\"lazy\" src=\"https:\/\/www.youtube.com\/embed\/diU-SxdTh_Q\" width=\"560\" height=\"315\" frameborder=\"0\" allowfullscreen=\"allowfullscreen\" data-mce-fragment=\"1\"><\/iframe><\/p>\n<p><iframe loading=\"lazy\" src=\"https:\/\/www.youtube.com\/embed\/9o-g3V_bvIo\" width=\"560\" height=\"315\" frameborder=\"0\" allowfullscreen=\"allowfullscreen\" data-mce-fragment=\"1\"><\/iframe><\/p>\n<p>&nbsp;<\/p>\n","protected":false},"excerpt":{"rendered":"<p>A l&#8217;Escola la paraula festa vol dir treballar, compartir, col.laborar; vol dir agrupaments diversificats per cicles; vol dir conviv\u00e8ncia; vol dir col.laborar amb les fam\u00edlies.Tamb\u00e9 englobem en l&#8217;\u00e0mbit de les festes i tradicions el conjunt d&#8217;activitats\u00a0pedag\u00f2giques que serveixin per sensibilitzar i potenciar aspectes clau del&hellip;  <a href=\"https:\/\/agora.xtec.cat\/ceip-santjordi-svhorts\/lescola\/festes\/\" title=\"Read Festes\">Llegeix m\u00e9s\u00bb<\/a><\/p>\n","protected":false},"author":1,"featured_media":0,"parent":22,"menu_order":4,"comment_status":"closed","ping_status":"closed","template":"page-templates\/side-menu.php","meta":{"_bbp_topic_count":0,"_bbp_reply_count":0,"_bbp_total_topic_count":0,"_bbp_total_reply_count":0,"_bbp_voice_count":0,"_bbp_anonymous_reply_count":0,"_bbp_topic_count_hidden":0,"_bbp_reply_count_hidden":0,"_bbp_forum_subforum_count":0,"footnotes":""},"class_list":["post-481","page","type-page","status-publish","hentry"],"post_mailing_queue_ids":[],"_links":{"self":[{"href":"https:\/\/agora.xtec.cat\/ceip-santjordi-svhorts\/wp-json\/wp\/v2\/pages\/481","targetHints":{"allow":["GET"]}}],"collection":[{"href":"https:\/\/agora.xtec.cat\/ceip-santjordi-svhorts\/wp-json\/wp\/v2\/pages"}],"about":[{"href":"https:\/\/agora.xtec.cat\/ceip-santjordi-svhorts\/wp-json\/wp\/v2\/types\/page"}],"author":[{"embeddable":true,"href":"https:\/\/agora.xtec.cat\/ceip-santjordi-svhorts\/wp-json\/wp\/v2\/users\/1"}],"replies":[{"embeddable":true,"href":"https:\/\/agora.xtec.cat\/ceip-santjordi-svhorts\/wp-json\/wp\/v2\/comments?post=481"}],"version-history":[{"count":3,"href":"https:\/\/agora.xtec.cat\/ceip-santjordi-svhorts\/wp-json\/wp\/v2\/pages\/481\/revisions"}],"predecessor-version":[{"id":1239,"href":"https:\/\/agora.xtec.cat\/ceip-santjordi-svhorts\/wp-json\/wp\/v2\/pages\/481\/revisions\/1239"}],"up":[{"embeddable":true,"href":"https:\/\/agora.xtec.cat\/ceip-santjordi-svhorts\/wp-json\/wp\/v2\/pages\/22"}],"wp:attachment":[{"href":"https:\/\/agora.xtec.cat\/ceip-santjordi-svhorts\/wp-json\/wp\/v2\/media?parent=481"}],"curies":[{"name":"wp","href":"https:\/\/api.w.org\/{rel}","templated":true}]}}