{"id":2602,"date":"2024-03-19T18:37:58","date_gmt":"2024-03-19T17:37:58","guid":{"rendered":"https:\/\/agora.xtec.cat\/ceip-santjordi-svhorts\/?page_id=2602"},"modified":"2024-03-20T10:14:48","modified_gmt":"2024-03-20T09:14:48","slug":"colonies-a-la-marinada","status":"publish","type":"page","link":"https:\/\/agora.xtec.cat\/ceip-santjordi-svhorts\/colonies-a-la-marinada\/","title":{"rendered":"COL\u00d2NIES A LA MARINADA"},"content":{"rendered":"<p><img loading=\"lazy\" decoding=\"async\" class=\"aligncenter size-full wp-image-2603\" src=\"https:\/\/agora.xtec.cat\/ceip-santjordi-svhorts\/wp-content\/uploads\/usu129\/2024\/03\/La-Marinada.png\" alt=\"\" width=\"350\" height=\"188\" srcset=\"https:\/\/agora.xtec.cat\/ceip-santjordi-svhorts\/wp-content\/uploads\/usu129\/2024\/03\/La-Marinada.png 350w, https:\/\/agora.xtec.cat\/ceip-santjordi-svhorts\/wp-content\/uploads\/usu129\/2024\/03\/La-Marinada-300x161.png 300w\" sizes=\"auto, (max-width: 350px) 100vw, 350px\" \/><\/p>\n<p>&nbsp;<\/p>\n<p>Avui els alumnes i les alumnas de Prim\u00e0ria de l&#8217;Escola Sant Jordi han marxat de col\u00f2nies a la Marinada a la poblaci\u00f3 de Cambrils, el dijous marxaran l&#8217;alumnat d&#8217;Educaci\u00f3 Infantil.<\/p>\n<p>Tenen tres dies o dos dies per davant per gaudir de les activitats i de l&#8217;entorn natural al voltant de la casa.<\/p>\n<p>Podeu fer el seguiment de les activitats amb les fotos que anirem penjant en aquesta p\u00e0gina.<\/p>\n<p>&nbsp;<\/p>\n<p><strong><span style=\"color: #800080;\">1r dia 20 de maig<\/span><\/strong><\/p>\n<p><a href=\"https:\/\/drive.google.com\/drive\/folders\/1rlneLRN6J-FAL_69TffuK4JpL0AyydYq?usp=sharing\">PRIM\u00c0RIA<\/a><\/p>\n<p><strong><span style=\"color: #800080;\">2n dia 21 de maig<\/span><\/strong><\/p>\n<p><a href=\"https:\/\/drive.google.com\/drive\/folders\/1mwr9de2KKGrl4L0WVQ-AHSQhJhuAmIyJ?usp=sharing\">PRIM\u00c0RIA<\/a><\/p>\n<p><a href=\"https:\/\/drive.google.com\/drive\/folders\/1tPtpJUdb6_AbostU5j0B_suAkeA8In6O?usp=sharing\">INFANTIL<\/a><\/p>\n<p><strong><span style=\"color: #800080;\">3r dia 21 de maig<\/span><\/strong><\/p>\n<p><a href=\"https:\/\/drive.google.com\/drive\/folders\/1uWq5P5qzSSo0mYvS4iPH-HLMbMxl2CQN?usp=sharing\">PRIM\u00c0RIA<\/a><\/p>\n<p><a href=\"https:\/\/drive.google.com\/drive\/folders\/15Cc1GVh_OYhXaSwBm02x6AZXkhyrH3Gp?usp=sharing\">INFANTIL<\/a><\/p>\n","protected":false},"excerpt":{"rendered":"<p>&nbsp;<br \/>\nAvui els alumnes i les alumnas de Prim\u00e0ria de l&#8217;Escola Sant Jordi han marxat de col\u00f2nies a la Marinada a la poblaci\u00f3 de Cambrils, el dijous marxaran l&#8217;alumnat d&#8217;Educaci\u00f3 Infantil.<br \/>\nTenen tres dies o dos dies per davant per gaudir de les activitats i de l&#8217;entorn&hellip;  <a href=\"https:\/\/agora.xtec.cat\/ceip-santjordi-svhorts\/colonies-a-la-marinada\/\" title=\"Read COL\u00d2NIES A LA MARINADA\">Llegeix m\u00e9s\u00bb<\/a><\/p>\n","protected":false},"author":1,"featured_media":0,"parent":0,"menu_order":0,"comment_status":"closed","ping_status":"closed","template":"","meta":{"_bbp_topic_count":0,"_bbp_reply_count":0,"_bbp_total_topic_count":0,"_bbp_total_reply_count":0,"_bbp_voice_count":0,"_bbp_anonymous_reply_count":0,"_bbp_topic_count_hidden":0,"_bbp_reply_count_hidden":0,"_bbp_forum_subforum_count":0,"footnotes":""},"class_list":["post-2602","page","type-page","status-publish","hentry"],"post_mailing_queue_ids":[],"_links":{"self":[{"href":"https:\/\/agora.xtec.cat\/ceip-santjordi-svhorts\/wp-json\/wp\/v2\/pages\/2602","targetHints":{"allow":["GET"]}}],"collection":[{"href":"https:\/\/agora.xtec.cat\/ceip-santjordi-svhorts\/wp-json\/wp\/v2\/pages"}],"about":[{"href":"https:\/\/agora.xtec.cat\/ceip-santjordi-svhorts\/wp-json\/wp\/v2\/types\/page"}],"author":[{"embeddable":true,"href":"https:\/\/agora.xtec.cat\/ceip-santjordi-svhorts\/wp-json\/wp\/v2\/users\/1"}],"replies":[{"embeddable":true,"href":"https:\/\/agora.xtec.cat\/ceip-santjordi-svhorts\/wp-json\/wp\/v2\/comments?post=2602"}],"version-history":[{"count":4,"href":"https:\/\/agora.xtec.cat\/ceip-santjordi-svhorts\/wp-json\/wp\/v2\/pages\/2602\/revisions"}],"predecessor-version":[{"id":2611,"href":"https:\/\/agora.xtec.cat\/ceip-santjordi-svhorts\/wp-json\/wp\/v2\/pages\/2602\/revisions\/2611"}],"wp:attachment":[{"href":"https:\/\/agora.xtec.cat\/ceip-santjordi-svhorts\/wp-json\/wp\/v2\/media?parent=2602"}],"curies":[{"name":"wp","href":"https:\/\/api.w.org\/{rel}","templated":true}]}}