{"id":26,"date":"2014-09-18T12:24:32","date_gmt":"2014-09-18T11:24:32","guid":{"rendered":"http:\/\/agora.xtec.cat\/ceip-santjordi-montmelo\/?page_id=26"},"modified":"2025-06-26T13:02:31","modified_gmt":"2025-06-26T11:02:31","slug":"historia","status":"publish","type":"page","link":"https:\/\/agora.xtec.cat\/ceip-santjordi-montmelo\/lescola\/historia\/","title":{"rendered":"Hist\u00f2ria"},"content":{"rendered":"<p data-start=\"42\" data-end=\"118\"><span class=\"relative -mx-px my-[-0.2rem] rounded px-px py-[0.2rem] transition-colors duration-100 ease-in-out\">L\u2019Escola Sant Jordi de Montmel\u00f3 obre les seves portes el 1975, situada al centre del poble de Montmel\u00f3, i dep\u00e8n del Departament d\u2019Educaci\u00f3 com a centre p\u00fablic d\u2019Infantil i Prim\u00e0ria.<\/span><\/p>\n<p data-start=\"120\" data-end=\"196\"><span class=\"relative -mx-px my-[-0.2rem] rounded px-px py-[0.2rem] transition-colors duration-100 ease-in-out\">A finals dels anys 80 (curs 1982\u201183) va recuperar l\u2019ensenyament EGB i es va consolidar com a CEIP Sant Jordi. En aquella \u00e8poca, l\u2019escola es distribu\u00efa entre dos edificis, el nou i l\u2019antic, refor\u00e7ant les seves instal\u00b7lacions i capacitat.<\/span><\/p>\n<p data-start=\"198\" data-end=\"235\"><span class=\"relative -mx-px my-[-0.2rem] rounded px-px py-[0.2rem] transition-colors duration-100 ease-in-out\">Durant d\u00e8cades, el centre ha anat adaptant-se a les necessitats pedag\u00f2giques i educatives, incorporant projectes innovadors i tecnol\u00f2gics. La implicaci\u00f3 amb la comunitat i les fam\u00edlies ha estat constant, amb activitats com portes obertes, festes populars i una forta pres\u00e8ncia al poble.<\/span><\/p>\n<p data-start=\"237\" data-end=\"313\"><span class=\"relative -mx-px my-[-0.2rem] rounded px-px py-[0.2rem] transition-colors duration-100 ease-in-out\">Aquest 2025 l\u2019escola celebra el seu 50\u1d49 aniversari amb un seguit d\u2019actes i festes programades\u2014elements que s\u2019han publicat a les seves xarxes socials i estan convidant a les fam\u00edlies a participar-hi activament.<\/span><\/p>\n<p><iframe loading=\"lazy\" title=\"50 anys de l&#039;Escola Sant Jordi de Montmel\u00f3 - Escola Sant Jordi (Montmel\u00f3)\" width=\"500\" height=\"281\" src=\"https:\/\/www.youtube.com\/embed\/Oz5sYJNpN_A?feature=oembed\" frameborder=\"0\" allow=\"accelerometer; autoplay; clipboard-write; encrypted-media; gyroscope; picture-in-picture; web-share\" referrerpolicy=\"strict-origin-when-cross-origin\" allowfullscreen><\/iframe><\/p>\n<p><iframe loading=\"lazy\" title=\"50 anys d\u2019hist\u00f2ria, records i retrobaments a l\u2019escola Sant Jordi de Montmel\u00f3\" width=\"500\" height=\"281\" src=\"https:\/\/www.youtube.com\/embed\/uThwh7w6tHs?feature=oembed\" frameborder=\"0\" allow=\"accelerometer; autoplay; clipboard-write; encrypted-media; gyroscope; picture-in-picture; web-share\" referrerpolicy=\"strict-origin-when-cross-origin\" allowfullscreen><\/iframe><\/p>\n","protected":false},"excerpt":{"rendered":"<p>L\u2019Escola Sant Jordi de Montmel\u00f3 obre les seves portes el 1975, situada al centre del poble de Montmel\u00f3, i dep\u00e8n del Departament d\u2019Educaci\u00f3 com a centre p\u00fablic d\u2019Infantil i Prim\u00e0ria.<br \/>\nA finals dels anys 80 (curs 1982\u201183) va recuperar l\u2019ensenyament EGB i es va consolidar com&hellip;  <a href=\"https:\/\/agora.xtec.cat\/ceip-santjordi-montmelo\/lescola\/historia\/\" title=\"Read Hist\u00f2ria\">Llegeix m\u00e9s\u00bb<\/a><\/p>\n","protected":false},"author":1,"featured_media":0,"parent":22,"menu_order":20,"comment_status":"closed","ping_status":"closed","template":"page-templates\/side-menu.php","meta":{"_bbp_topic_count":0,"_bbp_reply_count":0,"_bbp_total_topic_count":0,"_bbp_total_reply_count":0,"_bbp_voice_count":0,"_bbp_anonymous_reply_count":0,"_bbp_topic_count_hidden":0,"_bbp_reply_count_hidden":0,"_bbp_forum_subforum_count":0,"footnotes":""},"class_list":["post-26","page","type-page","status-publish","hentry"],"post_mailing_queue_ids":[],"_links":{"self":[{"href":"https:\/\/agora.xtec.cat\/ceip-santjordi-montmelo\/wp-json\/wp\/v2\/pages\/26","targetHints":{"allow":["GET"]}}],"collection":[{"href":"https:\/\/agora.xtec.cat\/ceip-santjordi-montmelo\/wp-json\/wp\/v2\/pages"}],"about":[{"href":"https:\/\/agora.xtec.cat\/ceip-santjordi-montmelo\/wp-json\/wp\/v2\/types\/page"}],"author":[{"embeddable":true,"href":"https:\/\/agora.xtec.cat\/ceip-santjordi-montmelo\/wp-json\/wp\/v2\/users\/1"}],"replies":[{"embeddable":true,"href":"https:\/\/agora.xtec.cat\/ceip-santjordi-montmelo\/wp-json\/wp\/v2\/comments?post=26"}],"version-history":[{"count":4,"href":"https:\/\/agora.xtec.cat\/ceip-santjordi-montmelo\/wp-json\/wp\/v2\/pages\/26\/revisions"}],"predecessor-version":[{"id":3683,"href":"https:\/\/agora.xtec.cat\/ceip-santjordi-montmelo\/wp-json\/wp\/v2\/pages\/26\/revisions\/3683"}],"up":[{"embeddable":true,"href":"https:\/\/agora.xtec.cat\/ceip-santjordi-montmelo\/wp-json\/wp\/v2\/pages\/22"}],"wp:attachment":[{"href":"https:\/\/agora.xtec.cat\/ceip-santjordi-montmelo\/wp-json\/wp\/v2\/media?parent=26"}],"curies":[{"name":"wp","href":"https:\/\/api.w.org\/{rel}","templated":true}]}}