{"id":24,"date":"2014-09-18T12:23:15","date_gmt":"2014-09-18T11:23:15","guid":{"rendered":"http:\/\/agora.xtec.cat\/ceip-santjordi-montmelo\/?page_id=24"},"modified":"2021-04-12T11:40:14","modified_gmt":"2021-04-12T09:40:14","slug":"on-som","status":"publish","type":"page","link":"https:\/\/agora.xtec.cat\/ceip-santjordi-montmelo\/lescola\/on-som\/","title":{"rendered":"On som"},"content":{"rendered":"<p style=\"color: #666666;\"><strong>Escola Sant Jordi<\/strong><br \/>\nPelai, 10<br \/>\n08160 Montmel\u00f3<\/p>\n<p>Tel. 935681940\/644748989<\/p>\n<p>a8022045@xtec.cat<\/p>\n<div class=\"mapouter\">\n<div class=\"gmap_canvas\"><iframe loading=\"lazy\" src=\"https:\/\/maps.google.com\/maps?q=escola%20sant%20jordi%20montmelo&amp;t=&amp;z=17&amp;ie=UTF8&amp;iwloc=&amp;output=embed\" width=\"548\" height=\"472\" frameborder=\"0\" data-mce-fragment=\"1\"><\/iframe><\/div>\n<div class=\"gmap_canvas\"><\/div>\n<\/div>\n<p><strong>Com arribar-hi:<\/strong><\/p>\n<p><strong>Tren:<\/strong> Estaci\u00f3 Montmel\u00f3 L2. L\u00ednies R2, R2N i R8.<br \/>\n<strong>Bus: <\/strong>Sagal\u00e9s <a href=\"https:\/\/moovitapp.com\/barcelona-362\/lines\/375\/620925\/2499274\/es?ref=1&amp;poiType=site&amp;customerId=4908\" data-automation=\"line-in-faq-answer\">375<\/a>,\u00a0<a href=\"https:\/\/moovitapp.com\/barcelona-362\/lines\/416\/542585\/2092953\/es?ref=1&amp;poiType=site&amp;customerId=4908\" data-automation=\"line-in-faq-answer\">416<\/a><\/p>\n<p>&nbsp;<\/p>\n","protected":false},"excerpt":{"rendered":"<p>Escola Sant Jordi<br \/>\nPelai, 10<br \/>\n08160 Montmel\u00f3<br \/>\nTel. 935681940\/644748989<br \/>\na8022045@xtec.cat<\/p>\n<p>Com arribar-hi:<br \/>\nTren: Estaci\u00f3 Montmel\u00f3 L2. L\u00ednies R2, R2N i R8.<br \/>\nBus: Sagal\u00e9s <a href=\"https:\/\/moovitapp.com\/barcelona-362\/lines\/375\/620925\/2499274\/es?ref=1&amp;poiType=site&amp;customerId=4908\" data-automation=\"line-in-faq-answer\">375<\/a>,\u00a0<a href=\"https:\/\/moovitapp.com\/barcelona-362\/lines\/416\/542585\/2092953\/es?ref=1&amp;poiType=site&amp;customerId=4908\" data-automation=\"line-in-faq-answer\">416<\/a><br \/>\n&nbsp;<\/p>\n","protected":false},"author":1,"featured_media":0,"parent":22,"menu_order":10,"comment_status":"closed","ping_status":"closed","template":"page-templates\/side-menu.php","meta":{"_bbp_topic_count":0,"_bbp_reply_count":0,"_bbp_total_topic_count":0,"_bbp_total_reply_count":0,"_bbp_voice_count":0,"_bbp_anonymous_reply_count":0,"_bbp_topic_count_hidden":0,"_bbp_reply_count_hidden":0,"_bbp_forum_subforum_count":0,"footnotes":""},"class_list":["post-24","page","type-page","status-publish","hentry"],"post_mailing_queue_ids":[],"_links":{"self":[{"href":"https:\/\/agora.xtec.cat\/ceip-santjordi-montmelo\/wp-json\/wp\/v2\/pages\/24","targetHints":{"allow":["GET"]}}],"collection":[{"href":"https:\/\/agora.xtec.cat\/ceip-santjordi-montmelo\/wp-json\/wp\/v2\/pages"}],"about":[{"href":"https:\/\/agora.xtec.cat\/ceip-santjordi-montmelo\/wp-json\/wp\/v2\/types\/page"}],"author":[{"embeddable":true,"href":"https:\/\/agora.xtec.cat\/ceip-santjordi-montmelo\/wp-json\/wp\/v2\/users\/1"}],"replies":[{"embeddable":true,"href":"https:\/\/agora.xtec.cat\/ceip-santjordi-montmelo\/wp-json\/wp\/v2\/comments?post=24"}],"version-history":[{"count":4,"href":"https:\/\/agora.xtec.cat\/ceip-santjordi-montmelo\/wp-json\/wp\/v2\/pages\/24\/revisions"}],"predecessor-version":[{"id":2413,"href":"https:\/\/agora.xtec.cat\/ceip-santjordi-montmelo\/wp-json\/wp\/v2\/pages\/24\/revisions\/2413"}],"up":[{"embeddable":true,"href":"https:\/\/agora.xtec.cat\/ceip-santjordi-montmelo\/wp-json\/wp\/v2\/pages\/22"}],"wp:attachment":[{"href":"https:\/\/agora.xtec.cat\/ceip-santjordi-montmelo\/wp-json\/wp\/v2\/media?parent=24"}],"curies":[{"name":"wp","href":"https:\/\/api.w.org\/{rel}","templated":true}]}}