{"id":30466,"date":"2022-05-12T14:06:31","date_gmt":"2022-05-12T12:06:31","guid":{"rendered":"https:\/\/agora.xtec.cat\/ceip-santjordi-lleida\/?page_id=30466"},"modified":"2024-01-11T13:50:34","modified_gmt":"2024-01-11T12:50:34","slug":"pla-dacollida-digital","status":"publish","type":"page","link":"https:\/\/agora.xtec.cat\/ceip-santjordi-lleida\/estrategia-digital-de-centre\/cultura-digital\/pla-dacollida-digital\/","title":{"rendered":"Pla d&#8217;acollida digital"},"content":{"rendered":"<p>La posta en marxa de la nostra estrat\u00e8gia digital, fa necessari arribar a acords envers l&#8217;acolliment digital que hem de dur a terme amb fam\u00edlies, alumnat i professorat. Per aquesta ra\u00f3 estem treballant en l&#8217;elaboraci\u00f3 dels protocols corresponents.<\/p>\n<p><a href=\"https:\/\/view.genial.ly\/62bb3eb52b55a300185151d9\/interactive-content-lista-pizarra\" target=\"_blank\" rel=\"noopener\">PLA D&#8217;ACOLLIDA DE LES FAM\u00cdLIES<\/a><\/p>\n<p><a href=\"https:\/\/view.genial.ly\/62bb3eb52b55a300185151d9\/interactive-content-lista-pizarra\" target=\"_blank\" rel=\"noopener\">PLA D&#8217;ACOLLIDA DE L&#8217;ALUMNAT<\/a><\/p>\n<p><a href=\"https:\/\/view.genial.ly\/62bb3eb52b55a300185151d9\/interactive-content-lista-pizarra\" target=\"_blank\" rel=\"noopener\">PLA D&#8217;ACOLLIDA DEL PROFESSORAT<\/a><\/p>\n<p><iframe class=\"wp-embedded-content\" sandbox=\"allow-scripts\" security=\"restricted\" title=\"LISTA PIZARRA\" frameborder='0' width='1200' height='675' src='https:\/\/view.genially.com\/62bb3eb52b55a300185151d9#?secret=nzuwu9tCs2' data-secret='nzuwu9tCs2' scrolling='yes'><\/iframe><\/p>\n<p>&nbsp;<\/p>\n","protected":false},"excerpt":{"rendered":"<p>La posta en marxa de la nostra estrat\u00e8gia digital, fa necessari arribar a acords envers l&#8217;acolliment digital que hem de dur a terme amb fam\u00edlies, alumnat i professorat. Per aquesta ra\u00f3 estem treballant en l&#8217;elaboraci\u00f3 dels protocols corresponents.<br \/>\n<a href=\"https:\/\/view.genial.ly\/62bb3eb52b55a300185151d9\/interactive-content-lista-pizarra\" target=\"_blank\" rel=\"noopener\">PLA D&#8217;ACOLLIDA DE LES FAM\u00cdLIES<\/a><br \/>\n<a&hellip;  <a href=\"https:\/\/agora.xtec.cat\/ceip-santjordi-lleida\/estrategia-digital-de-centre\/cultura-digital\/pla-dacollida-digital\/\" title=\"Read Pla d&#8217;acollida digital\">Llegeix m\u00e9s\u00bb<\/a><\/p>\n","protected":false},"author":5,"featured_media":0,"parent":30443,"menu_order":0,"comment_status":"closed","ping_status":"closed","template":"","meta":{"_bbp_topic_count":0,"_bbp_reply_count":0,"_bbp_total_topic_count":0,"_bbp_total_reply_count":0,"_bbp_voice_count":0,"_bbp_anonymous_reply_count":0,"_bbp_topic_count_hidden":0,"_bbp_reply_count_hidden":0,"_bbp_forum_subforum_count":0,"footnotes":""},"class_list":["post-30466","page","type-page","status-publish","hentry"],"post_mailing_queue_ids":[],"_links":{"self":[{"href":"https:\/\/agora.xtec.cat\/ceip-santjordi-lleida\/wp-json\/wp\/v2\/pages\/30466","targetHints":{"allow":["GET"]}}],"collection":[{"href":"https:\/\/agora.xtec.cat\/ceip-santjordi-lleida\/wp-json\/wp\/v2\/pages"}],"about":[{"href":"https:\/\/agora.xtec.cat\/ceip-santjordi-lleida\/wp-json\/wp\/v2\/types\/page"}],"author":[{"embeddable":true,"href":"https:\/\/agora.xtec.cat\/ceip-santjordi-lleida\/wp-json\/wp\/v2\/users\/5"}],"replies":[{"embeddable":true,"href":"https:\/\/agora.xtec.cat\/ceip-santjordi-lleida\/wp-json\/wp\/v2\/comments?post=30466"}],"version-history":[{"count":5,"href":"https:\/\/agora.xtec.cat\/ceip-santjordi-lleida\/wp-json\/wp\/v2\/pages\/30466\/revisions"}],"predecessor-version":[{"id":31876,"href":"https:\/\/agora.xtec.cat\/ceip-santjordi-lleida\/wp-json\/wp\/v2\/pages\/30466\/revisions\/31876"}],"up":[{"embeddable":true,"href":"https:\/\/agora.xtec.cat\/ceip-santjordi-lleida\/wp-json\/wp\/v2\/pages\/30443"}],"wp:attachment":[{"href":"https:\/\/agora.xtec.cat\/ceip-santjordi-lleida\/wp-json\/wp\/v2\/media?parent=30466"}],"curies":[{"name":"wp","href":"https:\/\/api.w.org\/{rel}","templated":true}]}}