{"id":30462,"date":"2022-05-12T14:06:00","date_gmt":"2022-05-12T12:06:00","guid":{"rendered":"https:\/\/agora.xtec.cat\/ceip-santjordi-lleida\/?page_id=30462"},"modified":"2025-02-20T13:48:01","modified_gmt":"2025-02-20T12:48:01","slug":"documentacio-estrategica","status":"publish","type":"page","link":"https:\/\/agora.xtec.cat\/ceip-santjordi-lleida\/estrategia-digital-de-centre\/cultura-digital\/documentacio-estrategica\/","title":{"rendered":"Documentaci\u00f3 estrat\u00e8gica"},"content":{"rendered":"<p>La documentaci\u00f3 del nostre centre recull, en diferents apartats, la visi\u00f3 i les objectius que compartim en relaci\u00f3 a la nostra estrat\u00e8gia digital de centre. Estem treballant en l&#8217;actualitzaci\u00f3 dels documents que la inclouen:<\/p>\n<h2><span style=\"color: #3366ff;\">PEC<\/span><\/h2>\n<p><strong>A QU\u00c8 DONEM VALOR COM A ESCOLA?<\/strong><br \/>\nCompet\u00e8ncies per a la vida<br \/>\nProcurem desenvolupar en els infants les compet\u00e8ncies per a la vida, que els facilitin les eines per viure en un m\u00f3n globalitzat i complex i adaptar-se i interactuar en un m\u00f3n canviant. Entenem l\u2019educaci\u00f3 basada en aquests quatre pilars:<br \/>\n&#8211; <span style=\"text-decoration: underline;\">Aprendre a con\u00e8ixer:<\/span> desenvolupar les eines cognitives necess\u00e0ries per comprendre el m\u00f3n i les seves complexitats i per proporcionar una base adequada per a l\u2019aprenentatge futur.<br \/>\n&#8211; <span style=\"text-decoration: underline;\">Aprendre a fer:<\/span> desenvolupar les habilitats que els permetin participar en la societat de forma efectiva. Aix\u00f2 suposa tamb\u00e9 saber afrontar situacions complexes i treballar en equip.<br \/>\n<span style=\"text-decoration: underline;\">&#8211; Aprendre a conviure:<\/span> desenvolupar les actituds i valors que fonamenten els drets humans, la igualtat de g\u00e8nere, els principis democr\u00e0tics, el respecte i l\u2019entesa intercultural, el desenvolupament sostenible i la pau a tots els nivells de la societat.<br \/>\n&#8211; <span style=\"text-decoration: underline;\">Aprendre a ser:<\/span> desenvolupar la pr\u00f2pia personalitat i ser capa\u00e7 d\u2019actuar amb autonomia, criteri propi i responsabilitat.<\/p>\n<p><strong>L\u2019\u00fas de la tecnologia digital<\/strong><br \/>\nPer als nostres infants la tecnologia digital forma part de la seva vida, \u00e9s necessari acompanyar en el coneixement d\u2019aquesta, des d\u2019una actitud responsable.<br \/>\nA l\u2019escola integrem les tecnologies de la informaci\u00f3 i de la comunicaci\u00f3 de manera significativa i vinculada al que s\u2019est\u00e0 vivint. Pretenem fer-ne un \u00fas funcional i al servei de l\u2019aprenentatge.<\/p>\n<h2>PROJECTE DE DIRECCI\u00d3<\/h2>\n<p>Es fa una diagnosi actualitzada de l&#8217;escola i en punt 2.2.2.2 del projecte de centre ens diu que Sant Jordi \u00e9s una escola on <em>la tecnologia digital forma part del seu dia a dia.\u00a0<\/em><\/p>\n<p>Dins de la DAFO es parla d&#8217;un claustre amb poca cultura digital per\u00f2 amb voluntat d&#8217;aprendre i avan\u00e7ar en l&#8217;aprenentatge de la compet\u00e8ncia digital. Tamb\u00e9 fa refer\u00e8ncia a la disponibilitat d&#8217;equipaments digitals com una fortalesa del centre.<\/p>\n<p>Dins el pla estrat\u00e8gic i en el tercer objectiu &#8220;establir criteris organitzatius per millorar la funcionalitat de l&#8217;escola&#8221;, hi consta &#8221; Aplicar i utilitzar les eines de cultura digital&#8221;. Es deplega en les seg\u00fcents actuacions:<\/p>\n<p>-Utilitzaci\u00f3 de l&#8217;entorn G-Suite a l&#8217;educaci\u00f3 prim\u00e0ria.<\/p>\n<p>-\u00das funcional de tablets, ordinadors i altres dispositius.<\/p>\n<p>-\u00das de l&#8217;espai web per fer publicacions diverses.<\/p>\n<p>-\u00das de les unitats compartides al drive per tal de treballar en xarxa.<\/p>\n<p>-Acompanyament al claustre en l&#8217;\u00fas de les eines de les eines digitals per part de la CCD.<\/p>\n<p>-Ampliaci\u00f3 i manteniment de l&#8217;equipament digital.<\/p>\n<h2>PLA ANUAL DE CENTRE<\/h2>\n<p><strong>1- Mantenir els resultats educatius<\/strong><\/p>\n<p>1.1 Analitzar i reflexionar sobre aspectes metodol\u00f2gics i organitzatius de la nostra escola per anar avan\u00e7ant i ajudar a fer m\u00e9s competents als infants.<\/p>\n<p>-Consolidaci\u00f3 de l&#8217;\u00fas de l&#8217;entorn G-Suite com a instrument d&#8217;ensenyament-aprenentatge a l&#8217;etapa de prim\u00e0ria.<\/p>\n<p>1.3 Promoure la formaci\u00f3 en el centre com a element de millora col.lectiva<\/p>\n<p>-Formaci\u00f3 Pla de Digitalitzaci\u00f3 dels Centres<\/p>\n<p><strong>3-Establir criteris organitzatis per millorar la funcionalitat del centre<\/strong><\/p>\n<p>3.1 Potenciar el lideratge distribu\u00eft<\/p>\n<p>-Reunions setmanals de comissions de claustre<\/p>\n<p>3.3 \u00das de les eines de cultura digital<\/p>\n<p>-Consolidaci\u00f3 de l&#8217;\u00fas de la plataforma G-Suite per part de l&#8217;equip docent i de la comunitat educativa.<\/p>\n<p>-Acompanyament al claustre en l&#8217;\u00fas d&#8217;eines digitals per part de la CCD<\/p>\n<p>&nbsp;<\/p>\n<p>&nbsp;<\/p>\n","protected":false},"excerpt":{"rendered":"<p>La documentaci\u00f3 del nostre centre recull, en diferents apartats, la visi\u00f3 i les objectius que compartim en relaci\u00f3 a la nostra estrat\u00e8gia digital de centre. Estem treballant en l&#8217;actualitzaci\u00f3 dels documents que la inclouen:<br \/>\nPEC<br \/>\nA QU\u00c8 DONEM VALOR COM A ESCOLA?<br \/>\nCompet\u00e8ncies per a la vida<br \/>\nProcurem desenvolupar&hellip;  <a href=\"https:\/\/agora.xtec.cat\/ceip-santjordi-lleida\/estrategia-digital-de-centre\/cultura-digital\/documentacio-estrategica\/\" title=\"Read Documentaci\u00f3 estrat\u00e8gica\">Llegeix m\u00e9s\u00bb<\/a><\/p>\n","protected":false},"author":5,"featured_media":0,"parent":30443,"menu_order":0,"comment_status":"closed","ping_status":"closed","template":"","meta":{"_bbp_topic_count":0,"_bbp_reply_count":0,"_bbp_total_topic_count":0,"_bbp_total_reply_count":0,"_bbp_voice_count":0,"_bbp_anonymous_reply_count":0,"_bbp_topic_count_hidden":0,"_bbp_reply_count_hidden":0,"_bbp_forum_subforum_count":0,"footnotes":""},"class_list":["post-30462","page","type-page","status-publish","hentry"],"post_mailing_queue_ids":[],"_links":{"self":[{"href":"https:\/\/agora.xtec.cat\/ceip-santjordi-lleida\/wp-json\/wp\/v2\/pages\/30462","targetHints":{"allow":["GET"]}}],"collection":[{"href":"https:\/\/agora.xtec.cat\/ceip-santjordi-lleida\/wp-json\/wp\/v2\/pages"}],"about":[{"href":"https:\/\/agora.xtec.cat\/ceip-santjordi-lleida\/wp-json\/wp\/v2\/types\/page"}],"author":[{"embeddable":true,"href":"https:\/\/agora.xtec.cat\/ceip-santjordi-lleida\/wp-json\/wp\/v2\/users\/5"}],"replies":[{"embeddable":true,"href":"https:\/\/agora.xtec.cat\/ceip-santjordi-lleida\/wp-json\/wp\/v2\/comments?post=30462"}],"version-history":[{"count":5,"href":"https:\/\/agora.xtec.cat\/ceip-santjordi-lleida\/wp-json\/wp\/v2\/pages\/30462\/revisions"}],"predecessor-version":[{"id":32653,"href":"https:\/\/agora.xtec.cat\/ceip-santjordi-lleida\/wp-json\/wp\/v2\/pages\/30462\/revisions\/32653"}],"up":[{"embeddable":true,"href":"https:\/\/agora.xtec.cat\/ceip-santjordi-lleida\/wp-json\/wp\/v2\/pages\/30443"}],"wp:attachment":[{"href":"https:\/\/agora.xtec.cat\/ceip-santjordi-lleida\/wp-json\/wp\/v2\/media?parent=30462"}],"curies":[{"name":"wp","href":"https:\/\/api.w.org\/{rel}","templated":true}]}}