{"id":30455,"date":"2022-05-12T14:04:08","date_gmt":"2022-05-12T12:04:08","guid":{"rendered":"https:\/\/agora.xtec.cat\/ceip-santjordi-lleida\/?page_id=30455"},"modified":"2022-06-17T09:36:53","modified_gmt":"2022-06-17T07:36:53","slug":"planificacio-i-seguiment","status":"publish","type":"page","link":"https:\/\/agora.xtec.cat\/ceip-santjordi-lleida\/estrategia-digital-de-centre\/pla-estrategic\/planificacio-i-seguiment\/","title":{"rendered":"Planificaci\u00f3 i seguiment"},"content":{"rendered":"<p>Un cop feta la diagnosi i consensuats els objectius de la nostra estrat\u00e8gia digital de centre, es fa necessari donar-hi resposta amb la concreci\u00f3 de les actuacions que hi durem a terme en el per\u00edode 2022-2025. \u00c9s un proc\u00e9s d&#8217;implementaci\u00f3 que implica a tots els agents de la comunitat educativa, en qu\u00e8 la Comissi\u00f3 digital hi t\u00e9 un paper cabdal quant al lideratge i seguiment d&#8217;aquestes. La finalitat principal \u00e9s que s&#8217;inici\u00ef un proc\u00e9s de transformaci\u00f3 que consolidi els aspectes de millora que ens hem proposat.<\/p>\n<p>Us presentem a continuaci\u00f3 les <a href=\"https:\/\/agora.xtec.cat\/ceip-santjordi-lleida\/wp-content\/uploads\/usu1393\/2022\/06\/Objectius-i-actuacions_Escola-Sant-Jordi_Lleida.pdf\">actuacions amb la temporitzaci\u00f3<\/a> que hem considerat per fer-les abastables (podeu clicar damunt la imatge per accedir al document complet):<\/p>\n<p><a href=\"https:\/\/agora.xtec.cat\/ceip-santjordi-lleida\/wp-content\/uploads\/usu1393\/2022\/06\/Objectius-i-actuacions_Escola-Sant-Jordi_Lleida.pdf\" target=\"_blank\" rel=\"noopener\"><img loading=\"lazy\" decoding=\"async\" class=\"aligncenter wp-image-30599 size-large\" src=\"https:\/\/agora.xtec.cat\/ceip-santjordi-lleida\/wp-content\/uploads\/usu1393\/2022\/06\/Document-final.-BUIDATGE-DIAGNOSI-I-OBJECTIUS_-ESCOLA-SANT-JORDI-9\ufe0f\u20e3Objectiu-1_pages-to-jpg-0001-724x1024.jpg\" alt=\"\" width=\"724\" height=\"1024\" srcset=\"https:\/\/agora.xtec.cat\/ceip-santjordi-lleida\/wp-content\/uploads\/usu1393\/2022\/06\/Document-final.-BUIDATGE-DIAGNOSI-I-OBJECTIUS_-ESCOLA-SANT-JORDI-9\ufe0f\u20e3Objectiu-1_pages-to-jpg-0001-724x1024.jpg 724w, https:\/\/agora.xtec.cat\/ceip-santjordi-lleida\/wp-content\/uploads\/usu1393\/2022\/06\/Document-final.-BUIDATGE-DIAGNOSI-I-OBJECTIUS_-ESCOLA-SANT-JORDI-9\ufe0f\u20e3Objectiu-1_pages-to-jpg-0001-212x300.jpg 212w, https:\/\/agora.xtec.cat\/ceip-santjordi-lleida\/wp-content\/uploads\/usu1393\/2022\/06\/Document-final.-BUIDATGE-DIAGNOSI-I-OBJECTIUS_-ESCOLA-SANT-JORDI-9\ufe0f\u20e3Objectiu-1_pages-to-jpg-0001-768x1087.jpg 768w, https:\/\/agora.xtec.cat\/ceip-santjordi-lleida\/wp-content\/uploads\/usu1393\/2022\/06\/Document-final.-BUIDATGE-DIAGNOSI-I-OBJECTIUS_-ESCOLA-SANT-JORDI-9\ufe0f\u20e3Objectiu-1_pages-to-jpg-0001-1085x1536.jpg 1085w, https:\/\/agora.xtec.cat\/ceip-santjordi-lleida\/wp-content\/uploads\/usu1393\/2022\/06\/Document-final.-BUIDATGE-DIAGNOSI-I-OBJECTIUS_-ESCOLA-SANT-JORDI-9\ufe0f\u20e3Objectiu-1_pages-to-jpg-0001.jpg 1240w\" sizes=\"auto, (max-width: 724px) 100vw, 724px\" \/><\/a><\/p>\n<p>&nbsp;<\/p>\n","protected":false},"excerpt":{"rendered":"<p>Un cop feta la diagnosi i consensuats els objectius de la nostra estrat\u00e8gia digital de centre, es fa necessari donar-hi resposta amb la concreci\u00f3 de les actuacions que hi durem a terme en el per\u00edode 2022-2025. \u00c9s un proc\u00e9s d&#8217;implementaci\u00f3 que implica a tots els&hellip;  <a href=\"https:\/\/agora.xtec.cat\/ceip-santjordi-lleida\/estrategia-digital-de-centre\/pla-estrategic\/planificacio-i-seguiment\/\" title=\"Read Planificaci\u00f3 i seguiment\">Llegeix m\u00e9s\u00bb<\/a><\/p>\n","protected":false},"author":5,"featured_media":0,"parent":30440,"menu_order":0,"comment_status":"closed","ping_status":"closed","template":"","meta":{"_bbp_topic_count":0,"_bbp_reply_count":0,"_bbp_total_topic_count":0,"_bbp_total_reply_count":0,"_bbp_voice_count":0,"_bbp_anonymous_reply_count":0,"_bbp_topic_count_hidden":0,"_bbp_reply_count_hidden":0,"_bbp_forum_subforum_count":0,"footnotes":""},"class_list":["post-30455","page","type-page","status-publish","hentry"],"post_mailing_queue_ids":[],"_links":{"self":[{"href":"https:\/\/agora.xtec.cat\/ceip-santjordi-lleida\/wp-json\/wp\/v2\/pages\/30455","targetHints":{"allow":["GET"]}}],"collection":[{"href":"https:\/\/agora.xtec.cat\/ceip-santjordi-lleida\/wp-json\/wp\/v2\/pages"}],"about":[{"href":"https:\/\/agora.xtec.cat\/ceip-santjordi-lleida\/wp-json\/wp\/v2\/types\/page"}],"author":[{"embeddable":true,"href":"https:\/\/agora.xtec.cat\/ceip-santjordi-lleida\/wp-json\/wp\/v2\/users\/5"}],"replies":[{"embeddable":true,"href":"https:\/\/agora.xtec.cat\/ceip-santjordi-lleida\/wp-json\/wp\/v2\/comments?post=30455"}],"version-history":[{"count":3,"href":"https:\/\/agora.xtec.cat\/ceip-santjordi-lleida\/wp-json\/wp\/v2\/pages\/30455\/revisions"}],"predecessor-version":[{"id":30597,"href":"https:\/\/agora.xtec.cat\/ceip-santjordi-lleida\/wp-json\/wp\/v2\/pages\/30455\/revisions\/30597"}],"up":[{"embeddable":true,"href":"https:\/\/agora.xtec.cat\/ceip-santjordi-lleida\/wp-json\/wp\/v2\/pages\/30440"}],"wp:attachment":[{"href":"https:\/\/agora.xtec.cat\/ceip-santjordi-lleida\/wp-json\/wp\/v2\/media?parent=30455"}],"curies":[{"name":"wp","href":"https:\/\/api.w.org\/{rel}","templated":true}]}}